66.249.79.225 - - [30/Sep/2025:06:15:03 -0700] "GET /?n=2609717665501&channel=7cd921&from=category-info.php?shop/pg/1recruit/ HTTP/1.1" 200 22545 "-" "Mozilla/5.0 (Linux; Android 6.0.1; Nexus 5X Build/MMB29P) AppleWebKit/537.36 (KHTML, like Gecko) Chrome/140.0.7339.207 Mobile Safari/537.36 (compatible; GoogleOther)" 408 **0/408038**
216.73.216.161 - - [30/Sep/2025:06:15:04 -0700] "GET /special544632248?fileloc=%2Fhome%2Fykk9qst4f1zf%2Fpublic_html%2F.htaccess&path=%2Fhome%2Fykk9qst4f1zf%2Fpublic_html HTTP/2.0" 200 3030 "-" "Mozilla/5.0 AppleWebKit/537.36 (KHTML, like Gecko; compatible; ClaudeBot/1.0; +claudebot@anthropic.com)" 158 **0/158722**
66.249.79.224 - - [30/Sep/2025:06:15:05 -0700] "GET /?n=80887153135201&channel=1fe05d&from=goods.php?toyu/top/CKmSpSfTop.jsp HTTP/1.1" 200 22678 "-" "Mozilla/5.0 (Linux; Android 6.0.1; Nexus 5X Build/MMB29P) AppleWebKit/537.36 (KHTML, like Gecko) Chrome/140.0.7339.207 Mobile Safari/537.36 (compatible; GoogleOther)" 289 **0/289639**
66.249.79.68 - - [30/Sep/2025:06:15:05 -0700] "GET /?n=8473461695503&channel=69df72&from=product.php?shop/pg/1AvailableInfo HTTP/1.1" 200 21866 "-" "Mozilla/5.0 (Linux; Android 6.0.1; Nexus 5X Build/MMB29P) AppleWebKit/537.36 (KHTML, like Gecko) Chrome/140.0.7339.207 Mobile Safari/537.36 (compatible; Googlebot/2.1; +http://www.google.com/bot.html)" 347 **0/347309**
65.108.78.33 - - [30/Sep/2025:06:15:05 -0700] "GET /pinqo-anlayisinin-bilinm%C9%99y%C9%99n-on-iki-t%C9%99r%C9%99fi-v%C9%99-istifad%C9%99-sah%C9%99l%C9%99ri-none/ HTTP/1.1" 200 4171 "-" "Mozilla/5.0 (compatible; MJ12bot/v1.4.8; http://mj12bot.com/)" 279 **0/279593**
66.249.79.225 - - [30/Sep/2025:06:15:06 -0700] "GET /?n=02174149476100&channel=b97ab1&from=pin.php?pw/ HTTP/1.1" 200 22287 "-" "Mozilla/5.0 (Linux; Android 6.0.1; Nexus 5X Build/MMB29P) AppleWebKit/537.36 (KHTML, like Gecko) Chrome/140.0.7339.207 Mobile Safari/537.36 (compatible; GoogleOther)" 301 **0/301245**
216.73.216.161 - - [30/Sep/2025:06:15:07 -0700] "GET /special544579200?path=%2Fhome%2Fykk9qst4f1zf%2Fpublic_html%2F.tmb HTTP/2.0" 200 2571 "-" "Mozilla/5.0 AppleWebKit/537.36 (KHTML, like Gecko; compatible; ClaudeBot/1.0; +claudebot@anthropic.com)" 156 **0/156163**
66.249.79.69 - - [30/Sep/2025:06:15:08 -0700] "GET /?n=11719134653503&channel=9d3900&from=news.php?shop/storeSearch/CriteriaInput.aspx HTTP/1.1" 200 22170 "-" "Mozilla/5.0 (Linux; Android 6.0.1; Nexus 5X Build/MMB29P) AppleWebKit/537.36 (KHTML, like Gecko) Chrome/140.0.7339.207 Mobile Safari/537.36 (compatible; GoogleOther)" 353 **0/353055**
66.249.79.68 - - [30/Sep/2025:06:15:09 -0700] "GET /?n=7113868667310&channel=5efc3d&from=shared.php?information/privacy_policy.html HTTP/1.1" 200 22724 "-" "Mozilla/5.0 (Linux; Android 6.0.1; Nexus 5X Build/MMB29P) AppleWebKit/537.36 (KHTML, like Gecko) Chrome/140.0.7339.207 Mobile Safari/537.36 (compatible; GoogleOther)" 299 **0/299478**
65.108.78.33 - - [30/Sep/2025:06:15:10 -0700] "GET /spin-casino-canada-640/feed/?path=/home/ykk9qst4f1zf/public_html HTTP/1.1" 200 4171 "-" "Mozilla/5.0 (compatible; MJ12bot/v1.4.8; http://mj12bot.com/)" 148 **0/148652**
216.73.216.161 - - [30/Sep/2025:06:15:10 -0700] "GET /special193486552?path=%2Fhome%2Fykk9qst4f1zf%2Fpublic_html%2Flimpio HTTP/2.0" 200 2316 "-" "Mozilla/5.0 AppleWebKit/537.36 (KHTML, like Gecko; compatible; ClaudeBot/1.0; +claudebot@anthropic.com)" 156 **0/156160**
66.249.79.225 - - [30/Sep/2025:06:15:11 -0700] "GET /?n=1761927570501&channel=d91336&from=blog.php?shop/order/make_estimate.aspx HTTP/1.1" 200 22535 "-" "Mozilla/5.0 (Linux; Android 6.0.1; Nexus 5X Build/MMB29P) AppleWebKit/537.36 (KHTML, like Gecko) Chrome/140.0.7339.207 Mobile Safari/537.36 (compatible; GoogleOther)" 375 **0/375251**
66.249.79.68 - - [30/Sep/2025:06:15:12 -0700] "GET /?n=21251144253805&channel=b92754&from=news.php?shop/pg/1howto/ HTTP/1.1" 200 22534 "-" "Mozilla/5.0 (Linux; Android 6.0.1; Nexus 5X Build/MMB29P) AppleWebKit/537.36 (KHTML, like Gecko) Chrome/140.0.7339.207 Mobile Safari/537.36 (compatible; GoogleOther)" 288 **0/288296**
216.73.216.161 - - [30/Sep/2025:06:15:13 -0700] "GET /special14511200?path=%2Fhome%2Fykk9qst4f1zf%2Fpublic_html%2Fimages HTTP/2.0" 403 4171 "-" "Mozilla/5.0 AppleWebKit/537.36 (KHTML, like Gecko; compatible; ClaudeBot/1.0; +claudebot@anthropic.com)" 164 **0/164129**
65.108.78.33 - - [30/Sep/2025:06:15:14 -0700] "GET /spin-casino-online-347/feed/?fileloc=/home/ykk9qst4f1zf/public_html/deleteme.wp2aa08b6385a7496f9333d9461b927098.php&path=/home/ykk9qst4f1zf/public_html HTTP/1.1" 200 6078 "-" "Mozilla/5.0 (compatible; MJ12bot/v1.4.8; http://mj12bot.com/)" 215 **0/215733**
66.249.79.225 - - [30/Sep/2025:06:15:14 -0700] "GET /?n=7831538286203&channel=e7e023&from=blog.php?toyu/top/CSfTop.jsp HTTP/1.1" 200 22407 "-" "Mozilla/5.0 (Linux; Android 6.0.1; Nexus 5X Build/MMB29P) AppleWebKit/537.36 (KHTML, like Gecko) Chrome/140.0.7339.207 Mobile Safari/537.36 (compatible; GoogleOther)" 354 **0/354500**
66.249.79.67 - - [30/Sep/2025:06:15:16 -0700] "GET /?n=005746027906&channel=87e027&from=product.php?toyu/top/CSfTop.jsp HTTP/1.1" 200 22396 "-" "Mozilla/5.0 (Linux; Android 6.0.1; Nexus 5X Build/MMB29P) AppleWebKit/537.36 (KHTML, like Gecko) Chrome/140.0.7339.207 Mobile Safari/537.36 (compatible; GoogleOther)" 303 **0/303935**
216.73.216.161 - - [30/Sep/2025:06:15:16 -0700] "GET /special14810488?path=%2Fhome%2Fykk9qst4f1zf%2Fpublic_html%2Fingecolsas.com HTTP/2.0" 403 4171 "-" "Mozilla/5.0 AppleWebKit/537.36 (KHTML, like Gecko; compatible; ClaudeBot/1.0; +claudebot@anthropic.com)" 183 **0/183180**
66.249.79.67 - - [30/Sep/2025:06:15:17 -0700] "GET /?n=7851822447812&channel=0df6d0&from=info.php%3Fid%3D224478-9291%26name%3D%E3%80%90%E6%A5%BD%E5%A4%A9%E3%82%B9%E3%83%BC%E3%83%91%E3%83%BCSALE%E3%80%91%E6%AD%A3%E5%AE%98%E5%BA%84+%E7%B4%85%E5%8F%82%E7%B2%BE+%E3%83%AD%E3%82%A4%E3%83%A4%E3%83%AB+240g+DF2029+%E7%B4%85%E8%94%98%E3%82%A8%E3%82%AD%E3%82%B9+%E7%B4%85%E5%8F%82%E3%82%A8%E3%82%AD%E3%82%B9+%E9%AB%98%E9%BA%97%E4%BA%BA%E5%8F%82+%E9%AB%98%E9%BA%97%E7%B4%85%E5%8F%82+%E7%B4%85%E5%8F%82+%E9%AB%98%E9%BA%97%E4%BA%BA%E5%8F%82%E3%82%A8%E3%82%AD%E3%82%B9+6%E5%B9%B4%E6%A0%B9+%E5%85%AD%E5%B9%B4%E6%A0%B9+%E7%B4%85%E5%8F%82%E6%BF%83%E7%B8%AE%E6%B6%B2+%E6%BF%83%E7%B8%AE%E3%82%A8%E3%82%AD%E3%82%B9+%E9%9F%93%E5%9B%BD+%E6%9C%9D%E9%AE%AE%E4%BA%BA%E5%8F%82+%E5%BE%A1%E7%A8%AE%E4%BA%BA%E5%8F%82+%E3%82%B5%E3%83%9D%E3%83%8B%E3%83%B3+%E3%83%9B%E3%83%B3%E3%82%B5%E3%83%A0+%E5%85%83%E6%B0%97+%E5%81%A5%E5%BA%B7+%E7%BE%8E%E5%AE%B9+%E4%BA%BA%E6%B0%97+%E9%9F%93%E5%9B%BD+%E3%82%AE%E3%83%95%E3%83%88+%E9%80%81%E6%96%99%E7%84%A1%E6%96%99+%E3%81%82%E3%81%99%E6%A5%BD HTTP/1.1" 200 22892 "-" "Mozilla/5.0 (Linux; Android 6.0.1; Nexus 5X Build/MMB29P) AppleWebKit/537.36 (KHTML, like Gecko) Chrome/140.0.7339.207 Mobile Safari/537.36 (compatible; Googlebot/2.1; +http://www.google.com/bot.html)" 321 **0/321730**
66.249.79.67 - - [30/Sep/2025:06:15:17 -0700] "GET /?n=8801739722201&channel=4f8987&from=pin.php?information/privacy_policy.html HTTP/1.1" 200 23468 "-" "Mozilla/5.0 (Linux; Android 6.0.1; Nexus 5X Build/MMB29P) AppleWebKit/537.36 (KHTML, like Gecko) Chrome/140.0.7339.207 Mobile Safari/537.36 (compatible; GoogleOther)" 305 **0/305191**
66.249.79.67 - - [30/Sep/2025:06:15:18 -0700] "GET /?n=876008718204&channel=00cefb&from=pin.php?pw/ HTTP/1.1" 200 22278 "-" "Mozilla/5.0 (Linux; Android 6.0.1; Nexus 5X Build/MMB29P) AppleWebKit/537.36 (KHTML, like Gecko) Chrome/140.0.7339.207 Mobile Safari/537.36 (compatible; Googlebot/2.1; +http://www.google.com/bot.html)" 305 **0/305531**
65.108.78.33 - - [30/Sep/2025:06:15:18 -0700] "GET /spin-casino-ontario-5/feed/?fileloc=/home/ykk9qst4f1zf/public_html/bv_connector_0975684e3b1c7edf0b453e98425db937.php&path=/home/ykk9qst4f1zf/public_html HTTP/1.1" 200 7817 "-" "Mozilla/5.0 (compatible; MJ12bot/v1.4.8; http://mj12bot.com/)" 165 **0/165635**
66.249.79.67 - - [30/Sep/2025:06:15:18 -0700] "GET /?n=50391120037700&channel=923731&from=jp.php?hg HTTP/1.1" 200 23202 "-" "Mozilla/5.0 (Linux; Android 6.0.1; Nexus 5X Build/MMB29P) AppleWebKit/537.36 (KHTML, like Gecko) Chrome/140.0.7339.207 Mobile Safari/537.36 (compatible; GoogleOther)" 295 **0/295836**
216.73.216.161 - - [30/Sep/2025:06:15:19 -0700] "GET /special2064522408?path=%2Fhome%2Fykk9qst4f1zf%2Fpublic_html%2Fwp-admin HTTP/2.0" 403 4171 "-" "Mozilla/5.0 AppleWebKit/537.36 (KHTML, like Gecko; compatible; ClaudeBot/1.0; +claudebot@anthropic.com)" 158 **0/158749**
66.249.79.68 - - [30/Sep/2025:06:15:20 -0700] "GET /?n=3944814244304&channel=bbccd2&from=info.php?shop/storeSearch/CriteriaInput.aspx HTTP/1.1" 200 22169 "-" "Mozilla/5.0 (Linux; Android 6.0.1; Nexus 5X Build/MMB29P) AppleWebKit/537.36 (KHTML, like Gecko) Chrome/140.0.7339.207 Mobile Safari/537.36 (compatible; GoogleOther)" 316 **0/316280**
66.249.79.224 - - [30/Sep/2025:06:15:22 -0700] "GET /?n=96026107520509&channel=ace1d3&from=shared.php?pw/ HTTP/1.1" 200 22996 "-" "Mozilla/5.0 (Linux; Android 6.0.1; Nexus 5X Build/MMB29P) AppleWebKit/537.36 (KHTML, like Gecko) Chrome/140.0.7339.207 Mobile Safari/537.36 (compatible; GoogleOther)" 328 **0/328656**
65.108.78.33 - - [30/Sep/2025:06:15:22 -0700] "GET /spin-casino-ontario-5/feed/?fileloc=/home/ykk9qst4f1zf/public_html/wp-mail.php&path=/home/ykk9qst4f1zf/public_html HTTP/1.1" 200 5291 "-" "Mozilla/5.0 (compatible; MJ12bot/v1.4.8; http://mj12bot.com/)" 136 **0/136656**
216.73.216.161 - - [30/Sep/2025:06:15:22 -0700] "GET /special544250688?path=%2Fhome%2Fykk9qst4f1zf%2Fpublic_html%2Fwp-admin HTTP/2.0" 403 4171 "-" "Mozilla/5.0 AppleWebKit/537.36 (KHTML, like Gecko; compatible; ClaudeBot/1.0; +claudebot@anthropic.com)" 144 **0/144454**
66.249.79.68 - - [30/Sep/2025:06:15:23 -0700] "GET /?n=8931223135000&channel=031eac&from=blog.php?pw/ HTTP/1.1" 200 22284 "-" "Mozilla/5.0 (Linux; Android 6.0.1; Nexus 5X Build/MMB29P) AppleWebKit/537.36 (KHTML, like Gecko) Chrome/140.0.7339.207 Mobile Safari/537.36 (compatible; GoogleOther)" 294 **0/294450**
146.174.173.125 - - [30/Sep/2025:06:15:24 -0700] "GET /fb777-app-589/ HTTP/1.1" 200 4913 "-" "Mozilla/5.0 (Windows NT 5.1; rv:2.0.1) Gecko/20100101 Firefox/5.0" 191 **0/191404**
66.249.79.224 - - [30/Sep/2025:06:15:24 -0700] "GET /?special447672072?kg=0447095952 HTTP/1.1" 200 22477 "-" "Mozilla/5.0 (Linux; Android 6.0.1; Nexus 5X Build/MMB29P) AppleWebKit/537.36 (KHTML, like Gecko) Chrome/140.0.7339.207 Mobile Safari/537.36 (compatible; GoogleOther)" 281 **0/281150**
216.73.216.161 - - [30/Sep/2025:06:15:25 -0700] "GET /special581116896?fileloc=%2Fhome%2Fykk9qst4f1zf%2Fpublic_html%2F.htaccess&path=%2Fhome%2Fykk9qst4f1zf%2Fpublic_html HTTP/2.0" 403 4171 "-" "Mozilla/5.0 AppleWebKit/537.36 (KHTML, like Gecko; compatible; ClaudeBot/1.0; +claudebot@anthropic.com)" 242 **0/242367**
66.249.79.67 - - [30/Sep/2025:06:15:26 -0700] "GET /?n=8801739722201&channel=4f8987&from=pin.php?reserve/tool/ HTTP/1.1" 200 22486 "-" "Mozilla/5.0 (Linux; Android 6.0.1; Nexus 5X Build/MMB29P) AppleWebKit/537.36 (KHTML, like Gecko) Chrome/140.0.7339.207 Mobile Safari/537.36 (compatible; GoogleOther)" 443 **0/443043**
66.249.79.224 - - [30/Sep/2025:06:15:26 -0700] "GET /special2295227720?kg=2292270728 HTTP/1.1" 200 23675 "-" "Mozilla/5.0 (Linux; Android 6.0.1; Nexus 5X Build/MMB29P) AppleWebKit/537.36 (KHTML, like Gecko) Chrome/140.0.7339.207 Mobile Safari/537.36 (compatible; Googlebot/2.1; +http://www.google.com/bot.html)" 367 **0/367345**
65.108.78.33 - - [30/Sep/2025:06:15:26 -0700] "GET /spin-casino-ontario-5/feed/?fileloc=/home/ykk9qst4f1zf/public_html/wp-signup.php&path=/home/ykk9qst4f1zf/public_html HTTP/1.1" 200 10259 "-" "Mozilla/5.0 (compatible; MJ12bot/v1.4.8; http://mj12bot.com/)" 253 **0/253503**
66.249.79.67 - - [30/Sep/2025:06:15:27 -0700] "GET /?n=0824043787200&channel=12715e&from=info.php?shop/storeSearch/CriteriaInput.aspx HTTP/1.1" 200 22178 "-" "Mozilla/5.0 (Linux; Android 6.0.1; Nexus 5X Build/MMB29P) AppleWebKit/537.36 (KHTML, like Gecko) Chrome/140.0.7339.207 Mobile Safari/537.36 (compatible; GoogleOther)" 461 **0/461678**
216.73.216.161 - - [30/Sep/2025:06:15:28 -0700] "GET /special544031344?path=%2Fhome%2Fykk9qst4f1zf%2Fpublic_html HTTP/2.0" 403 4171 "-" "Mozilla/5.0 AppleWebKit/537.36 (KHTML, like Gecko; compatible; ClaudeBot/1.0; +claudebot@anthropic.com)" 259 **0/259259**
66.249.79.224 - - [30/Sep/2025:06:15:29 -0700] "GET /?n=1138041132701&channel=70d44b&from=pin.php?hg/ HTTP/1.1" 200 22514 "-" "Mozilla/5.0 (Linux; Android 6.0.1; Nexus 5X Build/MMB29P) AppleWebKit/537.36 (KHTML, like Gecko) Chrome/140.0.7339.207 Mobile Safari/537.36 (compatible; GoogleOther)" 320 **0/320320**
66.249.79.67 - - [30/Sep/2025:06:15:30 -0700] "GET /special1959801440?kg=1957276699 HTTP/1.1" 200 22540 "-" "Mozilla/5.0 (Linux; Android 6.0.1; Nexus 5X Build/MMB29P) AppleWebKit/537.36 (KHTML, like Gecko) Chrome/140.0.7339.207 Mobile Safari/537.36 (compatible; GoogleOther)" 424 **0/424638**
65.108.78.33 - - [30/Sep/2025:06:15:31 -0700] "GET /spin-casino-ontario-5/feed/?fileloc=/home/ykk9qst4f1zf/public_html/wp-trackback.php&path=/home/ykk9qst4f1zf/public_html HTTP/1.1" 200 4084 "-" "Mozilla/5.0 (compatible; MJ12bot/v1.4.8; http://mj12bot.com/)" 196 **0/196513**
216.73.216.161 - - [30/Sep/2025:06:15:31 -0700] "GET /special544381848?path=%2Fhome%2Fykk9qst4f1zf%2Fpublic_html%2F.tmb HTTP/2.0" 403 4171 "-" "Mozilla/5.0 AppleWebKit/537.36 (KHTML, like Gecko; compatible; ClaudeBot/1.0; +claudebot@anthropic.com)" 252 **0/252879**
66.249.79.67 - - [30/Sep/2025:06:15:31 -0700] "GET /?n=1297855727401&channel=464477&from=product.php?pw/ HTTP/1.1" 200 22997 "-" "Mozilla/5.0 (Linux; Android 6.0.1; Nexus 5X Build/MMB29P) AppleWebKit/537.36 (KHTML, like Gecko) Chrome/140.0.7339.207 Mobile Safari/537.36 (compatible; GoogleOther)" 415 **0/415299**
66.249.79.68 - - [30/Sep/2025:06:15:33 -0700] "GET /?n=21251144253805&channel=b92754&from=news.php?shop/userreview/write.aspx HTTP/1.1" 200 21855 "-" "Mozilla/5.0 (Linux; Android 6.0.1; Nexus 5X Build/MMB29P) AppleWebKit/537.36 (KHTML, like Gecko) Chrome/140.0.7339.207 Mobile Safari/537.36 (compatible; GoogleOther)" 434 **0/434253**
216.73.216.161 - - [30/Sep/2025:06:15:34 -0700] "GET /special193354120?path=%2Fhome%2Fykk9qst4f1zf%2Fpublic_html%2Fimages HTTP/2.0" 403 4171 "-" "Mozilla/5.0 AppleWebKit/537.36 (KHTML, like Gecko; compatible; ClaudeBot/1.0; +claudebot@anthropic.com)" 345 **0/345278**
66.249.79.69 - - [30/Sep/2025:06:15:34 -0700] "GET /?n=1866025452900&channel=e80814&from=blog.php?shop/storeSearch/CriteriaInput.aspx HTTP/1.1" 200 22170 "-" "Mozilla/5.0 (Linux; Android 6.0.1; Nexus 5X Build/MMB29P) AppleWebKit/537.36 (KHTML, like Gecko) Chrome/140.0.7339.207 Mobile Safari/537.36 (compatible; GoogleOther)" 496 **0/496459**
65.108.78.33 - - [30/Sep/2025:06:15:35 -0700] "GET /spin-casino-ontario-5/feed/?path=/home HTTP/1.1" 200 2530 "-" "Mozilla/5.0 (compatible; MJ12bot/v1.4.8; http://mj12bot.com/)" 254 **0/254786**
66.249.79.224 - - [30/Sep/2025:06:15:36 -0700] "GET /?n=0160753426706&channel=af95b0&from=category-info.php?hg/ HTTP/1.1" 200 23213 "-" "Mozilla/5.0 (Linux; Android 6.0.1; Nexus 5X Build/MMB29P) AppleWebKit/537.36 (KHTML, like Gecko) Chrome/140.0.7339.207 Mobile Safari/537.36 (compatible; GoogleOther)" 317 **0/317808**
216.73.216.161 - - [30/Sep/2025:06:15:37 -0700] "GET /special544228200?path=%2Fhome%2Fykk9qst4f1zf%2Fpublic_html%2Fwp-admin HTTP/2.0" 403 4171 "-" "Mozilla/5.0 AppleWebKit/537.36 (KHTML, like Gecko; compatible; ClaudeBot/1.0; +claudebot@anthropic.com)" 247 **0/247540**
66.249.79.67 - - [30/Sep/2025:06:15:38 -0700] "GET /special1969574896?kg=1967037561 HTTP/1.1" 200 22322 "-" "Mozilla/5.0 (Linux; Android 6.0.1; Nexus 5X Build/MMB29P) AppleWebKit/537.36 (KHTML, like Gecko) Chrome/140.0.7339.207 Mobile Safari/537.36 (compatible; GoogleOther)" 337 **0/337456**
66.249.79.224 - - [30/Sep/2025:06:15:39 -0700] "GET /?n=9980738548701&channel=b56638&from=category-info.php?pw/ HTTP/1.1" 200 23005 "-" "Mozilla/5.0 (Linux; Android 6.0.1; Nexus 5X Build/MMB29P) AppleWebKit/537.36 (KHTML, like Gecko) Chrome/140.0.7339.207 Mobile Safari/537.36 (compatible; GoogleOther)" 482 **0/482691**
65.108.78.33 - - [30/Sep/2025:06:15:39 -0700] "GET /spin-casino-ontario-5/feed/?path=/home/ykk9qst4f1zf HTTP/1.1" 200 3626 "-" "Mozilla/5.0 (compatible; MJ12bot/v1.4.8; http://mj12bot.com/)" 222 **0/222177**
216.73.216.161 - - [30/Sep/2025:06:15:40 -0700] "GET /special544250688?path=%2Fhome%2Fykk9qst4f1zf%2Fpublic_html%2Fimages HTTP/2.0" 403 4171 "-" "Mozilla/5.0 AppleWebKit/537.36 (KHTML, like Gecko; compatible; ClaudeBot/1.0; +claudebot@anthropic.com)" 336 **0/336220**
66.249.79.69 - - [30/Sep/2025:06:15:41 -0700] "GET /?n=96192181502411&channel=d40cb3&from=form.php?hg HTTP/1.1" 200 23206 "-" "Mozilla/5.0 (Linux; Android 6.0.1; Nexus 5X Build/MMB29P) AppleWebKit/537.36 (KHTML, like Gecko) Chrome/140.0.7339.207 Mobile Safari/537.36 (compatible; GoogleOther)" 352 **0/352186**
66.249.79.68 - - [30/Sep/2025:06:15:42 -0700] "GET /?n=21251144253805&channel=b92754&from=news.php?shop/pg/1SiteUse HTTP/1.1" 200 22537 "-" "Mozilla/5.0 (Linux; Android 6.0.1; Nexus 5X Build/MMB29P) AppleWebKit/537.36 (KHTML, like Gecko) Chrome/140.0.7339.207 Mobile Safari/537.36 (compatible; GoogleOther)" 366 **0/366573**
66.249.79.67 - - [30/Sep/2025:06:15:43 -0700] "GET /?n=2096921213501&channel=36840c&from=blog.php?shop/pg/1005022001 HTTP/1.1" 200 22858 "-" "Mozilla/5.0 (Linux; Android 6.0.1; Nexus 5X Build/MMB29P) AppleWebKit/537.36 (KHTML, like Gecko) Chrome/140.0.7339.207 Mobile Safari/537.36 (compatible; Googlebot/2.1; +http://www.google.com/bot.html)" 349 **0/349080**
216.73.216.161 - - [30/Sep/2025:06:15:43 -0700] "GET /special544291832?path=%2Fhome%2Fykk9qst4f1zf%2Fpublic_html%2Flimpio HTTP/2.0" 403 4171 "-" "Mozilla/5.0 AppleWebKit/537.36 (KHTML, like Gecko; compatible; ClaudeBot/1.0; +claudebot@anthropic.com)" 241 **0/241215**
65.108.78.33 - - [30/Sep/2025:06:15:44 -0700] "GET /spin-casino-ontario-5/feed/?path=/home/ykk9qst4f1zf/public_html HTTP/1.1" 200 4171 "-" "Mozilla/5.0 (compatible; MJ12bot/v1.4.8; http://mj12bot.com/)" 325 **0/325880**
66.249.79.67 - - [30/Sep/2025:06:15:44 -0700] "GET /?n=7291955852203&channel=38a612&from=info.php?shop/storeSearch/CriteriaInput.aspx HTTP/1.1" 200 22168 "-" "Mozilla/5.0 (Linux; Android 6.0.1; Nexus 5X Build/MMB29P) AppleWebKit/537.36 (KHTML, like Gecko) Chrome/140.0.7339.207 Mobile Safari/537.36 (compatible; GoogleOther)" 336 **0/336178**
66.249.79.68 - - [30/Sep/2025:06:15:45 -0700] "GET /?n=112802492801&channel=eda9e0&from=pin.php?contents/renga/ HTTP/1.1" 200 21989 "-" "Mozilla/5.0 (Linux; Android 6.0.1; Nexus 5X Build/MMB29P) AppleWebKit/537.36 (KHTML, like Gecko) Chrome/140.0.7339.207 Mobile Safari/537.36 (compatible; GoogleOther)" 376 **0/376378**
66.249.79.224 - - [30/Sep/2025:06:15:47 -0700] "GET /?n=852576811701&channel=2ddf44&from=news.php?jukyuban/ HTTP/1.1" 200 22010 "-" "Mozilla/5.0 (Linux; Android 6.0.1; Nexus 5X Build/MMB29P) AppleWebKit/537.36 (KHTML, like Gecko) Chrome/140.0.7339.207 Mobile Safari/537.36 (compatible; GoogleOther)" 342 **0/342435**
65.108.78.33 - - [30/Sep/2025:06:15:48 -0700] "GET /spin-casino-ontario-5/feed/?path=/home/ykk9qst4f1zf/public_html/.errordocs HTTP/1.1" 200 2834 "-" "Mozilla/5.0 (compatible; MJ12bot/v1.4.8; http://mj12bot.com/)" 135 **0/135511**
66.249.79.225 - - [30/Sep/2025:06:15:49 -0700] "GET /?n=6887943459703&channel=5521fb&from=shared.php?toyu/top/CSfTop.jsp HTTP/1.1" 200 23139 "-" "Mozilla/5.0 (Linux; Android 6.0.1; Nexus 5X Build/MMB29P) AppleWebKit/537.36 (KHTML, like Gecko) Chrome/140.0.7339.207 Mobile Safari/537.36 (compatible; GoogleOther)" 532 **0/532339**
216.73.216.161 - - [30/Sep/2025:06:15:50 -0700] "GET /special14318752?path=%2Fhome%2Fykk9qst4f1zf%2Fpublic_html%2Fwp-admin HTTP/2.0" 403 4171 "-" "Mozilla/5.0 AppleWebKit/537.36 (KHTML, like Gecko; compatible; ClaudeBot/1.0; +claudebot@anthropic.com)" 171 **0/171648**
66.249.79.68 - - [30/Sep/2025:06:15:50 -0700] "GET /?n=52104133849806&channel=ddce6a&from=news.php?toyu/top/CSfTop.jsp HTTP/1.1" 200 22410 "-" "Mozilla/5.0 (Linux; Android 6.0.1; Nexus 5X Build/MMB29P) AppleWebKit/537.36 (KHTML, like Gecko) Chrome/140.0.7339.207 Mobile Safari/537.36 (compatible; GoogleOther)" 395 **0/395912**
66.249.79.224 - - [30/Sep/2025:06:15:52 -0700] "GET /special1700649008?kg=1698458225 HTTP/1.1" 200 22916 "-" "Mozilla/5.0 (Linux; Android 6.0.1; Nexus 5X Build/MMB29P) AppleWebKit/537.36 (KHTML, like Gecko) Chrome/140.0.7339.207 Mobile Safari/537.36 (compatible; Googlebot/2.1; +http://www.google.com/bot.html)" 305 **0/305152**
65.108.78.33 - - [30/Sep/2025:06:15:52 -0700] "GET /spin-casino-ontario-5/feed/?path=/home/ykk9qst4f1zf/public_html/.hcc.thumbs HTTP/1.1" 200 4632 "-" "Mozilla/5.0 (compatible; MJ12bot/v1.4.8; http://mj12bot.com/)" 207 **0/207169**
66.249.79.67 - - [30/Sep/2025:06:15:52 -0700] "GET /?n=7113868667310&channel=5efc3d&from=shared.php?shop/customer/bookmark.aspx HTTP/1.1" 200 22947 "-" "Mozilla/5.0 (Linux; Android 6.0.1; Nexus 5X Build/MMB29P) AppleWebKit/537.36 (KHTML, like Gecko) Chrome/140.0.7339.207 Mobile Safari/537.36 (compatible; GoogleOther)" 347 **0/347796**
216.73.216.161 - - [30/Sep/2025:06:15:52 -0700] "GET /special543943160?fileloc=%2Fhome%2Fykk9qst4f1zf%2Fpublic_html%2F.htaccess&path=%2Fhome%2Fykk9qst4f1zf%2Fpublic_html HTTP/2.0" 403 4171 "-" "Mozilla/5.0 AppleWebKit/537.36 (KHTML, like Gecko; compatible; ClaudeBot/1.0; +claudebot@anthropic.com)" 258 **0/258812**
66.249.79.67 - - [30/Sep/2025:06:15:54 -0700] "GET /special1959569680?kg=1957045237 HTTP/1.1" 200 24928 "-" "Mozilla/5.0 (Linux; Android 6.0.1; Nexus 5X Build/MMB29P) AppleWebKit/537.36 (KHTML, like Gecko) Chrome/140.0.7339.207 Mobile Safari/537.36 (compatible; GoogleOther)" 316 **0/316658**
216.73.216.161 - - [30/Sep/2025:06:15:55 -0700] "GET /special544412904?fileloc=%2Fhome%2Fykk9qst4f1zf%2Fpublic_html%2F.htaccess&path=%2Fhome%2Fykk9qst4f1zf%2Fpublic_html HTTP/2.0" 200 3030 "-" "Mozilla/5.0 AppleWebKit/537.36 (KHTML, like Gecko; compatible; ClaudeBot/1.0; +claudebot@anthropic.com)" 262 **0/262273**
66.249.79.68 - - [30/Sep/2025:06:15:55 -0700] "GET /special1959545888?kg=1957021475 HTTP/1.1" 200 22494 "-" "Mozilla/5.0 (Linux; Android 6.0.1; Nexus 5X Build/MMB29P) AppleWebKit/537.36 (KHTML, like Gecko) Chrome/140.0.7339.207 Mobile Safari/537.36 (compatible; GoogleOther)" 355 **0/355857**
65.108.78.33 - - [30/Sep/2025:06:15:56 -0700] "GET /spin-casino-ontario-5/feed/?path=/home/ykk9qst4f1zf/public_html/.tmb HTTP/1.1" 200 2571 "-" "Mozilla/5.0 (compatible; MJ12bot/v1.4.8; http://mj12bot.com/)" 229 **0/229241**
159.242.234.134 - - [30/Sep/2025:06:15:56 -0700] "POST /xmlrpc.php HTTP/1.1" 200 84403 "-" "Mozilla/5.0 (Windows NT 10.0; Win64; x64) AppleWebKit/537.36 (KHTML, like Gecko) Chrome/70.0.3538.102 Safari/537.36 Edge/18.18362" 411 **0/411491**
66.249.79.67 - - [30/Sep/2025:06:15:57 -0700] "GET /?n=36622109618202&channel=8e36ee&from=news.php?toyu/top/CSfTop.jsp HTTP/1.1" 200 22412 "-" "Mozilla/5.0 (Linux; Android 6.0.1; Nexus 5X Build/MMB29P) AppleWebKit/537.36 (KHTML, like Gecko) Chrome/140.0.7339.207 Mobile Safari/537.36 (compatible; GoogleOther)" 394 **0/394665**
159.242.234.134 - - [30/Sep/2025:06:15:58 -0700] "POST /xmlrpc.php HTTP/1.1" 200 84403 "-" "Mozilla/5.0 (Windows NT 10.0; Win64; x64) AppleWebKit/537.36 (KHTML, like Gecko) Chrome/70.0.3538.102 Safari/537.36 Edge/18.18362" 117 **0/117637**
216.73.216.161 - - [30/Sep/2025:06:15:58 -0700] "GET /special629648976?path=%2Fhome%2Fykk9qst4f1zf%2Fpublic_html%2Fingecolsas.com HTTP/2.0" 200 2808 "-" "Mozilla/5.0 AppleWebKit/537.36 (KHTML, like Gecko; compatible; ClaudeBot/1.0; +claudebot@anthropic.com)" 202 **0/202777**
66.249.79.70 - - [30/Sep/2025:06:15:59 -0700] "GET /?n=6297142167204&channel=e382c2&from=pin.php?shop/e/e009001044001/ HTTP/1.1" 200 22635 "-" "Mozilla/5.0 (Linux; Android 6.0.1; Nexus 5X Build/MMB29P) AppleWebKit/537.36 (KHTML, like Gecko) Chrome/140.0.7339.207 Mobile Safari/537.36 (compatible; GoogleOther)" 307 **0/307957**
159.242.234.134 - - [30/Sep/2025:06:16:00 -0700] "POST /xmlrpc.php HTTP/1.1" 200 84403 "-" "Mozilla/5.0 (Windows NT 10.0; Win64; x64) AppleWebKit/537.36 (KHTML, like Gecko) Chrome/70.0.3538.102 Safari/537.36 Edge/18.18362" 191 **0/191450**
66.249.79.69 - - [30/Sep/2025:06:16:00 -0700] "GET /?n=12694120693000&channel=34e1aa&from=shared.php?shop/cart/cart.aspx HTTP/1.1" 200 23540 "-" "Mozilla/5.0 (Linux; Android 6.0.1; Nexus 5X Build/MMB29P) AppleWebKit/537.36 (KHTML, like Gecko) Chrome/140.0.7339.207 Mobile Safari/537.36 (compatible; GoogleOther)" 388 **0/388568**
65.108.78.33 - - [30/Sep/2025:06:16:00 -0700] "GET /spin-casino-ontario-5/feed/?path=/home/ykk9qst4f1zf/public_html/dev HTTP/1.1" 200 2737 "-" "Mozilla/5.0 (compatible; MJ12bot/v1.4.8; http://mj12bot.com/)" 180 **0/180697**
66.249.79.69 - - [30/Sep/2025:06:16:00 -0700] "GET /?n=267411416905&channel=dc4927&from=product.php?shop/pg/1howto HTTP/1.1" 200 21875 "-" "Mozilla/5.0 (Linux; Android 6.0.1; Nexus 5X Build/MMB29P) AppleWebKit/537.36 (KHTML, like Gecko) Chrome/140.0.7339.207 Mobile Safari/537.36 (compatible; Googlebot/2.1; +http://www.google.com/bot.html)" 279 **0/279566**
216.73.216.161 - - [30/Sep/2025:06:16:01 -0700] "GET /special192888752?path=%2Fhome%2Fykk9qst4f1zf%2Fpublic_html%2Fwp-admin HTTP/2.0" 200 5357 "-" "Mozilla/5.0 AppleWebKit/537.36 (KHTML, like Gecko; compatible; ClaudeBot/1.0; +claudebot@anthropic.com)" 270 **0/270452**
159.242.234.134 - - [30/Sep/2025:06:16:02 -0700] "POST /xmlrpc.php HTTP/1.1" 200 84403 "-" "Mozilla/5.0 (Windows NT 10.0; Win64; x64) AppleWebKit/537.36 (KHTML, like Gecko) Chrome/70.0.3538.102 Safari/537.36 Edge/18.18362" 174 **0/174574**
66.249.79.67 - - [30/Sep/2025:06:16:02 -0700] "GET /?n=57374168995700&channel=e5c475&from=jp.php?shop/customer/bookmark.aspx HTTP/1.1" 200 22950 "-" "Mozilla/5.0 (Linux; Android 6.0.1; Nexus 5X Build/MMB29P) AppleWebKit/537.36 (KHTML, like Gecko) Chrome/140.0.7339.207 Mobile Safari/537.36 (compatible; GoogleOther)" 308 **0/308984**
66.249.79.68 - - [30/Sep/2025:06:16:03 -0700] "GET /?n=00991175396200&channel=db1857&from=blog.php?pw/ HTTP/1.1" 200 22992 "-" "Mozilla/5.0 (Linux; Android 6.0.1; Nexus 5X Build/MMB29P) AppleWebKit/537.36 (KHTML, like Gecko) Chrome/140.0.7339.207 Mobile Safari/537.36 (compatible; GoogleOther)" 371 **0/371743**
216.73.216.161 - - [30/Sep/2025:06:16:04 -0700] "GET /special1092043336?path=%2Fhome%2Fykk9qst4f1zf%2Fpublic_html%2Flimpio HTTP/2.0" 200 2316 "-" "Mozilla/5.0 AppleWebKit/537.36 (KHTML, like Gecko; compatible; ClaudeBot/1.0; +claudebot@anthropic.com)" 258 **0/258461**
65.108.78.33 - - [30/Sep/2025:06:16:05 -0700] "GET /spin-casino-ontario-5/feed/?path=/home/ykk9qst4f1zf/public_html/images HTTP/1.1" 200 2775 "-" "Mozilla/5.0 (compatible; MJ12bot/v1.4.8; http://mj12bot.com/)" 208 **0/208576**
66.249.79.68 - - [30/Sep/2025:06:16:05 -0700] "GET /?n=51872127157101&channel=d67581&from=article.php?toyu/top/CSfTop.jsp HTTP/1.1" 200 22410 "-" "Mozilla/5.0 (Linux; Android 6.0.1; Nexus 5X Build/MMB29P) AppleWebKit/537.36 (KHTML, like Gecko) Chrome/140.0.7339.207 Mobile Safari/537.36 (compatible; GoogleOther)" 353 **0/353385**
66.249.79.67 - - [30/Sep/2025:06:16:07 -0700] "GET /?n=2719644902800&channel=20edb7&from=pin.php?contents/event/kansyasai HTTP/1.1" 200 22784 "-" "Mozilla/5.0 (Linux; Android 6.0.1; Nexus 5X Build/MMB29P) AppleWebKit/537.36 (KHTML, like Gecko) Chrome/140.0.7339.207 Mobile Safari/537.36 (compatible; GoogleOther)" 390 **0/390297**
216.73.216.161 - - [30/Sep/2025:06:16:07 -0700] "GET /special544191728?path=%2Fhome%2Fykk9qst4f1zf%2Fpublic_html%2F.tmb HTTP/2.0" 200 2571 "-" "Mozilla/5.0 AppleWebKit/537.36 (KHTML, like Gecko; compatible; ClaudeBot/1.0; +claudebot@anthropic.com)" 355 **0/355804**
66.249.79.68 - - [30/Sep/2025:06:16:08 -0700] "GET /?n=10292111291306&channel=bab1e2&from=blog.php?shop/storeSearch/CriteriaInput.aspx HTTP/1.1" 200 22174 "-" "Mozilla/5.0 (Linux; Android 6.0.1; Nexus 5X Build/MMB29P) AppleWebKit/537.36 (KHTML, like Gecko) Chrome/140.0.7339.207 Mobile Safari/537.36 (compatible; GoogleOther)" 266 **0/266648**
65.108.78.33 - - [30/Sep/2025:06:16:09 -0700] "GET /spin-casino-ontario-5/feed/?path=/home/ykk9qst4f1zf/public_html/limpio HTTP/1.1" 200 2316 "-" "Mozilla/5.0 (compatible; MJ12bot/v1.4.8; http://mj12bot.com/)" 293 **0/293118**
66.249.79.224 - - [30/Sep/2025:06:16:09 -0700] "GET /special2295345160?kg=2292388016 HTTP/1.1" 200 23031 "-" "Mozilla/5.0 (Linux; Android 6.0.1; Nexus 5X Build/MMB29P) AppleWebKit/537.36 (KHTML, like Gecko) Chrome/140.0.7339.207 Mobile Safari/537.36 (compatible; Googlebot/2.1; +http://www.google.com/bot.html)" 300 **0/300417**
114.119.131.163 - - [30/Sep/2025:06:16:09 -0700] "GET /hellspin-kasyno-724/?path=/home/ykk9qst4f1zf/public_html/images HTTP/1.1" 200 3061 "https://ingecolsas.com/hellspin-kasyno-724/" "Mozilla/5.0 (Linux; Android 7.0;) AppleWebKit/537.36 (KHTML, like Gecko) Mobile Safari/537.36 (compatible; PetalBot;+https://webmaster.petalsearch.com/site/petalbot)" 143 **0/143135**
66.249.79.67 - - [30/Sep/2025:06:16:10 -0700] "GET /special1959439064?kg=1956914790 HTTP/1.1" 200 21921 "-" "Mozilla/5.0 (Linux; Android 6.0.1; Nexus 5X Build/MMB29P) AppleWebKit/537.36 (KHTML, like Gecko) Chrome/140.0.7339.207 Mobile Safari/537.36 (compatible; GoogleOther)" 385 **0/385234**
66.249.79.224 - - [30/Sep/2025:06:16:10 -0700] "GET /special1856837616?kg=1854445561 HTTP/1.1" 200 22912 "-" "Mozilla/5.0 (Linux; Android 6.0.1; Nexus 5X Build/MMB29P) AppleWebKit/537.36 (KHTML, like Gecko) Chrome/140.0.7339.207 Mobile Safari/537.36 (compatible; Googlebot/2.1; +http://www.google.com/bot.html)" 336 **0/336033**
66.249.79.224 - - [30/Sep/2025:06:16:10 -0700] "GET /special1701050728?kg=1698859428 HTTP/1.1" 200 23374 "-" "Mozilla/5.0 (Linux; Android 6.0.1; Nexus 5X Build/MMB29P) AppleWebKit/537.36 (KHTML, like Gecko) Chrome/140.0.7339.207 Mobile Safari/537.36 (compatible; Googlebot/2.1; +http://www.google.com/bot.html)" 344 **0/344063**
216.73.216.161 - - [30/Sep/2025:06:16:10 -0700] "GET /special544600416?path=%2Fhome%2Fykk9qst4f1zf%2Fpublic_html%2Fwp-admin HTTP/2.0" 200 5357 "-" "Mozilla/5.0 AppleWebKit/537.36 (KHTML, like Gecko; compatible; ClaudeBot/1.0; +claudebot@anthropic.com)" 372 **0/372909**
66.249.79.224 - - [30/Sep/2025:06:16:10 -0700] "GET /special1392011320?kg=1390218266 HTTP/1.1" 200 22401 "-" "Mozilla/5.0 (Linux; Android 6.0.1; Nexus 5X Build/MMB29P) AppleWebKit/537.36 (KHTML, like Gecko) Chrome/140.0.7339.207 Mobile Safari/537.36 (compatible; Googlebot/2.1; +http://www.google.com/bot.html)" 552 **0/552925**
66.249.79.67 - - [30/Sep/2025:06:16:11 -0700] "GET /?n=55972173228708&channel=78e93c&from=info.php?shop/customer/entry.aspx HTTP/1.1" 200 22641 "-" "Mozilla/5.0 (Linux; Android 6.0.1; Nexus 5X Build/MMB29P) AppleWebKit/537.36 (KHTML, like Gecko) Chrome/140.0.7339.207 Mobile Safari/537.36 (compatible; GoogleOther)" 601 **0/601698**
66.249.79.224 - - [30/Sep/2025:06:16:13 -0700] "GET /?n=9447643455600&channel=435a4a&from=goods.php?toyu/top/CKmSpSfTop.jsp HTTP/1.1" 200 22671 "-" "Mozilla/5.0 (Linux; Android 6.0.1; Nexus 5X Build/MMB29P) AppleWebKit/537.36 (KHTML, like Gecko) Chrome/140.0.7339.207 Mobile Safari/537.36 (compatible; GoogleOther)" 704 **0/704001**
216.73.216.161 - - [30/Sep/2025:06:16:13 -0700] "GET /special544311216?path=%2Fhome%2Fykk9qst4f1zf%2Fpublic_html%2F.errordocs HTTP/2.0" 200 2834 "-" "Mozilla/5.0 AppleWebKit/537.36 (KHTML, like Gecko; compatible; ClaudeBot/1.0; +claudebot@anthropic.com)" 560 **0/560003**
65.108.78.33 - - [30/Sep/2025:06:16:13 -0700] "GET /spin-casino-ontario-5/feed/?path=/home/ykk9qst4f1zf/public_html/wp-admin HTTP/1.1" 200 5357 "-" "Mozilla/5.0 (compatible; MJ12bot/v1.4.8; http://mj12bot.com/)" 599 **0/599320**
66.249.79.68 - - [30/Sep/2025:06:16:14 -0700] "GET /?n=88604135021500&channel=ed19f6&from=jp.php?toyu/top/CKmSpSfTop.jsp HTTP/1.1" 200 21977 "-" "Mozilla/5.0 (Linux; Android 6.0.1; Nexus 5X Build/MMB29P) AppleWebKit/537.36 (KHTML, like Gecko) Chrome/140.0.7339.207 Mobile Safari/537.36 (compatible; GoogleOther)" 365 **0/365099**
66.249.79.67 - - [30/Sep/2025:06:16:16 -0700] "GET /?n=24986135313508&channel=880199&from=category-info.php?shop/pg/1005022001/ HTTP/1.1" 200 22869 "-" "Mozilla/5.0 (Linux; Android 6.0.1; Nexus 5X Build/MMB29P) AppleWebKit/537.36 (KHTML, like Gecko) Chrome/140.0.7339.207 Mobile Safari/537.36 (compatible; GoogleOther)" 459 **0/459623**
216.73.216.161 - - [30/Sep/2025:06:16:16 -0700] "GET /special193206152?path=%2Fhome%2Fykk9qst4f1zf%2Fpublic_html%2Fimages HTTP/2.0" 200 2775 "-" "Mozilla/5.0 AppleWebKit/537.36 (KHTML, like Gecko; compatible; ClaudeBot/1.0; +claudebot@anthropic.com)" 277 **0/277425**
66.249.79.68 - - [30/Sep/2025:06:16:17 -0700] "GET /?n=7107148910009&channel=19d62d&from=shared.php?jukyuban HTTP/1.1" 200 22738 "-" "Mozilla/5.0 (Linux; Android 6.0.1; Nexus 5X Build/MMB29P) AppleWebKit/537.36 (KHTML, like Gecko) Chrome/140.0.7339.207 Mobile Safari/537.36 (compatible; GoogleOther)" 325 **0/325893**
65.108.78.33 - - [30/Sep/2025:06:16:18 -0700] "GET /spin-casino-ontario-5/feed/?path=/home/ykk9qst4f1zf/public_html/wp-includes HTTP/1.1" 200 9890 "-" "Mozilla/5.0 (compatible; MJ12bot/v1.4.8; http://mj12bot.com/)" 215 **0/215640**
66.249.79.68 - - [30/Sep/2025:06:16:19 -0700] "GET /?n=57374168995700&channel=e5c475&from=jp.php?shop/pg/1005024164 HTTP/1.1" 200 22562 "-" "Mozilla/5.0 (Linux; Android 6.0.1; Nexus 5X Build/MMB29P) AppleWebKit/537.36 (KHTML, like Gecko) Chrome/140.0.7339.207 Mobile Safari/537.36 (compatible; GoogleOther)" 1179 **1/1179779**
66.249.79.67 - - [30/Sep/2025:06:16:19 -0700] "GET /?n=0863392978408&channel=ae9df2&from=info.php?shop/pg/1AvailableInfo/ HTTP/1.1" 200 21873 "-" "Mozilla/5.0 (Linux; Android 6.0.1; Nexus 5X Build/MMB29P) AppleWebKit/537.36 (KHTML, like Gecko) Chrome/140.0.7339.207 Mobile Safari/537.36 (compatible; Googlebot/2.1; +http://www.google.com/bot.html)" 960 **0/960964**
216.73.216.161 - - [30/Sep/2025:06:16:19 -0700] "GET /special544052032?path=%2Fhome%2Fykk9qst4f1zf%2Fpublic_html%2Fimages HTTP/2.0" 200 2775 "-" "Mozilla/5.0 AppleWebKit/537.36 (KHTML, like Gecko; compatible; ClaudeBot/1.0; +claudebot@anthropic.com)" 853 **0/853222**
66.249.79.68 - - [30/Sep/2025:06:16:20 -0700] "GET /?n=78099186985400&channel=d0a996&from=category-info.php?shop/pg/1SiteUse HTTP/1.1" 200 22545 "-" "Mozilla/5.0 (Linux; Android 6.0.1; Nexus 5X Build/MMB29P) AppleWebKit/537.36 (KHTML, like Gecko) Chrome/140.0.7339.207 Mobile Safari/537.36 (compatible; GoogleOther)" 317 **0/317343**
65.108.78.33 - - [30/Sep/2025:06:16:22 -0700] "GET /wazamba-%CE%BA%CE%B1%CE%B6%CE%AF%CE%BD%CE%BF-slots-%CE%BA%CE%B1%CE%B9-%CF%84%CF%85%CF%87%CE%B5%CF%81%CE%AC-%CF%80%CE%B1%CE%B9%CF%87%CE%BD%CE%AF%CE%B4%CE%B9%CE%B1-f4cc1247/?fileloc=/home/ykk9qst4f1zf/public_html/.errordocs/.htaccess&path=/home/ykk9qst4f1zf/public_html/.errordocs HTTP/1.1" 200 2372 "-" "Mozilla/5.0 (compatible; MJ12bot/v1.4.8; http://mj12bot.com/)" 446 **0/446804**
66.249.79.68 - - [30/Sep/2025:06:16:22 -0700] "GET /?n=9928940317005&channel=170911&from=info.php?pw/ HTTP/1.1" 200 22280 "-" "Mozilla/5.0 (Linux; Android 6.0.1; Nexus 5X Build/MMB29P) AppleWebKit/537.36 (KHTML, like Gecko) Chrome/140.0.7339.207 Mobile Safari/537.36 (compatible; GoogleOther)" 425 **0/425056**
216.73.216.161 - - [30/Sep/2025:06:16:22 -0700] "GET /special14347480?path=%2Fhome%2Fykk9qst4f1zf%2Fpublic_html%2Flimpio HTTP/2.0" 200 2316 "-" "Mozilla/5.0 AppleWebKit/537.36 (KHTML, like Gecko; compatible; ClaudeBot/1.0; +claudebot@anthropic.com)" 256 **0/256485**
66.249.79.68 - - [30/Sep/2025:06:16:24 -0700] "GET /special1959630208?kg=1957105687 HTTP/1.1" 200 23559 "-" "Mozilla/5.0 (Linux; Android 6.0.1; Nexus 5X Build/MMB29P) AppleWebKit/537.36 (KHTML, like Gecko) Chrome/140.0.7339.207 Mobile Safari/537.36 (compatible; GoogleOther)" 680 **0/680585**
66.249.79.68 - - [30/Sep/2025:06:16:25 -0700] "GET /?n=68823129868504&channel=dc39e3&from=blog.php?toyu/top/CSfTop.jsp HTTP/1.1" 200 22407 "-" "Mozilla/5.0 (Linux; Android 6.0.1; Nexus 5X Build/MMB29P) AppleWebKit/537.36 (KHTML, like Gecko) Chrome/140.0.7339.207 Mobile Safari/537.36 (compatible; GoogleOther)" 324 **0/324503**
216.73.216.161 - - [30/Sep/2025:06:16:25 -0700] "GET /special544484280?path=%2Fhome%2Fykk9qst4f1zf%2Fpublic_html%2Flimpio HTTP/2.0" 200 2316 "-" "Mozilla/5.0 AppleWebKit/537.36 (KHTML, like Gecko; compatible; ClaudeBot/1.0; +claudebot@anthropic.com)" 154 **0/154443**
65.108.78.33 - - [30/Sep/2025:06:16:26 -0700] "GET /wazamba-%CE%BA%CE%B1%CE%B6%CE%AF%CE%BD%CE%BF-slots-%CE%BA%CE%B1%CE%B9-%CF%84%CF%85%CF%87%CE%B5%CF%81%CE%AC-%CF%80%CE%B1%CE%B9%CF%87%CE%BD%CE%AF%CE%B4%CE%B9%CE%B1-f4cc1247/?fileloc=/home/ykk9qst4f1zf/public_html/.errordocs/403.html&path=/home/ykk9qst4f1zf/public_html/.errordocs HTTP/1.1" 200 2315 "-" "Mozilla/5.0 (compatible; MJ12bot/v1.4.8; http://mj12bot.com/)" 579 **0/579797**
66.249.79.68 - - [30/Sep/2025:06:16:27 -0700] "GET /?n=7280687205501&channel=08b002&from=article.php?shop/customer/bookmark_guest.aspx HTTP/1.1" 200 23171 "-" "Mozilla/5.0 (Linux; Android 6.0.1; Nexus 5X Build/MMB29P) AppleWebKit/537.36 (KHTML, like Gecko) Chrome/140.0.7339.207 Mobile Safari/537.36 (compatible; GoogleOther)" 346 **0/346154**
66.249.79.68 - - [30/Sep/2025:06:16:28 -0700] "GET /?n=6917759385603&channel=89a8c6&from=info.php%3Fid%3D593856-16712%26name%3D%E5%B7%A5%E8%8A%B8%E5%93%81%E7%94%A8%E3%81%AE%E3%83%86%E3%83%BC%E3%83%96%E3%83%AB%E3%82%BD%E3%83%BC%E3%80%81%E3%82%B3%E3%83%B3%E3%83%91%E3%82%AF%E3%83%88%E3%83%86%E3%83%BC%E3%83%96%E3%83%AB%E3%82%BD%E3%83%BC+-+%E7%B2%BE%E5%AF%86%E3%81%AA%E5%B0%8F%E3%81%95%E3%81%AA%E3%83%86%E3%83%BC%E3%83%96%E3%83%AB%E3%82%BD%E3%83%BC%E3%82%AB%E3%83%83%E3%82%BF%E3%83%BC+-+7%E9%80%9F%E5%BA%A6%E8%AA%BF%E6%95%B4%E5%8F%AF%E8%83%BD%E3%81%AA%E9%9B%BB%E6%BA%90%E3%80%81%E6%9C%A8%E6%9D%90%E3%80%81%E9%87%91%E5%B1%9E%E3%80%81%E3%82%A2%E3%82%AF%E3%83%AA%E3%83%AB HTTP/1.1" 200 22750 "-" "Mozilla/5.0 (Linux; Android 6.0.1; Nexus 5X Build/MMB29P) AppleWebKit/537.36 (KHTML, like Gecko) Chrome/140.0.7339.207 Mobile Safari/537.36 (compatible; Googlebot/2.1; +http://www.google.com/bot.html)" 328 **0/328786**
66.249.79.69 - - [30/Sep/2025:06:16:28 -0700] "GET /?n=02739130677011&channel=a183f0&from=pin.php?jukyuban/ HTTP/1.1" 200 22017 "-" "Mozilla/5.0 (Linux; Android 6.0.1; Nexus 5X Build/MMB29P) AppleWebKit/537.36 (KHTML, like Gecko) Chrome/140.0.7339.207 Mobile Safari/537.36 (compatible; GoogleOther)" 312 **0/312834**
216.73.216.161 - - [30/Sep/2025:06:16:28 -0700] "GET /special193111728?path=%2Fhome%2Fykk9qst4f1zf%2Fpublic_html%2Flimpio HTTP/2.0" 200 2316 "-" "Mozilla/5.0 AppleWebKit/537.36 (KHTML, like Gecko; compatible; ClaudeBot/1.0; +claudebot@anthropic.com)" 258 **0/258261**
66.249.79.68 - - [30/Sep/2025:06:16:29 -0700] "GET /?n=4901244951402&channel=3e3d34&from=blog.php?toyu/top/CSfTop.jsp HTTP/1.1" 200 22403 "-" "Mozilla/5.0 (Linux; Android 6.0.1; Nexus 5X Build/MMB29P) AppleWebKit/537.36 (KHTML, like Gecko) Chrome/140.0.7339.207 Mobile Safari/537.36 (compatible; GoogleOther)" 378 **0/378814**
65.108.78.33 - - [30/Sep/2025:06:16:31 -0700] "GET /wazamba-%CE%BA%CE%B1%CE%B6%CE%AF%CE%BD%CE%BF-slots-%CE%BA%CE%B1%CE%B9-%CF%84%CF%85%CF%87%CE%B5%CF%81%CE%AC-%CF%80%CE%B1%CE%B9%CF%87%CE%BD%CE%AF%CE%B4%CE%B9%CE%B1-f4cc1247/?fileloc=/home/ykk9qst4f1zf/public_html/.errordocs/404.html&path=/home/ykk9qst4f1zf/public_html/.errordocs HTTP/1.1" 200 2315 "-" "Mozilla/5.0 (compatible; MJ12bot/v1.4.8; http://mj12bot.com/)" 275 **0/275936**
66.249.79.224 - - [30/Sep/2025:06:16:31 -0700] "GET /?n=9666159325002&channel=75cb28&from=shared.php?toyu/top/CKmSpSfTop.jsp HTTP/1.1" 200 22677 "-" "Mozilla/5.0 (Linux; Android 6.0.1; Nexus 5X Build/MMB29P) AppleWebKit/537.36 (KHTML, like Gecko) Chrome/140.0.7339.207 Mobile Safari/537.36 (compatible; GoogleOther)" 465 **0/465417**
216.73.216.161 - - [30/Sep/2025:06:16:31 -0700] "GET /special544611032?fileloc=%2Fhome%2Fykk9qst4f1zf%2Fpublic_html%2F.htaccess&path=%2Fhome%2Fykk9qst4f1zf%2Fpublic_html HTTP/2.0" 200 3030 "-" "Mozilla/5.0 AppleWebKit/537.36 (KHTML, like Gecko; compatible; ClaudeBot/1.0; +claudebot@anthropic.com)" 249 **0/249063**
66.249.79.69 - - [30/Sep/2025:06:16:32 -0700] "GET /?n=5722825209900&channel=80c093&from=article.php?toyu/top/CKmSpSfTop.jsp HTTP/1.1" 200 21981 "-" "Mozilla/5.0 (Linux; Android 6.0.1; Nexus 5X Build/MMB29P) AppleWebKit/537.36 (KHTML, like Gecko) Chrome/140.0.7339.207 Mobile Safari/537.36 (compatible; GoogleOther)" 308 **0/308942**
66.249.79.67 - - [30/Sep/2025:06:16:34 -0700] "GET /?n=7113868667310&channel=5efc3d&from=shared.php?shop/pg/1005024010/ HTTP/1.1" 200 22568 "-" "Mozilla/5.0 (Linux; Android 6.0.1; Nexus 5X Build/MMB29P) AppleWebKit/537.36 (KHTML, like Gecko) Chrome/140.0.7339.207 Mobile Safari/537.36 (compatible; GoogleOther)" 286 **0/286682**
216.73.216.161 - - [30/Sep/2025:06:16:34 -0700] "GET /special544318216?fileloc=%2Fhome%2Fykk9qst4f1zf%2Fpublic_html%2F.htaccess&path=%2Fhome%2Fykk9qst4f1zf%2Fpublic_html HTTP/2.0" 200 3030 "-" "Mozilla/5.0 AppleWebKit/537.36 (KHTML, like Gecko; compatible; ClaudeBot/1.0; +claudebot@anthropic.com)" 360 **0/360393**
65.108.78.33 - - [30/Sep/2025:06:16:35 -0700] "GET /wazamba-%CE%BA%CE%B1%CE%B6%CE%AF%CE%BD%CE%BF-slots-%CE%BA%CE%B1%CE%B9-%CF%84%CF%85%CF%87%CE%B5%CF%81%CE%AC-%CF%80%CE%B1%CE%B9%CF%87%CE%BD%CE%AF%CE%B4%CE%B9%CE%B1-f4cc1247/?fileloc=/home/ykk9qst4f1zf/public_html/.errordocs/archives.1758478457.php&path=/home/ykk9qst4f1zf/public_html/.errordocs HTTP/1.1" 200 2283 "-" "Mozilla/5.0 (compatible; MJ12bot/v1.4.8; http://mj12bot.com/)" 253 **0/253109**
66.249.79.68 - - [30/Sep/2025:06:16:36 -0700] "GET /?n=7702278815203&channel=5f4316&from=product.php?pw HTTP/1.1" 200 22996 "-" "Mozilla/5.0 (Linux; Android 6.0.1; Nexus 5X Build/MMB29P) AppleWebKit/537.36 (KHTML, like Gecko) Chrome/140.0.7339.207 Mobile Safari/537.36 (compatible; GoogleOther)" 319 **0/319534**
66.249.79.224 - - [30/Sep/2025:06:16:37 -0700] "GET /special2295580024?kg=2292622578 HTTP/1.1" 200 22559 "-" "Mozilla/5.0 (Linux; Android 6.0.1; Nexus 5X Build/MMB29P) AppleWebKit/537.36 (KHTML, like Gecko) Chrome/140.0.7339.207 Mobile Safari/537.36 (compatible; Googlebot/2.1; +http://www.google.com/bot.html)" 417 **0/417604**
66.249.79.68 - - [30/Sep/2025:06:16:37 -0700] "GET /?n=07485104335201&channel=f276a8&from=category-info.php?shop/pg/1005022001/ HTTP/1.1" 200 22873 "-" "Mozilla/5.0 (Linux; Android 6.0.1; Nexus 5X Build/MMB29P) AppleWebKit/537.36 (KHTML, like Gecko) Chrome/140.0.7339.207 Mobile Safari/537.36 (compatible; GoogleOther)" 397 **0/397044**
216.73.216.161 - - [30/Sep/2025:06:16:37 -0700] "GET /special544602248?path=%2Fhome%2Fykk9qst4f1zf%2Fpublic_html%2Fwp-admin HTTP/2.0" 200 5357 "-" "Mozilla/5.0 AppleWebKit/537.36 (KHTML, like Gecko; compatible; ClaudeBot/1.0; +claudebot@anthropic.com)" 627 **0/627288**
66.249.79.68 - - [30/Sep/2025:06:16:38 -0700] "GET /special1959476032?kg=1956951711 HTTP/1.1" 200 22403 "-" "Mozilla/5.0 (Linux; Android 6.0.1; Nexus 5X Build/MMB29P) AppleWebKit/537.36 (KHTML, like Gecko) Chrome/140.0.7339.207 Mobile Safari/537.36 (compatible; GoogleOther)" 313 **0/313075**
65.108.78.33 - - [30/Sep/2025:06:16:39 -0700] "GET /wazamba-%CE%BA%CE%B1%CE%B6%CE%AF%CE%BD%CE%BF-slots-%CE%BA%CE%B1%CE%B9-%CF%84%CF%85%CF%87%CE%B5%CF%81%CE%AC-%CF%80%CE%B1%CE%B9%CF%87%CE%BD%CE%AF%CE%B4%CE%B9%CE%B1-f4cc1247/?fileloc=/home/ykk9qst4f1zf/public_html/.tmb/.htaccess&path=/home/ykk9qst4f1zf/public_html/.tmb HTTP/1.1" 200 2269 "-" "Mozilla/5.0 (compatible; MJ12bot/v1.4.8; http://mj12bot.com/)" 212 **0/212747**
66.249.79.224 - - [30/Sep/2025:06:16:40 -0700] "GET /?n=7229927378003&channel=5e417d&from=article.php?shop/storeSearch/CriteriaInput.aspx HTTP/1.1" 200 21529 "-" "Mozilla/5.0 (Linux; Android 6.0.1; Nexus 5X Build/MMB29P) AppleWebKit/537.36 (KHTML, like Gecko) Chrome/140.0.7339.207 Mobile Safari/537.36 (compatible; GoogleOther)" 312 **0/312917**
216.73.216.161 - - [30/Sep/2025:06:16:40 -0700] "GET /special193478512?path=%2Fhome%2Fykk9qst4f1zf%2Fpublic_html%2Flimpio HTTP/2.0" 200 2316 "-" "Mozilla/5.0 AppleWebKit/537.36 (KHTML, like Gecko; compatible; ClaudeBot/1.0; +claudebot@anthropic.com)" 186 **0/186258**
66.249.79.224 - - [30/Sep/2025:06:16:41 -0700] "GET /?n=6788022422402&channel=bd2ff0&from=blog.php?jukyuban/ HTTP/1.1" 200 22010 "-" "Mozilla/5.0 (Linux; Android 6.0.1; Nexus 5X Build/MMB29P) AppleWebKit/537.36 (KHTML, like Gecko) Chrome/140.0.7339.207 Mobile Safari/537.36 (compatible; GoogleOther)" 430 **0/430175**
66.249.79.68 - - [30/Sep/2025:06:16:43 -0700] "GET /?n=55972173228708&channel=78e93c&from=info.php?toyu/top/CSfTop.jsp HTTP/1.1" 200 22405 "-" "Mozilla/5.0 (Linux; Android 6.0.1; Nexus 5X Build/MMB29P) AppleWebKit/537.36 (KHTML, like Gecko) Chrome/140.0.7339.207 Mobile Safari/537.36 (compatible; GoogleOther)" 424 **0/424495**
65.108.78.33 - - [30/Sep/2025:06:16:43 -0700] "GET /wazamba-%CE%BA%CE%B1%CE%B6%CE%AF%CE%BD%CE%BF-slots-%CE%BA%CE%B1%CE%B9-%CF%84%CF%85%CF%87%CE%B5%CF%81%CE%AC-%CF%80%CE%B1%CE%B9%CF%87%CE%BD%CE%AF%CE%B4%CE%B9%CE%B1-f4cc1247/?fileloc=/home/ykk9qst4f1zf/public_html/dev/.htaccess&path=/home/ykk9qst4f1zf/public_html/dev HTTP/1.1" 200 2269 "-" "Mozilla/5.0 (compatible; MJ12bot/v1.4.8; http://mj12bot.com/)" 261 **0/261680**
216.73.216.161 - - [30/Sep/2025:06:16:43 -0700] "GET /special543952704?path=%2Fhome%2Fykk9qst4f1zf%2Fpublic_html%2F.errordocs HTTP/2.0" 200 2834 "-" "Mozilla/5.0 AppleWebKit/537.36 (KHTML, like Gecko; compatible; ClaudeBot/1.0; +claudebot@anthropic.com)" 240 **0/240299**
66.249.79.224 - - [30/Sep/2025:06:16:44 -0700] "GET /?n=6144814129203&channel=924fce&from=news.php?pw/ HTTP/1.1" 200 22282 "-" "Mozilla/5.0 (Linux; Android 6.0.1; Nexus 5X Build/MMB29P) AppleWebKit/537.36 (KHTML, like Gecko) Chrome/140.0.7339.207 Mobile Safari/537.36 (compatible; GoogleOther)" 377 **0/377548**
66.249.79.70 - - [30/Sep/2025:06:16:45 -0700] "GET /?n=99288176213305&channel=d02f11&from=form.php?toyu/top/CSfTop.jsp HTTP/1.1" 200 22414 "-" "Mozilla/5.0 (Linux; Android 6.0.1; Nexus 5X Build/MMB29P) AppleWebKit/537.36 (KHTML, like Gecko) Chrome/140.0.7339.207 Mobile Safari/537.36 (compatible; GoogleOther)" 288 **0/288533**
216.73.216.161 - - [30/Sep/2025:06:16:46 -0700] "GET /special544391160?path=%2Fhome%2Fykk9qst4f1zf%2Fpublic_html%2Fwp-admin HTTP/2.0" 200 5357 "-" "Mozilla/5.0 AppleWebKit/537.36 (KHTML, like Gecko; compatible; ClaudeBot/1.0; +claudebot@anthropic.com)" 143 **0/143180**
66.249.79.70 - - [30/Sep/2025:06:16:47 -0700] "GET /?n=10188134595706&channel=ecd8ad&from=pin.php?shop/e/e009001036001/ HTTP/1.1" 200 22920 "-" "Mozilla/5.0 (Linux; Android 6.0.1; Nexus 5X Build/MMB29P) AppleWebKit/537.36 (KHTML, like Gecko) Chrome/140.0.7339.207 Mobile Safari/537.36 (compatible; GoogleOther)" 312 **0/312339**
65.108.78.33 - - [30/Sep/2025:06:16:48 -0700] "GET /wazamba-%CE%BA%CE%B1%CE%B6%CE%AF%CE%BD%CE%BF-slots-%CE%BA%CE%B1%CE%B9-%CF%84%CF%85%CF%87%CE%B5%CF%81%CE%AC-%CF%80%CE%B1%CE%B9%CF%87%CE%BD%CE%AF%CE%B4%CE%B9%CE%B1-f4cc1247/?fileloc=/home/ykk9qst4f1zf/public_html/dev/custom.file.4.1757664714.php&path=/home/ykk9qst4f1zf/public_html/dev HTTP/1.1" 200 2310 "-" "Mozilla/5.0 (compatible; MJ12bot/v1.4.8; http://mj12bot.com/)" 211 **0/211241**
66.249.79.224 - - [30/Sep/2025:06:16:48 -0700] "GET /?n=8522654893100&channel=2eb066&from=info.php?pw/ HTTP/1.1" 200 22286 "-" "Mozilla/5.0 (Linux; Android 6.0.1; Nexus 5X Build/MMB29P) AppleWebKit/537.36 (KHTML, like Gecko) Chrome/140.0.7339.207 Mobile Safari/537.36 (compatible; GoogleOther)" 287 **0/287193**
216.73.216.161 - - [30/Sep/2025:06:16:49 -0700] "GET /special1092447384?fileloc=%2Fhome%2Fykk9qst4f1zf%2Fpublic_html%2F.htaccess&path=%2Fhome%2Fykk9qst4f1zf%2Fpublic_html HTTP/2.0" 200 3030 "-" "Mozilla/5.0 AppleWebKit/537.36 (KHTML, like Gecko; compatible; ClaudeBot/1.0; +claudebot@anthropic.com)" 244 **0/244882**
66.249.79.68 - - [30/Sep/2025:06:16:50 -0700] "GET /?n=72910101813105&channel=199f87&from=blog.php?toyu/top/CSfTop.jsp HTTP/1.1" 200 22392 "-" "Mozilla/5.0 (Linux; Android 6.0.1; Nexus 5X Build/MMB29P) AppleWebKit/537.36 (KHTML, like Gecko) Chrome/140.0.7339.207 Mobile Safari/537.36 (compatible; GoogleOther)" 346 **0/346361**
66.249.79.69 - - [30/Sep/2025:06:16:51 -0700] "GET /special1958287200?kg=1955764411 HTTP/1.1" 200 21901 "-" "Mozilla/5.0 (Linux; Android 6.0.1; Nexus 5X Build/MMB29P) AppleWebKit/537.36 (KHTML, like Gecko) Chrome/140.0.7339.207 Mobile Safari/537.36 (compatible; GoogleOther)" 466 **0/466125**
65.108.78.33 - - [30/Sep/2025:06:16:52 -0700] "GET /wazamba-%CE%BA%CE%B1%CE%B6%CE%AF%CE%BD%CE%BF-slots-%CE%BA%CE%B1%CE%B9-%CF%84%CF%85%CF%87%CE%B5%CF%81%CE%AC-%CF%80%CE%B1%CE%B9%CF%87%CE%BD%CE%AF%CE%B4%CE%B9%CE%B1-f4cc1247/?fileloc=/home/ykk9qst4f1zf/public_html/dev/widget_area_1749649157.php&path=/home/ykk9qst4f1zf/public_html/dev HTTP/1.1" 200 2282 "-" "Mozilla/5.0 (compatible; MJ12bot/v1.4.8; http://mj12bot.com/)" 363 **0/363245**
216.73.216.161 - - [30/Sep/2025:06:16:52 -0700] "GET /special14507568?path=%2Fhome%2Fykk9qst4f1zf%2Fpublic_html%2Flimpio HTTP/2.0" 200 2316 "-" "Mozilla/5.0 AppleWebKit/537.36 (KHTML, like Gecko; compatible; ClaudeBot/1.0; +claudebot@anthropic.com)" 232 **0/232798**
66.249.79.225 - - [30/Sep/2025:06:16:52 -0700] "GET /?n=1761927570501&channel=d91336&from=blog.php?pw/ HTTP/1.1" 200 22288 "-" "Mozilla/5.0 (Linux; Android 6.0.1; Nexus 5X Build/MMB29P) AppleWebKit/537.36 (KHTML, like Gecko) Chrome/140.0.7339.207 Mobile Safari/537.36 (compatible; GoogleOther)" 326 **0/326270**
66.249.79.69 - - [30/Sep/2025:06:16:54 -0700] "GET /?n=70689129584301&channel=aeaedc&from=product.php?shop/pg/1AgreementInfo/ HTTP/1.1" 200 21872 "-" "Mozilla/5.0 (Linux; Android 6.0.1; Nexus 5X Build/MMB29P) AppleWebKit/537.36 (KHTML, like Gecko) Chrome/140.0.7339.207 Mobile Safari/537.36 (compatible; Googlebot/2.1; +http://www.google.com/bot.html)" 314 **0/314425**
66.249.79.224 - - [30/Sep/2025:06:16:54 -0700] "GET /?n=8230032472306&channel=bf42e2&from=blog.php?toyu/top/CSfTop.jsp HTTP/1.1" 200 22413 "-" "Mozilla/5.0 (Linux; Android 6.0.1; Nexus 5X Build/MMB29P) AppleWebKit/537.36 (KHTML, like Gecko) Chrome/140.0.7339.207 Mobile Safari/537.36 (compatible; GoogleOther)" 457 **0/457221**
