66.249.79.224 - - [30/Sep/2025:05:49:00 -0700] "GET /?n=71925158327901&channel=13e846&from=shared.php?shop/pg/1AvailableInfo/ HTTP/1.1" 200 21874 "-" "Mozilla/5.0 (Linux; Android 6.0.1; Nexus 5X Build/MMB29P) AppleWebKit/537.36 (KHTML, like Gecko) Chrome/140.0.7339.207 Mobile Safari/537.36 (compatible; GoogleOther)" 398 **0/398750**
66.249.79.68 - - [30/Sep/2025:05:49:02 -0700] "GET /?n=11269144232806&channel=b92754&from=shared.php?shop/customer/entry.aspx HTTP/1.1" 200 23384 "-" "Mozilla/5.0 (Linux; Android 6.0.1; Nexus 5X Build/MMB29P) AppleWebKit/537.36 (KHTML, like Gecko) Chrome/140.0.7339.207 Mobile Safari/537.36 (compatible; GoogleOther)" 1635 **1/1635860**
66.249.79.224 - - [30/Sep/2025:05:49:03 -0700] "GET /?n=1794385057502&channel=79a6d0&from=brands.php?%3Fid%3D850575-9105%26name%3DICE%EF%BC%86TECHNO+%E3%83%8F%E3%83%83%E3%83%88 HTTP/1.1" 200 22590 "-" "Mozilla/5.0 (Linux; Android 6.0.1; Nexus 5X Build/MMB29P) AppleWebKit/537.36 (KHTML, like Gecko) Chrome/140.0.7339.207 Mobile Safari/537.36 (compatible; GoogleOther)" 433 **0/433912**
65.108.78.33 - - [30/Sep/2025:05:49:04 -0700] "GET /spin-casino-ontario-5/feed/?fileloc=/home/ykk9qst4f1zf/public_html/deleteme.sso7581b7ca8029457183b1c9a38e4a3a42.php&path=/home/ykk9qst4f1zf/public_html HTTP/1.1" 200 3107 "-" "Mozilla/5.0 (compatible; MJ12bot/v1.4.8; http://mj12bot.com/)" 334 **0/334581**
66.249.79.67 - - [30/Sep/2025:05:49:05 -0700] "GET /special1959918880?kg=1957393987 HTTP/1.1" 200 22485 "-" "Mozilla/5.0 (Linux; Android 6.0.1; Nexus 5X Build/MMB29P) AppleWebKit/537.36 (KHTML, like Gecko) Chrome/140.0.7339.207 Mobile Safari/537.36 (compatible; GoogleOther)" 295 **0/295545**
66.249.79.224 - - [30/Sep/2025:05:49:06 -0700] "GET /?n=4938616608309&channel=653204&from=product.php?shop/pg/1SiteUse/ HTTP/1.1" 200 21877 "-" "Mozilla/5.0 (Linux; Android 6.0.1; Nexus 5X Build/MMB29P) AppleWebKit/537.36 (KHTML, like Gecko) Chrome/140.0.7339.207 Mobile Safari/537.36 (compatible; GoogleOther)" 398 **0/398197**
66.249.79.67 - - [30/Sep/2025:05:49:08 -0700] "GET /special1957595008?kg=1955073111 HTTP/1.1" 200 22316 "-" "Mozilla/5.0 (Linux; Android 6.0.1; Nexus 5X Build/MMB29P) AppleWebKit/537.36 (KHTML, like Gecko) Chrome/140.0.7339.207 Mobile Safari/537.36 (compatible; GoogleOther)" 355 **0/355935**
65.108.78.33 - - [30/Sep/2025:05:49:09 -0700] "GET /spin-casino-ontario-5/feed/?fileloc=/home/ykk9qst4f1zf/public_html/deleteme.wp2aa08b6385a7496f9333d9461b927098.php&path=/home/ykk9qst4f1zf/public_html HTTP/1.1" 200 6078 "-" "Mozilla/5.0 (compatible; MJ12bot/v1.4.8; http://mj12bot.com/)" 231 **0/231765**
66.249.79.68 - - [30/Sep/2025:05:49:09 -0700] "GET /?n=2608624739600&channel=99150f&from=info.php?shop/pg/1AvailableInfo/ HTTP/1.1" 200 21870 "-" "Mozilla/5.0 (Linux; Android 6.0.1; Nexus 5X Build/MMB29P) AppleWebKit/537.36 (KHTML, like Gecko) Chrome/140.0.7339.207 Mobile Safari/537.36 (compatible; Googlebot/2.1; +http://www.google.com/bot.html)" 282 **0/282776**
66.249.79.67 - - [30/Sep/2025:05:49:09 -0700] "GET /?n=7575918555004&channel=e39f10&from=goods.php?shop/pg/1005024164 HTTP/1.1" 200 22561 "-" "Mozilla/5.0 (Linux; Android 6.0.1; Nexus 5X Build/MMB29P) AppleWebKit/537.36 (KHTML, like Gecko) Chrome/140.0.7339.207 Mobile Safari/537.36 (compatible; GoogleOther)" 321 **0/321460**
66.249.79.67 - - [30/Sep/2025:05:49:11 -0700] "GET /?n=8079078186500&channel=231ffb&from=info.php?shop/pg/1005022001/ HTTP/1.1" 200 22862 "-" "Mozilla/5.0 (Linux; Android 6.0.1; Nexus 5X Build/MMB29P) AppleWebKit/537.36 (KHTML, like Gecko) Chrome/140.0.7339.207 Mobile Safari/537.36 (compatible; GoogleOther)" 332 **0/332324**
66.249.79.67 - - [30/Sep/2025:05:49:12 -0700] "GET /?n=5158218713002&channel=ca1985&from=shared.php?shop/pg/1005024164 HTTP/1.1" 200 22562 "-" "Mozilla/5.0 (Linux; Android 6.0.1; Nexus 5X Build/MMB29P) AppleWebKit/537.36 (KHTML, like Gecko) Chrome/140.0.7339.207 Mobile Safari/537.36 (compatible; GoogleOther)" 353 **0/353315**
65.108.78.33 - - [30/Sep/2025:05:49:13 -0700] "GET /spin-casino-ontario-5/feed/?fileloc=/home/ykk9qst4f1zf/public_html/deleteme.wp3fdb8ed059b0494faadbecc19ab5bf13.php&path=/home/ykk9qst4f1zf/public_html HTTP/1.1" 200 6077 "-" "Mozilla/5.0 (compatible; MJ12bot/v1.4.8; http://mj12bot.com/)" 219 **0/219277**
66.249.79.224 - - [30/Sep/2025:05:49:13 -0700] "GET /?n=0172483177500&channel=cc790a&from=jp.php?shop/pg/1AvailableInfo/ HTTP/1.1" 200 22525 "-" "Mozilla/5.0 (Linux; Android 6.0.1; Nexus 5X Build/MMB29P) AppleWebKit/537.36 (KHTML, like Gecko) Chrome/140.0.7339.207 Mobile Safari/537.36 (compatible; GoogleOther)" 318 **0/318258**
66.249.79.224 - - [30/Sep/2025:05:49:15 -0700] "GET /?n=7794066722300&channel=482393&from=news.php?%3Fid%3D667223-17944%26name%3D%E3%82%B7%E3%83%A3%E3%83%88%E3%83%BC%E3%83%BB%E3%83%80%E3%83%AB%E3%83%9E%E3%82%A4%E3%83%A4%E3%83%83%E3%82%AF+2018 HTTP/1.1" 200 21949 "-" "Mozilla/5.0 (Linux; Android 6.0.1; Nexus 5X Build/MMB29P) AppleWebKit/537.36 (KHTML, like Gecko) Chrome/140.0.7339.207 Mobile Safari/537.36 (compatible; GoogleOther)" 263 **0/263949**
66.249.79.224 - - [30/Sep/2025:05:49:16 -0700] "GET /?n=29210186954300&channel=a5a1d2&from=brands.php?shop/pg/1005024240/ HTTP/1.1" 200 22568 "-" "Mozilla/5.0 (Linux; Android 6.0.1; Nexus 5X Build/MMB29P) AppleWebKit/537.36 (KHTML, like Gecko) Chrome/140.0.7339.207 Mobile Safari/537.36 (compatible; GoogleOther)" 327 **0/327412**
65.108.78.33 - - [30/Sep/2025:05:49:17 -0700] "GET /spin-casino-ontario-5/feed/?fileloc=/home/ykk9qst4f1zf/public_html/deleteme.wp409a8689391e4fd7ae765d8fcc932360.php&path=/home/ykk9qst4f1zf/public_html HTTP/1.1" 200 6078 "-" "Mozilla/5.0 (compatible; MJ12bot/v1.4.8; http://mj12bot.com/)" 138 **0/138526**
66.249.79.67 - - [30/Sep/2025:05:49:18 -0700] "GET /?n=69201192330902&channel=88d994&from=brands.php?shop/pg/1AvailableInfo/ HTTP/1.1" 200 21870 "-" "Mozilla/5.0 (Linux; Android 6.0.1; Nexus 5X Build/MMB29P) AppleWebKit/537.36 (KHTML, like Gecko) Chrome/140.0.7339.207 Mobile Safari/537.36 (compatible; GoogleOther)" 305 **0/305388**
66.249.79.224 - - [30/Sep/2025:05:49:19 -0700] "GET /?n=68140125147404&channel=f85f47&from=shop.php?shop/pg/1AvailableInfo/ HTTP/1.1" 200 22536 "-" "Mozilla/5.0 (Linux; Android 6.0.1; Nexus 5X Build/MMB29P) AppleWebKit/537.36 (KHTML, like Gecko) Chrome/140.0.7339.207 Mobile Safari/537.36 (compatible; GoogleOther)" 295 **0/295235**
66.249.79.67 - - [30/Sep/2025:05:49:20 -0700] "GET /special1960013040?kg=1957488025 HTTP/1.1" 200 23868 "-" "Mozilla/5.0 (Linux; Android 6.0.1; Nexus 5X Build/MMB29P) AppleWebKit/537.36 (KHTML, like Gecko) Chrome/140.0.7339.207 Mobile Safari/537.36 (compatible; GoogleOther)" 272 **0/272870**
65.108.78.33 - - [30/Sep/2025:05:49:21 -0700] "GET /spin-casino-ontario-5/feed/?fileloc=/home/ykk9qst4f1zf/public_html/deleteme.wp43a221ae545a4e9f9e8cac34be4ce2e5.php&path=/home/ykk9qst4f1zf/public_html HTTP/1.1" 200 6076 "-" "Mozilla/5.0 (compatible; MJ12bot/v1.4.8; http://mj12bot.com/)" 283 **0/283796**
66.249.79.68 - - [30/Sep/2025:05:49:22 -0700] "GET /special1957662536?kg=1955140552 HTTP/1.1" 200 22845 "-" "Mozilla/5.0 (Linux; Android 6.0.1; Nexus 5X Build/MMB29P) AppleWebKit/537.36 (KHTML, like Gecko) Chrome/140.0.7339.207 Mobile Safari/537.36 (compatible; GoogleOther)" 375 **0/375296**
66.249.79.68 - - [30/Sep/2025:05:49:23 -0700] "GET /special1957716080?kg=1955194025 HTTP/1.1" 200 22573 "-" "Mozilla/5.0 (Linux; Android 6.0.1; Nexus 5X Build/MMB29P) AppleWebKit/537.36 (KHTML, like Gecko) Chrome/140.0.7339.207 Mobile Safari/537.36 (compatible; GoogleOther)" 251 **0/251022**
66.249.79.68 - - [30/Sep/2025:05:49:24 -0700] "GET /?n=7867283162701&channel=5a564c&from=goods.php?information/privacy_policy.html HTTP/1.1" 200 23464 "-" "Mozilla/5.0 (Linux; Android 6.0.1; Nexus 5X Build/MMB29P) AppleWebKit/537.36 (KHTML, like Gecko) Chrome/140.0.7339.207 Mobile Safari/537.36 (compatible; GoogleOther)" 338 **0/338724**
66.249.79.224 - - [30/Sep/2025:05:49:25 -0700] "GET /special1760883664?kg=1758615261 HTTP/1.1" 200 21483 "-" "Mozilla/5.0 (Linux; Android 6.0.1; Nexus 5X Build/MMB29P) AppleWebKit/537.36 (KHTML, like Gecko) Chrome/140.0.7339.207 Mobile Safari/537.36 (compatible; Googlebot/2.1; +http://www.google.com/bot.html)" 433 **0/433900**
65.108.78.33 - - [30/Sep/2025:05:49:26 -0700] "GET /spin-casino-ontario-5/feed/?fileloc=/home/ykk9qst4f1zf/public_html/deleteme.wp5c32840e589c4f45af0ec2c4cbd1bfa1.php&path=/home/ykk9qst4f1zf/public_html HTTP/1.1" 200 6076 "-" "Mozilla/5.0 (compatible; MJ12bot/v1.4.8; http://mj12bot.com/)" 195 **0/195882**
66.249.79.224 - - [30/Sep/2025:05:49:26 -0700] "GET /?n=57184179514702&channel=082155&from=goods.php?shop/pg/1SiteUse HTTP/1.1" 200 22534 "-" "Mozilla/5.0 (Linux; Android 6.0.1; Nexus 5X Build/MMB29P) AppleWebKit/537.36 (KHTML, like Gecko) Chrome/140.0.7339.207 Mobile Safari/537.36 (compatible; GoogleOther)" 288 **0/288042**
66.249.79.224 - - [30/Sep/2025:05:49:27 -0700] "GET /?n=14523109063300&channel=52ce7f&from=news.php?shop/pg/1recruit/ HTTP/1.1" 200 22541 "-" "Mozilla/5.0 (Linux; Android 6.0.1; Nexus 5X Build/MMB29P) AppleWebKit/537.36 (KHTML, like Gecko) Chrome/140.0.7339.207 Mobile Safari/537.36 (compatible; GoogleOther)" 336 **0/336344**
66.249.79.224 - - [30/Sep/2025:05:49:28 -0700] "GET /?n=75912174527501&channel=184fca&from=brands.php?shop/pg/1AgreementInfo/ HTTP/1.1" 200 21880 "-" "Mozilla/5.0 (Linux; Android 6.0.1; Nexus 5X Build/MMB29P) AppleWebKit/537.36 (KHTML, like Gecko) Chrome/140.0.7339.207 Mobile Safari/537.36 (compatible; GoogleOther)" 356 **0/356783**
65.108.78.33 - - [30/Sep/2025:05:49:30 -0700] "GET /spin-casino-ontario-5/feed/?fileloc=/home/ykk9qst4f1zf/public_html/deleteme.wp93ed07a24a534cdfac6242279061f081.php&path=/home/ykk9qst4f1zf/public_html HTTP/1.1" 200 6077 "-" "Mozilla/5.0 (compatible; MJ12bot/v1.4.8; http://mj12bot.com/)" 256 **0/256999**
66.249.79.225 - - [30/Sep/2025:05:49:30 -0700] "GET /?n=2919974432712&channel=ae20bd&from=news.php?shop/pg/1sancyoku/ HTTP/1.1" 200 22544 "-" "Mozilla/5.0 (Linux; Android 6.0.1; Nexus 5X Build/MMB29P) AppleWebKit/537.36 (KHTML, like Gecko) Chrome/140.0.7339.207 Mobile Safari/537.36 (compatible; GoogleOther)" 273 **0/273651**
66.249.79.68 - - [30/Sep/2025:05:49:31 -0700] "GET /?n=79823110316900&channel=47a41d&from=blog.php?shop/customer/entry.aspx HTTP/1.1" 200 22635 "-" "Mozilla/5.0 (Linux; Android 6.0.1; Nexus 5X Build/MMB29P) AppleWebKit/537.36 (KHTML, like Gecko) Chrome/140.0.7339.207 Mobile Safari/537.36 (compatible; GoogleOther)" 323 **0/323054**
66.249.79.225 - - [30/Sep/2025:05:49:33 -0700] "GET /?n=18669102947101&channel=b3e46e&from=blog.php?%3Fid%3D1029471-12643%26name%3D%E3%83%80%E3%82%A4%E3%83%8B%E3%83%B3%E3%82%B0%E3%82%BB%E3%83%83%E3%83%88+2%E4%BA%BA%E7%94%A8+3%E7%82%B9%E3%82%BB%E3%83%83%E3%83%88+%E6%8A%98%E3%82%8A%E3%81%9F%E3%81%9F%E3%81%BF+%E4%B8%B8+%E3%83%86%E3%83%BC%E3%83%96%E3%83%AB+%E7%9B%B4%E5%BE%8480.5cm+%E3%82%AB%E3%83%95%E3%82%A7%E3%83%86%E3%83%BC%E3%83%96%E3%83%AB%E3%82%BB%E3%83%83%E3%83%88+%E3%81%8A%E3%81%97%E3%82%83%E3%82%8C+%E3%82%B3%E3%83%B3%E3%83%91%E3%82%AF%E3%83%88+%E5%AE%8C%E6%88%90%E5%93%81 HTTP/1.1" 200 22730 "-" "Mozilla/5.0 (Linux; Android 6.0.1; Nexus 5X Build/MMB29P) AppleWebKit/537.36 (KHTML, like Gecko) Chrome/140.0.7339.207 Mobile Safari/537.36 (compatible; GoogleOther)" 419 **0/419666**
66.249.79.68 - - [30/Sep/2025:05:49:34 -0700] "GET /?n=1906019399503&channel=f6620e&from=category-info.php?shop/pg/1005024240/ HTTP/1.1" 200 22565 "-" "Mozilla/5.0 (Linux; Android 6.0.1; Nexus 5X Build/MMB29P) AppleWebKit/537.36 (KHTML, like Gecko) Chrome/140.0.7339.207 Mobile Safari/537.36 (compatible; GoogleOther)" 355 **0/355628**
65.108.78.33 - - [30/Sep/2025:05:49:34 -0700] "GET /spin-casino-ontario-5/feed/?fileloc=/home/ykk9qst4f1zf/public_html/deleteme.wp940b88783a2e469198fd5e5a4a6eecba.php&path=/home/ykk9qst4f1zf/public_html HTTP/1.1" 200 6076 "-" "Mozilla/5.0 (compatible; MJ12bot/v1.4.8; http://mj12bot.com/)" 259 **0/259249**
66.249.79.224 - - [30/Sep/2025:05:49:35 -0700] "GET /?n=3282510133601&channel=67e900&from=blog.php?shop/pg/1AvailableInfo/ HTTP/1.1" 200 22535 "-" "Mozilla/5.0 (Linux; Android 6.0.1; Nexus 5X Build/MMB29P) AppleWebKit/537.36 (KHTML, like Gecko) Chrome/140.0.7339.207 Mobile Safari/537.36 (compatible; GoogleOther)" 327 **0/327663**
66.249.79.68 - - [30/Sep/2025:05:49:37 -0700] "GET /special1959917608?kg=1957392716 HTTP/1.1" 200 24852 "-" "Mozilla/5.0 (Linux; Android 6.0.1; Nexus 5X Build/MMB29P) AppleWebKit/537.36 (KHTML, like Gecko) Chrome/140.0.7339.207 Mobile Safari/537.36 (compatible; GoogleOther)" 330 **0/330513**
65.108.78.33 - - [30/Sep/2025:05:49:38 -0700] "GET /spin-casino-ontario-5/feed/?fileloc=/home/ykk9qst4f1zf/public_html/deleteme.wp94574db226c5438a9bea28fda3031d79.php&path=/home/ykk9qst4f1zf/public_html HTTP/1.1" 200 6077 "-" "Mozilla/5.0 (compatible; MJ12bot/v1.4.8; http://mj12bot.com/)" 234 **0/234362**
66.249.79.225 - - [30/Sep/2025:05:49:38 -0700] "GET /?n=70171160599000&channel=617707&from=jp.php?shop/pg/1005024010/ HTTP/1.1" 200 22577 "-" "Mozilla/5.0 (Linux; Android 6.0.1; Nexus 5X Build/MMB29P) AppleWebKit/537.36 (KHTML, like Gecko) Chrome/140.0.7339.207 Mobile Safari/537.36 (compatible; GoogleOther)" 416 **0/416758**
66.249.79.67 - - [30/Sep/2025:05:49:40 -0700] "GET /?n=1420564774800&channel=4f8987&from=shared.php?shop/e/e009001044001/ HTTP/1.1" 200 22642 "-" "Mozilla/5.0 (Linux; Android 6.0.1; Nexus 5X Build/MMB29P) AppleWebKit/537.36 (KHTML, like Gecko) Chrome/140.0.7339.207 Mobile Safari/537.36 (compatible; GoogleOther)" 489 **0/489696**
114.119.163.52 - - [30/Sep/2025:05:49:41 -0700] "GET /hell-spin-casino-127/?fileloc=/home/ykk9qst4f1zf/public_html/.hcc.thumbs/.hcc.wp-content%2Bthemes%2Brttheme9%2Bimages%2B4%2Bside_arrow_on.jpg%2Bt&path=/home/ykk9qst4f1zf/public_html/.hcc.thumbs HTTP/1.1" 200 3112 "https://ingecolsas.com/hell-spin-casino-127/?path=/home/ykk9qst4f1zf/public_html/.hcc.thumbs" "Mozilla/5.0 (Linux; Android 7.0;) AppleWebKit/537.36 (KHTML, like Gecko) Mobile Safari/537.36 (compatible; PetalBot;+https://webmaster.petalsearch.com/site/petalbot)" 227 **0/227602**
66.249.79.67 - - [30/Sep/2025:05:49:41 -0700] "GET /?n=24178159006500&channel=478a70&from=jp.php?shop/customer/bookmark_guest.aspx HTTP/1.1" 200 22446 "-" "Mozilla/5.0 (Linux; Android 6.0.1; Nexus 5X Build/MMB29P) AppleWebKit/537.36 (KHTML, like Gecko) Chrome/140.0.7339.207 Mobile Safari/537.36 (compatible; GoogleOther)" 415 **0/415055**
66.249.79.67 - - [30/Sep/2025:05:49:42 -0700] "GET /?n=23987134399705&channel=b870ad&from=shared.php%3Fid%3D1343997-16067%26name%3DAuybuig+%E3%82%A4%E3%83%8C+%E3%83%AD%E3%83%83%E3%82%AF%E5%8F%AF%E8%83%BD+%E7%8A%AC%E3%82%B1%E3%83%BC%E3%82%B8+%E7%8C%AB%E3%82%B1%E3%83%BC%E3%82%B8%EF%BC%8C%E3%83%9A%E3%83%83%E3%83%88%E3%83%8F%E3%82%A6%E3%82%B9%E3%83%88%E3%83%AC%E3%82%A4%E3%83%9A%E3%83%83%E3%83%88%E3%83%8F%E3%82%A6%E3%82%B9%E3%83%88%E3%83%AC%E3%82%A4%EF%BC%8C%E8%BB%8A%E8%BC%AA%E4%BB%98%E3%81%8D%EF%BC%8C%E6%8E%83%E9%99%A4%E7%B0%A1%E5%8D%98+%E7%A7%BB%E5%8B%95%E4%BE%BF%E5%88%A9+%E7%B5%84%E3%81%BF%E7%AB%8B%E3%81%A6 HTTP/1.1" 200 22727 "-" "Mozilla/5.0 (Linux; Android 6.0.1; Nexus 5X Build/MMB29P) AppleWebKit/537.36 (KHTML, like Gecko) Chrome/140.0.7339.207 Mobile Safari/537.36 (compatible; Googlebot/2.1; +http://www.google.com/bot.html)" 363 **0/363375**
65.108.78.33 - - [30/Sep/2025:05:49:42 -0700] "GET /spin-casino-ontario-5/feed/?fileloc=/home/ykk9qst4f1zf/public_html/deleteme.wpac8e686c7e634a51acee4f28059e3a0d.php&path=/home/ykk9qst4f1zf/public_html HTTP/1.1" 200 6076 "-" "Mozilla/5.0 (compatible; MJ12bot/v1.4.8; http://mj12bot.com/)" 223 **0/223925**
66.249.79.67 - - [30/Sep/2025:05:49:42 -0700] "GET /?n=89209123321300&channel=b9a717&from=shop.php?shop/customer/bookmark.aspx HTTP/1.1" 200 22245 "-" "Mozilla/5.0 (Linux; Android 6.0.1; Nexus 5X Build/MMB29P) AppleWebKit/537.36 (KHTML, like Gecko) Chrome/140.0.7339.207 Mobile Safari/537.36 (compatible; GoogleOther)" 333 **0/333800**
66.249.79.67 - - [30/Sep/2025:05:49:44 -0700] "GET /?n=2191097436401&channel=8964fa&from=blog.php?%3Fid%3D974364-21188%26name%3D3DSLL+%E6%9C%AC%E4%BD%93+%E3%83%AC%E3%83%83%E3%83%89X%E3%83%96%E3%83%A9%E3%83%83%E3%82%AF+%E3%82%BF%E3%83%83%E3%83%81%E3%83%9A%E3%83%B3%E4%BB%98%E3%81%8D+%E3%83%8B%E3%83%B3%E3%83%86%E3%83%B3%E3%83%89%E3%83%BC3DS+LL+%E4%BB%BB%E5%A4%A9%E5%A0%82%E3%80%90%E4%B8%AD%E5%8F%A4%E3%80%91 HTTP/1.1" 200 22669 "-" "Mozilla/5.0 (Linux; Android 6.0.1; Nexus 5X Build/MMB29P) AppleWebKit/537.36 (KHTML, like Gecko) Chrome/140.0.7339.207 Mobile Safari/537.36 (compatible; GoogleOther)" 327 **0/327368**
66.249.79.69 - - [30/Sep/2025:05:49:45 -0700] "GET /?n=7389350984100&channel=c10cd8&from=shop.php?shop/e/e009001044001 HTTP/1.1" 200 22645 "-" "Mozilla/5.0 (Linux; Android 6.0.1; Nexus 5X Build/MMB29P) AppleWebKit/537.36 (KHTML, like Gecko) Chrome/140.0.7339.207 Mobile Safari/537.36 (compatible; GoogleOther)" 337 **0/337902**
65.108.78.33 - - [30/Sep/2025:05:49:47 -0700] "GET /spin-casino-ontario-5/feed/?fileloc=/home/ykk9qst4f1zf/public_html/deleteme.wpf540bc8d82f74d45a67609dad30dd875.php&path=/home/ykk9qst4f1zf/public_html HTTP/1.1" 200 6077 "-" "Mozilla/5.0 (compatible; MJ12bot/v1.4.8; http://mj12bot.com/)" 830 **0/830714**
66.249.79.224 - - [30/Sep/2025:05:49:47 -0700] "GET /?n=176826589901&channel=79714e&from=article.php?contents/reform/ HTTP/1.1" 200 21748 "-" "Mozilla/5.0 (Linux; Android 6.0.1; Nexus 5X Build/MMB29P) AppleWebKit/537.36 (KHTML, like Gecko) Chrome/140.0.7339.207 Mobile Safari/537.36 (compatible; GoogleOther)" 1196 **1/1196763**
66.249.79.225 - - [30/Sep/2025:05:49:48 -0700] "GET /?n=48324195814913&channel=4daa5c&from=news.php?shop/pg/1howto/ HTTP/1.1" 200 22541 "-" "Mozilla/5.0 (Linux; Android 6.0.1; Nexus 5X Build/MMB29P) AppleWebKit/537.36 (KHTML, like Gecko) Chrome/140.0.7339.207 Mobile Safari/537.36 (compatible; GoogleOther)" 540 **0/540974**
66.249.79.225 - - [30/Sep/2025:05:49:50 -0700] "GET /?n=0220469854400&channel=76ff8f&from=blog.php?shop/pg/1005024010/ HTTP/1.1" 200 22569 "-" "Mozilla/5.0 (Linux; Android 6.0.1; Nexus 5X Build/MMB29P) AppleWebKit/537.36 (KHTML, like Gecko) Chrome/140.0.7339.207 Mobile Safari/537.36 (compatible; GoogleOther)" 305 **0/305263**
65.108.78.33 - - [30/Sep/2025:05:49:51 -0700] "GET /spin-casino-ontario-5/feed/?fileloc=/home/ykk9qst4f1zf/public_html/error_log&path=/home/ykk9qst4f1zf/public_html HTTP/1.1" 200 27455 "-" "Mozilla/5.0 (compatible; MJ12bot/v1.4.8; http://mj12bot.com/)" 185 **0/185890**
66.249.79.68 - - [30/Sep/2025:05:49:51 -0700] "GET /?n=9156829638804&channel=1ab23a&from=goods.php?jukyuban/ HTTP/1.1" 200 22014 "-" "Mozilla/5.0 (Linux; Android 6.0.1; Nexus 5X Build/MMB29P) AppleWebKit/537.36 (KHTML, like Gecko) Chrome/140.0.7339.207 Mobile Safari/537.36 (compatible; GoogleOther)" 317 **0/317721**
66.249.79.69 - - [30/Sep/2025:05:49:53 -0700] "GET /?n=24986135313508&channel=880199&from=category-info.php?contents/reform/ HTTP/1.1" 200 21734 "-" "Mozilla/5.0 (Linux; Android 6.0.1; Nexus 5X Build/MMB29P) AppleWebKit/537.36 (KHTML, like Gecko) Chrome/140.0.7339.207 Mobile Safari/537.36 (compatible; GoogleOther)" 341 **0/341160**
66.249.79.225 - - [30/Sep/2025:05:49:55 -0700] "GET /?n=5836153455800&channel=3302bf&from=news.php?shop/pg/1recruit/ HTTP/1.1" 200 22539 "-" "Mozilla/5.0 (Linux; Android 6.0.1; Nexus 5X Build/MMB29P) AppleWebKit/537.36 (KHTML, like Gecko) Chrome/140.0.7339.207 Mobile Safari/537.36 (compatible; GoogleOther)" 375 **0/375612**
65.108.78.33 - - [30/Sep/2025:05:49:55 -0700] "GET /spin-casino-ontario-5/feed/?fileloc=/home/ykk9qst4f1zf/public_html/readme.html&path=/home/ykk9qst4f1zf/public_html HTTP/1.1" 200 5150 "-" "Mozilla/5.0 (compatible; MJ12bot/v1.4.8; http://mj12bot.com/)" 198 **0/198970**
66.249.79.224 - - [30/Sep/2025:05:49:56 -0700] "GET /?n=03978158558704&channel=1c235d&from=shop.php?reserve/tool/ HTTP/1.1" 200 22488 "-" "Mozilla/5.0 (Linux; Android 6.0.1; Nexus 5X Build/MMB29P) AppleWebKit/537.36 (KHTML, like Gecko) Chrome/140.0.7339.207 Mobile Safari/537.36 (compatible; GoogleOther)" 270 **0/270585**
66.249.79.225 - - [30/Sep/2025:05:49:58 -0700] "GET /special16197976?kg=0016177878 HTTP/1.1" 200 22656 "-" "Mozilla/5.0 (Linux; Android 6.0.1; Nexus 5X Build/MMB29P) AppleWebKit/537.36 (KHTML, like Gecko) Chrome/140.0.7339.207 Mobile Safari/537.36 (compatible; GoogleOther)" 347 **0/347952**
66.249.79.69 - - [30/Sep/2025:05:49:58 -0700] "GET /?n=34185126234103&channel=006d73&from=goods.php?shop/pg/1SiteUse HTTP/1.1" 200 22539 "-" "Mozilla/5.0 (Linux; Android 6.0.1; Nexus 5X Build/MMB29P) AppleWebKit/537.36 (KHTML, like Gecko) Chrome/140.0.7339.207 Mobile Safari/537.36 (compatible; Googlebot/2.1; +http://www.google.com/bot.html)" 274 **0/274020**
65.108.78.33 - - [30/Sep/2025:05:49:59 -0700] "GET /spin-casino-ontario-5/feed/?fileloc=/home/ykk9qst4f1zf/public_html/robots.txt&path=/home/ykk9qst4f1zf/public_html HTTP/1.1" 200 2307 "-" "Mozilla/5.0 (compatible; MJ12bot/v1.4.8; http://mj12bot.com/)" 140 **0/140875**
66.249.79.69 - - [30/Sep/2025:05:50:00 -0700] "GET /special1828617880?kg=1826262190 HTTP/1.1" 200 22357 "-" "Mozilla/5.0 (Linux; Android 6.0.1; Nexus 5X Build/MMB29P) AppleWebKit/537.36 (KHTML, like Gecko) Chrome/140.0.7339.207 Mobile Safari/537.36 (compatible; GoogleOther)" 317 **0/317948**
66.249.79.67 - - [30/Sep/2025:05:50:01 -0700] "GET /?n=93937181656005&channel=dfe9e9&from=shared.php?shop/customer/bookmark.aspx HTTP/1.1" 200 22948 "-" "Mozilla/5.0 (Linux; Android 6.0.1; Nexus 5X Build/MMB29P) AppleWebKit/537.36 (KHTML, like Gecko) Chrome/140.0.7339.207 Mobile Safari/537.36 (compatible; GoogleOther)" 320 **0/320760**
66.249.79.67 - - [30/Sep/2025:05:50:03 -0700] "GET /?n=2790842154800&channel=e382c2&from=shared.php?shop/customer/bookmark.aspx HTTP/1.1" 200 22946 "-" "Mozilla/5.0 (Linux; Android 6.0.1; Nexus 5X Build/MMB29P) AppleWebKit/537.36 (KHTML, like Gecko) Chrome/140.0.7339.207 Mobile Safari/537.36 (compatible; GoogleOther)" 398 **0/398848**
65.108.78.33 - - [30/Sep/2025:05:50:04 -0700] "GET /spin-casino-ontario-5/feed/?fileloc=/home/ykk9qst4f1zf/public_html/wp-activate.php&path=/home/ykk9qst4f1zf/public_html HTTP/1.1" 200 4684 "-" "Mozilla/5.0 (compatible; MJ12bot/v1.4.8; http://mj12bot.com/)" 311 **0/311828**
66.249.79.68 - - [30/Sep/2025:05:50:04 -0700] "GET /?n=81883111521201&channel=e25639&from=pin.php?shop/pg/1recruit/ HTTP/1.1" 200 21877 "-" "Mozilla/5.0 (Linux; Android 6.0.1; Nexus 5X Build/MMB29P) AppleWebKit/537.36 (KHTML, like Gecko) Chrome/140.0.7339.207 Mobile Safari/537.36 (compatible; GoogleOther)" 349 **0/349762**
66.249.79.67 - - [30/Sep/2025:05:50:06 -0700] "GET /special1957628640?kg=1955106699 HTTP/1.1" 200 23271 "-" "Mozilla/5.0 (Linux; Android 6.0.1; Nexus 5X Build/MMB29P) AppleWebKit/537.36 (KHTML, like Gecko) Chrome/140.0.7339.207 Mobile Safari/537.36 (compatible; GoogleOther)" 388 **0/388510**
66.249.79.226 - - [30/Sep/2025:05:50:07 -0700] "GET /?n=64059155053501&channel=7cfee0&from=brands.php?shop/pg/1AvailableInfo/ HTTP/1.1" 200 21875 "-" "Mozilla/5.0 (Linux; Android 6.0.1; Nexus 5X Build/MMB29P) AppleWebKit/537.36 (KHTML, like Gecko) Chrome/140.0.7339.207 Mobile Safari/537.36 (compatible; GoogleOther)" 377 **0/377649**
65.108.78.33 - - [30/Sep/2025:05:50:08 -0700] "GET /spin-casino-ontario-5/feed/?path=/home/ykk9qst4f1zf/public_html/wp-content HTTP/1.1" 200 2967 "-" "Mozilla/5.0 (compatible; MJ12bot/v1.4.8; http://mj12bot.com/)" 163 **0/163381**
66.249.79.225 - - [30/Sep/2025:05:50:09 -0700] "GET /?n=1801738390800&channel=88a747&from=goods.php?shop/pg/1SiteUse/ HTTP/1.1" 200 22544 "-" "Mozilla/5.0 (Linux; Android 6.0.1; Nexus 5X Build/MMB29P) AppleWebKit/537.36 (KHTML, like Gecko) Chrome/140.0.7339.207 Mobile Safari/537.36 (compatible; GoogleOther)" 328 **0/328634**
66.249.79.225 - - [30/Sep/2025:05:50:10 -0700] "GET /?n=8289029519705&channel=ebdcbc&from=news.php?shop/pg/1recruit/ HTTP/1.1" 200 22541 "-" "Mozilla/5.0 (Linux; Android 6.0.1; Nexus 5X Build/MMB29P) AppleWebKit/537.36 (KHTML, like Gecko) Chrome/140.0.7339.207 Mobile Safari/537.36 (compatible; GoogleOther)" 328 **0/328899**
66.249.79.67 - - [30/Sep/2025:05:50:12 -0700] "GET /?n=6626982539804&channel=aa63b8&from=info.php?shop/pg/1howto/ HTTP/1.1" 200 21880 "-" "Mozilla/5.0 (Linux; Android 6.0.1; Nexus 5X Build/MMB29P) AppleWebKit/537.36 (KHTML, like Gecko) Chrome/140.0.7339.207 Mobile Safari/537.36 (compatible; GoogleOther)" 291 **0/291382**
65.108.78.33 - - [30/Sep/2025:05:50:12 -0700] "GET /wazamba-%CE%BA%CE%B1%CE%B6%CE%AF%CE%BD%CE%BF-slots-%CE%BA%CE%B1%CE%B9-%CF%84%CF%85%CF%87%CE%B5%CF%81%CE%AC-%CF%80%CE%B1%CE%B9%CF%87%CE%BD%CE%AF%CE%B4%CE%B9%CE%B1-f4cc1247/feed/ HTTP/1.1" 200 4171 "-" "Mozilla/5.0 (compatible; MJ12bot/v1.4.8; http://mj12bot.com/)" 239 **0/239879**
66.249.79.67 - - [30/Sep/2025:05:50:13 -0700] "GET /?n=12694120693000&channel=34e1aa&from=shared.php?shop/pg/1AgreementInfo/ HTTP/1.1" 200 21869 "-" "Mozilla/5.0 (Linux; Android 6.0.1; Nexus 5X Build/MMB29P) AppleWebKit/537.36 (KHTML, like Gecko) Chrome/140.0.7339.207 Mobile Safari/537.36 (compatible; GoogleOther)" 478 **0/478459**
66.249.79.225 - - [30/Sep/2025:05:50:15 -0700] "GET /special541510648?kg=0540813602 HTTP/1.1" 200 21954 "-" "Mozilla/5.0 (Linux; Android 6.0.1; Nexus 5X Build/MMB29P) AppleWebKit/537.36 (KHTML, like Gecko) Chrome/140.0.7339.207 Mobile Safari/537.36 (compatible; Googlebot/2.1; +http://www.google.com/bot.html)" 265 **0/265900**
66.249.79.224 - - [30/Sep/2025:05:50:15 -0700] "GET /?n=199187262401&channel=3c3cb3&from=shop.php?shop/pg/1sancyoku/ HTTP/1.1" 200 22536 "-" "Mozilla/5.0 (Linux; Android 6.0.1; Nexus 5X Build/MMB29P) AppleWebKit/537.36 (KHTML, like Gecko) Chrome/140.0.7339.207 Mobile Safari/537.36 (compatible; GoogleOther)" 278 **0/278555**
66.249.79.224 - - [30/Sep/2025:05:50:16 -0700] "GET /?n=01750151826501&channel=378916&from=jp.php?shop/pg/1SiteUse/ HTTP/1.1" 200 22539 "-" "Mozilla/5.0 (Linux; Android 6.0.1; Nexus 5X Build/MMB29P) AppleWebKit/537.36 (KHTML, like Gecko) Chrome/140.0.7339.207 Mobile Safari/537.36 (compatible; GoogleOther)" 278 **0/278930**
66.249.79.224 - - [30/Sep/2025:05:50:18 -0700] "GET /?n=0956681252001&channel=81e181&from=pin.php?shop/pg/1SiteUse HTTP/1.1" 200 22540 "-" "Mozilla/5.0 (Linux; Android 6.0.1; Nexus 5X Build/MMB29P) AppleWebKit/537.36 (KHTML, like Gecko) Chrome/140.0.7339.207 Mobile Safari/537.36 (compatible; GoogleOther)" 347 **0/347020**
66.249.79.67 - - [30/Sep/2025:05:50:19 -0700] "GET /?n=4281849531500&channel=d88cef&from=blog.php?shop/pg/1AgreementInfo/ HTTP/1.1" 200 21873 "-" "Mozilla/5.0 (Linux; Android 6.0.1; Nexus 5X Build/MMB29P) AppleWebKit/537.36 (KHTML, like Gecko) Chrome/140.0.7339.207 Mobile Safari/537.36 (compatible; GoogleOther)" 298 **0/298776**
66.249.79.224 - - [30/Sep/2025:05:50:20 -0700] "GET /?n=25025140387004&channel=9a15b3&from=product.php?shop/pg/1howto HTTP/1.1" 200 21880 "-" "Mozilla/5.0 (Linux; Android 6.0.1; Nexus 5X Build/MMB29P) AppleWebKit/537.36 (KHTML, like Gecko) Chrome/140.0.7339.207 Mobile Safari/537.36 (compatible; GoogleOther)" 370 **0/370169**
66.249.79.67 - - [30/Sep/2025:05:50:22 -0700] "GET /?n=11269144232806&channel=b92754&from=shared.php?pw/ HTTP/1.1" 200 23002 "-" "Mozilla/5.0 (Linux; Android 6.0.1; Nexus 5X Build/MMB29P) AppleWebKit/537.36 (KHTML, like Gecko) Chrome/140.0.7339.207 Mobile Safari/537.36 (compatible; GoogleOther)" 566 **0/566463**
66.249.79.67 - - [30/Sep/2025:05:50:23 -0700] "GET /special1969268128?kg=1966731187 HTTP/1.1" 200 22728 "-" "Mozilla/5.0 (Linux; Android 6.0.1; Nexus 5X Build/MMB29P) AppleWebKit/537.36 (KHTML, like Gecko) Chrome/140.0.7339.207 Mobile Safari/537.36 (compatible; GoogleOther)" 311 **0/311622**
66.249.79.68 - - [30/Sep/2025:05:50:25 -0700] "GET /special1957709344?kg=1955187299 HTTP/1.1" 200 22377 "-" "Mozilla/5.0 (Linux; Android 6.0.1; Nexus 5X Build/MMB29P) AppleWebKit/537.36 (KHTML, like Gecko) Chrome/140.0.7339.207 Mobile Safari/537.36 (compatible; GoogleOther)" 326 **0/326807**
66.249.79.224 - - [30/Sep/2025:05:50:26 -0700] "GET /?n=06497172332603&channel=d5ce8a&from=shared.php?shop/pg/1005024240 HTTP/1.1" 200 22567 "-" "Mozilla/5.0 (Linux; Android 6.0.1; Nexus 5X Build/MMB29P) AppleWebKit/537.36 (KHTML, like Gecko) Chrome/140.0.7339.207 Mobile Safari/537.36 (compatible; GoogleOther)" 283 **0/283465**
66.249.79.224 - - [30/Sep/2025:05:50:27 -0700] "GET /?n=9788875595506&channel=923ec9&from=news.php?shop/pg/1SiteUse/ HTTP/1.1" 200 22543 "-" "Mozilla/5.0 (Linux; Android 6.0.1; Nexus 5X Build/MMB29P) AppleWebKit/537.36 (KHTML, like Gecko) Chrome/140.0.7339.207 Mobile Safari/537.36 (compatible; GoogleOther)" 287 **0/287363**
66.249.79.68 - - [30/Sep/2025:05:50:29 -0700] "GET /?n=8984079048505&channel=933d4a&from=category-info.php?shop/pg/1AvailableInfo/ HTTP/1.1" 200 21866 "-" "Mozilla/5.0 (Linux; Android 6.0.1; Nexus 5X Build/MMB29P) AppleWebKit/537.36 (KHTML, like Gecko) Chrome/140.0.7339.207 Mobile Safari/537.36 (compatible; GoogleOther)" 339 **0/339281**
66.249.79.224 - - [30/Sep/2025:05:50:30 -0700] "GET /?n=9914458513200&channel=9842c0&from=blog.php?shop/pg/1005024086/ HTTP/1.1" 200 22562 "-" "Mozilla/5.0 (Linux; Android 6.0.1; Nexus 5X Build/MMB29P) AppleWebKit/537.36 (KHTML, like Gecko) Chrome/140.0.7339.207 Mobile Safari/537.36 (compatible; GoogleOther)" 398 **0/398205**
66.249.79.67 - - [30/Sep/2025:05:50:31 -0700] "GET /?n=8797556456004&channel=317358&from=brands.php?shop/pg/1sancyoku/ HTTP/1.1" 200 22536 "-" "Mozilla/5.0 (Linux; Android 6.0.1; Nexus 5X Build/MMB29P) AppleWebKit/537.36 (KHTML, like Gecko) Chrome/140.0.7339.207 Mobile Safari/537.36 (compatible; Googlebot/2.1; +http://www.google.com/bot.html)" 397 **0/397545**
66.249.79.68 - - [30/Sep/2025:05:50:32 -0700] "GET /?n=11269144232806&channel=b92754&from=shared.php?shop/pg/1Sitemap/ HTTP/1.1" 200 22544 "-" "Mozilla/5.0 (Linux; Android 6.0.1; Nexus 5X Build/MMB29P) AppleWebKit/537.36 (KHTML, like Gecko) Chrome/140.0.7339.207 Mobile Safari/537.36 (compatible; GoogleOther)" 531 **0/531132**
66.249.79.225 - - [30/Sep/2025:05:50:33 -0700] "GET /?n=30848103225515&channel=7e3919&from=goods.php?%3Fid%3D1032255-19057%26name%3D%E3%80%90%E6%A5%BD%E5%A4%A9%E3%82%B9%E3%83%BC%E3%83%91%E3%83%BCSALE%E6%9C%9F%E9%96%93%E3%81%AFP10%E5%80%8D%EF%BC%81%E3%80%91ROXY+%E3%83%AD%E3%82%AD%E3%82%B7%E3%83%BC++GO+OUT+PLUS+%E3%83%90%E3%83%83%E3%82%AF%E3%83%91%E3%83%83%E3%82%AF+%E3%83%90%E3%83%83%E3%82%B0+%E3%83%AA%E3%83%A5%E3%83%83%E3%82%AF+%E3%83%AA%E3%83%A5%E3%83%83%E3%82%AF%E3%82%B5%E3%83%83%E3%82%AF+%E3%83%87%E3%82%A4%E3%83%91%E3%83%83%E3%82%AF+%E9%80%9A%E5%8B%A4+%E9%80%9A%E5%AD%A6 HTTP/1.1" 200 22715 "-" "Mozilla/5.0 (Linux; Android 6.0.1; Nexus 5X Build/MMB29P) AppleWebKit/537.36 (KHTML, like Gecko) Chrome/140.0.7339.207 Mobile Safari/537.36 (compatible; GoogleOther)" 392 **0/392683**
66.249.79.225 - - [30/Sep/2025:05:50:34 -0700] "GET /?n=6476113929300&channel=b6e40f&from=news.php?shop/pg/1005024240/ HTTP/1.1" 200 22567 "-" "Mozilla/5.0 (Linux; Android 6.0.1; Nexus 5X Build/MMB29P) AppleWebKit/537.36 (KHTML, like Gecko) Chrome/140.0.7339.207 Mobile Safari/537.36 (compatible; GoogleOther)" 484 **0/484486**
66.249.79.67 - - [30/Sep/2025:05:50:36 -0700] "GET /?n=5162932651902&channel=0458de&from=brands.php?shop/pg/1recruit/ HTTP/1.1" 200 22535 "-" "Mozilla/5.0 (Linux; Android 6.0.1; Nexus 5X Build/MMB29P) AppleWebKit/537.36 (KHTML, like Gecko) Chrome/140.0.7339.207 Mobile Safari/537.36 (compatible; GoogleOther)" 318 **0/318442**
66.249.79.225 - - [30/Sep/2025:05:50:37 -0700] "GET /?n=8799848108310&channel=e78f3e&from=blog.php?shop/pg/1005022001/ HTTP/1.1" 200 22205 "-" "Mozilla/5.0 (Linux; Android 6.0.1; Nexus 5X Build/MMB29P) AppleWebKit/537.36 (KHTML, like Gecko) Chrome/140.0.7339.207 Mobile Safari/537.36 (compatible; GoogleOther)" 317 **0/317837**
66.249.79.68 - - [30/Sep/2025:05:50:39 -0700] "GET /special1957643120?kg=1955121161 HTTP/1.1" 200 22078 "-" "Mozilla/5.0 (Linux; Android 6.0.1; Nexus 5X Build/MMB29P) AppleWebKit/537.36 (KHTML, like Gecko) Chrome/140.0.7339.207 Mobile Safari/537.36 (compatible; GoogleOther)" 269 **0/269320**
66.249.79.224 - - [30/Sep/2025:05:50:40 -0700] "GET /?n=9993264844000&channel=cdc5f0&from=brands.php?shop/e/e009001044001/ HTTP/1.1" 200 21960 "-" "Mozilla/5.0 (Linux; Android 6.0.1; Nexus 5X Build/MMB29P) AppleWebKit/537.36 (KHTML, like Gecko) Chrome/140.0.7339.207 Mobile Safari/537.36 (compatible; GoogleOther)" 263 **0/263994**
66.249.79.67 - - [30/Sep/2025:05:50:41 -0700] "GET /?n=35291113100302&channel=188257&from=goods.php?information/privacy_policy.html HTTP/1.1" 200 22730 "-" "Mozilla/5.0 (Linux; Android 6.0.1; Nexus 5X Build/MMB29P) AppleWebKit/537.36 (KHTML, like Gecko) Chrome/140.0.7339.207 Mobile Safari/537.36 (compatible; GoogleOther)" 585 **0/585532**
66.249.79.68 - - [30/Sep/2025:05:50:43 -0700] "GET /?n=12694120693000&channel=34e1aa&from=shared.php?pw/ HTTP/1.1" 200 23000 "-" "Mozilla/5.0 (Linux; Android 6.0.1; Nexus 5X Build/MMB29P) AppleWebKit/537.36 (KHTML, like Gecko) Chrome/140.0.7339.207 Mobile Safari/537.36 (compatible; GoogleOther)" 301 **0/301433**
66.249.79.67 - - [30/Sep/2025:05:50:44 -0700] "GET /?n=50205181522003&channel=7ca481&from=shop.php?shop/e/e009001044001/ HTTP/1.1" 200 22644 "-" "Mozilla/5.0 (Linux; Android 6.0.1; Nexus 5X Build/MMB29P) AppleWebKit/537.36 (KHTML, like Gecko) Chrome/140.0.7339.207 Mobile Safari/537.36 (compatible; GoogleOther)" 292 **0/292100**
66.249.79.225 - - [30/Sep/2025:05:50:46 -0700] "GET /?n=1426092700204&channel=a98b88&from=blog.php?shop/pg/1recruit/ HTTP/1.1" 200 22540 "-" "Mozilla/5.0 (Linux; Android 6.0.1; Nexus 5X Build/MMB29P) AppleWebKit/537.36 (KHTML, like Gecko) Chrome/140.0.7339.207 Mobile Safari/537.36 (compatible; GoogleOther)" 271 **0/271969**
66.249.79.68 - - [30/Sep/2025:05:50:47 -0700] "GET /?n=9109112477302&channel=7fe0ed&from=form.php?shop/pg/1Sitemap/ HTTP/1.1" 200 21881 "-" "Mozilla/5.0 (Linux; Android 6.0.1; Nexus 5X Build/MMB29P) AppleWebKit/537.36 (KHTML, like Gecko) Chrome/140.0.7339.207 Mobile Safari/537.36 (compatible; GoogleOther)" 468 **0/468436**
66.249.79.68 - - [30/Sep/2025:05:50:49 -0700] "GET /?n=2701219909500&channel=dcc6db&from=brands.php?shop/pg/1005024010/ HTTP/1.1" 200 22565 "-" "Mozilla/5.0 (Linux; Android 6.0.1; Nexus 5X Build/MMB29P) AppleWebKit/537.36 (KHTML, like Gecko) Chrome/140.0.7339.207 Mobile Safari/537.36 (compatible; GoogleOther)" 373 **0/373535**
66.249.79.224 - - [30/Sep/2025:05:50:50 -0700] "GET /?n=80878189199700&channel=f82b76&from=article.php?shop/pg/1005024010/ HTTP/1.1" 200 22566 "-" "Mozilla/5.0 (Linux; Android 6.0.1; Nexus 5X Build/MMB29P) AppleWebKit/537.36 (KHTML, like Gecko) Chrome/140.0.7339.207 Mobile Safari/537.36 (compatible; GoogleOther)" 306 **0/306134**
66.249.79.68 - - [30/Sep/2025:05:50:51 -0700] "GET /?n=6727779538000&channel=051e02&from=form.php?shop/customer/entry.aspx HTTP/1.1" 200 22642 "-" "Mozilla/5.0 (Linux; Android 6.0.1; Nexus 5X Build/MMB29P) AppleWebKit/537.36 (KHTML, like Gecko) Chrome/140.0.7339.207 Mobile Safari/537.36 (compatible; GoogleOther)" 290 **0/290126**
66.249.79.224 - - [30/Sep/2025:05:50:53 -0700] "GET /?n=89848115878400&channel=44da80&from=article.php?shop/pg/1005024010/ HTTP/1.1" 200 22570 "-" "Mozilla/5.0 (Linux; Android 6.0.1; Nexus 5X Build/MMB29P) AppleWebKit/537.36 (KHTML, like Gecko) Chrome/140.0.7339.207 Mobile Safari/537.36 (compatible; GoogleOther)" 310 **0/310335**
66.249.79.67 - - [30/Sep/2025:05:50:54 -0700] "GET /special1969265024?kg=1966728087 HTTP/1.1" 200 23019 "-" "Mozilla/5.0 (Linux; Android 6.0.1; Nexus 5X Build/MMB29P) AppleWebKit/537.36 (KHTML, like Gecko) Chrome/140.0.7339.207 Mobile Safari/537.36 (compatible; GoogleOther)" 275 **0/275320**
66.249.79.68 - - [30/Sep/2025:05:50:55 -0700] "GET /?n=29579149365700&channel=335589&from=jp.php?shop/pg/1005024240 HTTP/1.1" 200 22566 "-" "Mozilla/5.0 (Linux; Android 6.0.1; Nexus 5X Build/MMB29P) AppleWebKit/537.36 (KHTML, like Gecko) Chrome/140.0.7339.207 Mobile Safari/537.36 (compatible; GoogleOther)" 255 **0/255924**
66.249.79.225 - - [30/Sep/2025:05:50:57 -0700] "GET /?n=3042792182602&channel=8d9064&from=news.php?shop/pg/1SiteUse/ HTTP/1.1" 200 22537 "-" "Mozilla/5.0 (Linux; Android 6.0.1; Nexus 5X Build/MMB29P) AppleWebKit/537.36 (KHTML, like Gecko) Chrome/140.0.7339.207 Mobile Safari/537.36 (compatible; GoogleOther)" 253 **0/253134**
66.249.79.224 - - [30/Sep/2025:05:50:57 -0700] "GET /special2194004960?kg=2191178411 HTTP/1.1" 200 21741 "-" "Mozilla/5.0 (Linux; Android 6.0.1; Nexus 5X Build/MMB29P) AppleWebKit/537.36 (KHTML, like Gecko) Chrome/140.0.7339.207 Mobile Safari/537.36 (compatible; Googlebot/2.1; +http://www.google.com/bot.html)" 267 **0/267310**
66.249.79.225 - - [30/Sep/2025:05:50:58 -0700] "GET /?n=3170456276705&channel=bc45ce&from=blog.php?shop/pg/1005024086/ HTTP/1.1" 200 22568 "-" "Mozilla/5.0 (Linux; Android 6.0.1; Nexus 5X Build/MMB29P) AppleWebKit/537.36 (KHTML, like Gecko) Chrome/140.0.7339.207 Mobile Safari/537.36 (compatible; GoogleOther)" 260 **0/260980**
66.249.79.69 - - [30/Sep/2025:05:51:00 -0700] "GET /?n=51589153414305&channel=0e61e1&from=goods.php?shop/e/e009001036001/ HTTP/1.1" 200 22923 "-" "Mozilla/5.0 (Linux; Android 6.0.1; Nexus 5X Build/MMB29P) AppleWebKit/537.36 (KHTML, like Gecko) Chrome/140.0.7339.207 Mobile Safari/537.36 (compatible; GoogleOther)" 354 **0/354550**
66.249.79.68 - - [30/Sep/2025:05:51:01 -0700] "GET /?n=82201138630400&channel=42f9cd&from=shared.php?shop/storeSearch/CriteriaInput.aspx HTTP/1.1" 200 21532 "-" "Mozilla/5.0 (Linux; Android 6.0.1; Nexus 5X Build/MMB29P) AppleWebKit/537.36 (KHTML, like Gecko) Chrome/140.0.7339.207 Mobile Safari/537.36 (compatible; GoogleOther)" 273 **0/273829**
66.249.79.224 - - [30/Sep/2025:05:51:02 -0700] "GET /?n=574624687100&channel=d5b667&from=info.php?shop/pg/1005024010/ HTTP/1.1" 200 22574 "-" "Mozilla/5.0 (Linux; Android 6.0.1; Nexus 5X Build/MMB29P) AppleWebKit/537.36 (KHTML, like Gecko) Chrome/140.0.7339.207 Mobile Safari/537.36 (compatible; GoogleOther)" 553 **0/553541**
66.249.79.225 - - [30/Sep/2025:05:51:04 -0700] "GET /?n=5775079231802&channel=997102&from=jp.php?hg/ HTTP/1.1" 200 22515 "-" "Mozilla/5.0 (Linux; Android 6.0.1; Nexus 5X Build/MMB29P) AppleWebKit/537.36 (KHTML, like Gecko) Chrome/140.0.7339.207 Mobile Safari/537.36 (compatible; GoogleOther)" 312 **0/312974**
66.249.79.225 - - [30/Sep/2025:05:51:05 -0700] "GET /?n=3705990167901&channel=ed9659&from=brands.php?shop/pg/1SiteUse/ HTTP/1.1" 200 22534 "-" "Mozilla/5.0 (Linux; Android 6.0.1; Nexus 5X Build/MMB29P) AppleWebKit/537.36 (KHTML, like Gecko) Chrome/140.0.7339.207 Mobile Safari/537.36 (compatible; GoogleOther)" 266 **0/266115**
114.119.163.52 - - [30/Sep/2025:05:51:06 -0700] "GET /category/tadhana-slot-777-login-download-723/?fileloc=/home/ykk9qst4f1zf/public_html/wp-config-sample.php&path=/home/ykk9qst4f1zf/public_html HTTP/1.1" 200 3809 "https://ingecolsas.com/category/tadhana-slot-777-login-download-723/" "Mozilla/5.0 (Linux; Android 7.0;) AppleWebKit/537.36 (KHTML, like Gecko) Mobile Safari/537.36 (compatible; PetalBot;+https://webmaster.petalsearch.com/site/petalbot)" 212 **0/212013**
66.249.79.224 - - [30/Sep/2025:05:51:07 -0700] "GET /?n=94827178157800&channel=82b407&from=info.php?shop/pg/1SiteUse/ HTTP/1.1" 200 22534 "-" "Mozilla/5.0 (Linux; Android 6.0.1; Nexus 5X Build/MMB29P) AppleWebKit/537.36 (KHTML, like Gecko) Chrome/140.0.7339.207 Mobile Safari/537.36 (compatible; GoogleOther)" 345 **0/345781**
66.249.79.67 - - [30/Sep/2025:05:51:08 -0700] "GET /special1957674176?kg=1955152175 HTTP/1.1" 200 25797 "-" "Mozilla/5.0 (Linux; Android 6.0.1; Nexus 5X Build/MMB29P) AppleWebKit/537.36 (KHTML, like Gecko) Chrome/140.0.7339.207 Mobile Safari/537.36 (compatible; GoogleOther)" 298 **0/298410**
66.249.79.68 - - [30/Sep/2025:05:51:10 -0700] "GET /?n=24178159006500&channel=478a70&from=jp.php?contents/event/kansyasai/ HTTP/1.1" 200 22790 "-" "Mozilla/5.0 (Linux; Android 6.0.1; Nexus 5X Build/MMB29P) AppleWebKit/537.36 (KHTML, like Gecko) Chrome/140.0.7339.207 Mobile Safari/537.36 (compatible; GoogleOther)" 313 **0/313291**
66.249.79.68 - - [30/Sep/2025:05:51:10 -0700] "GET /?n=7113868667310&channel=5efc3d&from=shared.php%3Fid%3D686673-1059%26name%3D%E3%81%B5%E3%81%A1%E4%BB%98%E3%81%8D%E6%96%87%E5%AD%97%E3%83%BB%E5%BD%B1%E4%BB%98%E3%81%8D%E6%96%87%E5%AD%97%285%E6%96%87%E5%AD%97%E3%81%BE%E3%81%A7%29%E5%88%BA%E7%B9%8D%E4%BB%98%E3%81%8D+%E9%BB%92%E5%B8%AF++%E3%83%9F%E3%82%BA%E3%83%8E%E9%BB%92%E5%B8%AF%E3%80%9022JV8A1009%E3%80%91%E5%B9%B3%E7%B9%94%E7%94%9F%E5%9C%B0%E5%B8%AF+IJF%E3%83%9E%E3%83%BC%E3%82%AF%E4%BB%98%E3%81%8D+%E2%80%BB%E5%85%88%E5%85%A5%E3%82%8C%E5%8A%A0%E5%B7%A5%E8%A3%8F%E6%8A%9C%E3%81%91%E3%81%AA%E3%81%97+nashi-22JV8A1009 HTTP/1.1" 200 22146 "-" "Mozilla/5.0 (Linux; Android 6.0.1; Nexus 5X Build/MMB29P) AppleWebKit/537.36 (KHTML, like Gecko) Chrome/140.0.7339.207 Mobile Safari/537.36 (compatible; Googlebot/2.1; +http://www.google.com/bot.html)" 393 **0/393905**
66.249.79.68 - - [30/Sep/2025:05:51:11 -0700] "GET /?n=10210172494901&channel=43e18a&from=info.php?shop/pg/1AgreementInfo/ HTTP/1.1" 200 21869 "-" "Mozilla/5.0 (Linux; Android 6.0.1; Nexus 5X Build/MMB29P) AppleWebKit/537.36 (KHTML, like Gecko) Chrome/140.0.7339.207 Mobile Safari/537.36 (compatible; GoogleOther)" 303 **0/303022**
66.249.79.224 - - [30/Sep/2025:05:51:13 -0700] "GET /?n=70050187801306&channel=34674f&from=brands.php?shop/pg/1sancyoku/ HTTP/1.1" 200 21880 "-" "Mozilla/5.0 (Linux; Android 6.0.1; Nexus 5X Build/MMB29P) AppleWebKit/537.36 (KHTML, like Gecko) Chrome/140.0.7339.207 Mobile Safari/537.36 (compatible; GoogleOther)" 260 **0/260491**
66.249.79.224 - - [30/Sep/2025:05:51:14 -0700] "GET /?n=18602136077800&channel=b94dad&from=article.php?shop/pg/1sancyoku/ HTTP/1.1" 200 21880 "-" "Mozilla/5.0 (Linux; Android 6.0.1; Nexus 5X Build/MMB29P) AppleWebKit/537.36 (KHTML, like Gecko) Chrome/140.0.7339.207 Mobile Safari/537.36 (compatible; GoogleOther)" 263 **0/263414**
66.249.79.224 - - [30/Sep/2025:05:51:15 -0700] "GET /?n=7180416410800&channel=7ff534&from=jp.php?shop/pg/1005024010/ HTTP/1.1" 200 22577 "-" "Mozilla/5.0 (Linux; Android 6.0.1; Nexus 5X Build/MMB29P) AppleWebKit/537.36 (KHTML, like Gecko) Chrome/140.0.7339.207 Mobile Safari/537.36 (compatible; GoogleOther)" 276 **0/276132**
66.249.79.224 - - [30/Sep/2025:05:51:17 -0700] "GET /?n=2803654669300&channel=46247c&from=product.php?shop/pg/1sancyoku/ HTTP/1.1" 200 21877 "-" "Mozilla/5.0 (Linux; Android 6.0.1; Nexus 5X Build/MMB29P) AppleWebKit/537.36 (KHTML, like Gecko) Chrome/140.0.7339.207 Mobile Safari/537.36 (compatible; GoogleOther)" 507 **0/507063**
66.249.79.224 - - [30/Sep/2025:05:51:18 -0700] "GET /?n=289935620600&channel=629ea0&from=shop.php?contents/renga/ HTTP/1.1" 200 22004 "-" "Mozilla/5.0 (Linux; Android 6.0.1; Nexus 5X Build/MMB29P) AppleWebKit/537.36 (KHTML, like Gecko) Chrome/140.0.7339.207 Mobile Safari/537.36 (compatible; GoogleOther)" 360 **0/360435**
66.249.79.224 - - [30/Sep/2025:05:51:20 -0700] "GET /?n=8909250385700&channel=ef0f29&from=article.php?shop/pg/1AvailableInfo/ HTTP/1.1" 200 21870 "-" "Mozilla/5.0 (Linux; Android 6.0.1; Nexus 5X Build/MMB29P) AppleWebKit/537.36 (KHTML, like Gecko) Chrome/140.0.7339.207 Mobile Safari/537.36 (compatible; GoogleOther)" 485 **0/485519**
66.249.79.67 - - [30/Sep/2025:05:51:21 -0700] "GET /?n=9156829638804&channel=1ab23a&from=goods.php?shop/storeSearch/CriteriaInput.aspx HTTP/1.1" 200 22173 "-" "Mozilla/5.0 (Linux; Android 6.0.1; Nexus 5X Build/MMB29P) AppleWebKit/537.36 (KHTML, like Gecko) Chrome/140.0.7339.207 Mobile Safari/537.36 (compatible; GoogleOther)" 331 **0/331584**
66.249.79.67 - - [30/Sep/2025:05:51:22 -0700] "GET /?n=1084252704300&channel=143e16&from=shared.php?shop/e/e009001036001/ HTTP/1.1" 200 22921 "-" "Mozilla/5.0 (Linux; Android 6.0.1; Nexus 5X Build/MMB29P) AppleWebKit/537.36 (KHTML, like Gecko) Chrome/140.0.7339.207 Mobile Safari/537.36 (compatible; GoogleOther)" 466 **0/466457**
66.249.79.67 - - [30/Sep/2025:05:51:23 -0700] "GET /?n=00911170962201&channel=0d12b3&from=info.php?shop/pg/1sancyoku HTTP/1.1" 200 21876 "-" "Mozilla/5.0 (Linux; Android 6.0.1; Nexus 5X Build/MMB29P) AppleWebKit/537.36 (KHTML, like Gecko) Chrome/140.0.7339.207 Mobile Safari/537.36 (compatible; Googlebot/2.1; +http://www.google.com/bot.html)" 353 **0/353428**
66.249.79.67 - - [30/Sep/2025:05:51:23 -0700] "GET /?n=519681844900&channel=316426&from=blog.php?shop/pg/1howto/ HTTP/1.1" 200 21880 "-" "Mozilla/5.0 (Linux; Android 6.0.1; Nexus 5X Build/MMB29P) AppleWebKit/537.36 (KHTML, like Gecko) Chrome/140.0.7339.207 Mobile Safari/537.36 (compatible; Googlebot/2.1; +http://www.google.com/bot.html)" 343 **0/343383**
66.249.79.224 - - [30/Sep/2025:05:51:24 -0700] "GET /?n=0014866719006&channel=06cafc&from=shared.php?shop/pg/1AgreementInfo/ HTTP/1.1" 200 22542 "-" "Mozilla/5.0 (Linux; Android 6.0.1; Nexus 5X Build/MMB29P) AppleWebKit/537.36 (KHTML, like Gecko) Chrome/140.0.7339.207 Mobile Safari/537.36 (compatible; GoogleOther)" 298 **0/298992**
66.249.79.67 - - [30/Sep/2025:05:51:25 -0700] "GET /special1959836376?kg=1957311590 HTTP/1.1" 200 24610 "-" "Mozilla/5.0 (Linux; Android 6.0.1; Nexus 5X Build/MMB29P) AppleWebKit/537.36 (KHTML, like Gecko) Chrome/140.0.7339.207 Mobile Safari/537.36 (compatible; GoogleOther)" 439 **0/439186**
66.249.79.67 - - [30/Sep/2025:05:51:26 -0700] "GET /?n=6629594458110&channel=6b71a1&from=news.php?shop/pg/1005022001/ HTTP/1.1" 200 22858 "-" "Mozilla/5.0 (Linux; Android 6.0.1; Nexus 5X Build/MMB29P) AppleWebKit/537.36 (KHTML, like Gecko) Chrome/140.0.7339.207 Mobile Safari/537.36 (compatible; GoogleOther)" 292 **0/292187**
66.249.79.224 - - [30/Sep/2025:05:51:28 -0700] "GET /?n=23359189123300&channel=f2fda7&from=info.php?shop/pg/1005022001/ HTTP/1.1" 200 22213 "-" "Mozilla/5.0 (Linux; Android 6.0.1; Nexus 5X Build/MMB29P) AppleWebKit/537.36 (KHTML, like Gecko) Chrome/140.0.7339.207 Mobile Safari/537.36 (compatible; GoogleOther)" 304 **0/304144**
66.249.79.68 - - [30/Sep/2025:05:51:29 -0700] "GET /?n=7018614889801&channel=1de6fc&from=shared.php?contents/renga/ HTTP/1.1" 200 21999 "-" "Mozilla/5.0 (Linux; Android 6.0.1; Nexus 5X Build/MMB29P) AppleWebKit/537.36 (KHTML, like Gecko) Chrome/140.0.7339.207 Mobile Safari/537.36 (compatible; GoogleOther)" 385 **0/385435**
66.249.79.67 - - [30/Sep/2025:05:51:30 -0700] "GET /?n=2993584793500&channel=5363e1&from=shared.php?contents/reform/ HTTP/1.1" 200 22418 "-" "Mozilla/5.0 (Linux; Android 6.0.1; Nexus 5X Build/MMB29P) AppleWebKit/537.36 (KHTML, like Gecko) Chrome/140.0.7339.207 Mobile Safari/537.36 (compatible; GoogleOther)" 477 **0/477951**
57.141.6.19 - - [30/Sep/2025:05:51:32 -0700] "GET /special970393432?kg=0969143702 HTTP/2.0" 200 84403 "-" "meta-externalagent/1.1 (+https://developers.facebook.com/docs/sharing/webmasters/crawler)" 606 **0/606195**
66.249.79.225 - - [30/Sep/2025:05:51:32 -0700] "GET /?n=9310272536700&channel=c9100a&from=info.php?shop/pg/1AvailableInfo/ HTTP/1.1" 200 22534 "-" "Mozilla/5.0 (Linux; Android 6.0.1; Nexus 5X Build/MMB29P) AppleWebKit/537.36 (KHTML, like Gecko) Chrome/140.0.7339.207 Mobile Safari/537.36 (compatible; GoogleOther)" 837 **0/837933**
66.249.79.68 - - [30/Sep/2025:05:51:33 -0700] "GET /?n=8478543874402&channel=4c1ab4&from=jp.php?shop/pg/1SiteUse HTTP/1.1" 200 22532 "-" "Mozilla/5.0 (Linux; Android 6.0.1; Nexus 5X Build/MMB29P) AppleWebKit/537.36 (KHTML, like Gecko) Chrome/140.0.7339.207 Mobile Safari/537.36 (compatible; GoogleOther)" 381 **0/381949**
66.249.79.224 - - [30/Sep/2025:05:51:35 -0700] "GET /?n=07808199468600&channel=e21803&from=goods.php?reserve/tool/ HTTP/1.1" 200 22494 "-" "Mozilla/5.0 (Linux; Android 6.0.1; Nexus 5X Build/MMB29P) AppleWebKit/537.36 (KHTML, like Gecko) Chrome/140.0.7339.207 Mobile Safari/537.36 (compatible; GoogleOther)" 293 **0/293871**
80.255.5.230 - - [30/Sep/2025:05:51:35 -0700] "POST /xmlrpc.php HTTP/1.1" 200 84403 "-" "Mozilla/5.0 (Windows NT 10.0; Win64; x64) AppleWebKit/537.36 (KHTML, like Gecko) Chrome/114.0.0.0 Safari/537.36 Vivaldi/5.3.2679.68" 892 **0/892804**
66.249.79.225 - - [30/Sep/2025:05:51:36 -0700] "GET /?n=9965996598000&channel=35b8e6&from=blog.php?shop/pg/1sancyoku/ HTTP/1.1" 200 22543 "-" "Mozilla/5.0 (Linux; Android 6.0.1; Nexus 5X Build/MMB29P) AppleWebKit/537.36 (KHTML, like Gecko) Chrome/140.0.7339.207 Mobile Safari/537.36 (compatible; GoogleOther)" 276 **0/276465**
80.255.5.230 - - [30/Sep/2025:05:51:36 -0700] "POST /xmlrpc.php HTTP/1.1" 200 84403 "-" "Mozilla/5.0 (Windows NT 10.0; Win64; x64) AppleWebKit/537.36 (KHTML, like Gecko) Chrome/114.0.0.0 Safari/537.36 Vivaldi/5.3.2679.68" 277 **0/277495**
80.255.5.230 - - [30/Sep/2025:05:51:37 -0700] "POST /xmlrpc.php HTTP/1.1" 200 84403 "-" "Mozilla/5.0 (Windows NT 10.0; Win64; x64) AppleWebKit/537.36 (KHTML, like Gecko) Chrome/114.0.0.0 Safari/537.36 Vivaldi/5.3.2679.68" 200 **0/200787**
66.249.79.225 - - [30/Sep/2025:05:51:37 -0700] "GET /special745969576?kg=0745009052 HTTP/1.1" 200 22781 "-" "Mozilla/5.0 (Linux; Android 6.0.1; Nexus 5X Build/MMB29P) AppleWebKit/537.36 (KHTML, like Gecko) Chrome/140.0.7339.207 Mobile Safari/537.36 (compatible; Googlebot/2.1; +http://www.google.com/bot.html)" 337 **0/337177**
66.249.79.225 - - [30/Sep/2025:05:51:38 -0700] "GET /?n=2120518241400&channel=fb9c9c&from=news.php?shop/pg/1Sitemap/ HTTP/1.1" 200 22554 "-" "Mozilla/5.0 (Linux; Android 6.0.1; Nexus 5X Build/MMB29P) AppleWebKit/537.36 (KHTML, like Gecko) Chrome/140.0.7339.207 Mobile Safari/537.36 (compatible; GoogleOther)" 372 **0/372895**
80.255.5.230 - - [30/Sep/2025:05:51:39 -0700] "POST /xmlrpc.php HTTP/1.1" 200 84403 "-" "Mozilla/5.0 (Windows NT 10.0; Win64; x64) AppleWebKit/537.36 (KHTML, like Gecko) Chrome/114.0.0.0 Safari/537.36 Vivaldi/5.3.2679.68" 64 **0/64580**
66.249.79.225 - - [30/Sep/2025:05:51:39 -0700] "GET /?n=4093141695201&channel=abb70a&from=product.php?shop/pg/1Sitemap HTTP/1.1" 200 21881 "-" "Mozilla/5.0 (Linux; Android 6.0.1; Nexus 5X Build/MMB29P) AppleWebKit/537.36 (KHTML, like Gecko) Chrome/140.0.7339.207 Mobile Safari/537.36 (compatible; GoogleOther)" 312 **0/312656**
