216.73.216.161 - - [30/Sep/2025:05:46:56 -0700] "GET /special1650995096?path=%2Fhome%2Fykk9qst4f1zf%2Fpublic_html%2F.hcc.thumbs HTTP/2.0" 200 4632 "-" "Mozilla/5.0 AppleWebKit/537.36 (KHTML, like Gecko; compatible; ClaudeBot/1.0; +claudebot@anthropic.com)" 157 **0/157867**
66.249.79.224 - - [30/Sep/2025:05:46:57 -0700] "GET /special9624216?kg=0009612590 HTTP/1.1" 200 22259 "-" "Mozilla/5.0 (Linux; Android 6.0.1; Nexus 5X Build/MMB29P) AppleWebKit/537.36 (KHTML, like Gecko) Chrome/140.0.7339.207 Mobile Safari/537.36 (compatible; Googlebot/2.1; +http://www.google.com/bot.html)" 292 **0/292588**
66.249.79.224 - - [30/Sep/2025:05:46:57 -0700] "GET /?n=0069163714800&channel=a89710&from=goods.php?shop/pg/1AvailableInfo/ HTTP/1.1" 200 22533 "-" "Mozilla/5.0 (Linux; Android 6.0.1; Nexus 5X Build/MMB29P) AppleWebKit/537.36 (KHTML, like Gecko) Chrome/140.0.7339.207 Mobile Safari/537.36 (compatible; GoogleOther)" 473 **0/473598**
66.249.79.225 - - [30/Sep/2025:05:46:58 -0700] "GET /special2040209536?kg=2037581175 HTTP/1.1" 200 22366 "-" "Mozilla/5.0 (Linux; Android 6.0.1; Nexus 5X Build/MMB29P) AppleWebKit/537.36 (KHTML, like Gecko) Chrome/140.0.7339.207 Mobile Safari/537.36 (compatible; Googlebot/2.1; +http://www.google.com/bot.html)" 393 **0/393830**
94.103.88.24 - - [30/Sep/2025:05:46:58 -0700] "GET / HTTP/1.1" 200 4913 "-" "Mozilla/5.0 (Macintosh; Intel Mac OS X 10_15_7) AppleWebKit/537.36 (KHTML, like Gecko) Chrome/133.0.0.0 Safari/537.36" 305 **0/305589**
66.249.79.224 - - [30/Sep/2025:05:46:59 -0700] "GET /?n=89781113338800&channel=a6d74f&from=jp.php?shop/pg/1005024086/ HTTP/1.1" 200 22569 "-" "Mozilla/5.0 (Linux; Android 6.0.1; Nexus 5X Build/MMB29P) AppleWebKit/537.36 (KHTML, like Gecko) Chrome/140.0.7339.207 Mobile Safari/537.36 (compatible; GoogleOther)" 579 **0/579650**
216.73.216.161 - - [30/Sep/2025:05:46:59 -0700] "GET /special1704160424?path=%2Fhome%2Fykk9qst4f1zf%2Fpublic_html HTTP/2.0" 200 4171 "-" "Mozilla/5.0 AppleWebKit/537.36 (KHTML, like Gecko; compatible; ClaudeBot/1.0; +claudebot@anthropic.com)" 234 **0/234851**
94.103.88.24 - - [30/Sep/2025:05:46:59 -0700] "GET /?fileloc=/home/ykk9qst4f1zf/public_html/.htaccess&path=/home/ykk9qst4f1zf/public_html HTTP/1.1" 200 3277 "-" "Mozilla/5.0 (Macintosh; Intel Mac OS X 10_15_7) AppleWebKit/537.36 (KHTML, like Gecko) Chrome/133.0.0.0 Safari/537.36" 256 **0/256994**
66.249.79.225 - - [30/Sep/2025:05:47:00 -0700] "GET /?n=1791137131401&channel=2acb8e&from=jp.php?shop/pg/1005024010/ HTTP/1.1" 200 22566 "-" "Mozilla/5.0 (Linux; Android 6.0.1; Nexus 5X Build/MMB29P) AppleWebKit/537.36 (KHTML, like Gecko) Chrome/140.0.7339.207 Mobile Safari/537.36 (compatible; GoogleOther)" 348 **0/348320**
94.103.88.24 - - [30/Sep/2025:05:47:01 -0700] "GET /?fileloc=/home/ykk9qst4f1zf/public_html/error_log&path=/home/ykk9qst4f1zf/public_html HTTP/1.1" 200 38731 "-" "Mozilla/5.0 (Macintosh; Intel Mac OS X 10_15_7) AppleWebKit/537.36 (KHTML, like Gecko) Chrome/133.0.0.0 Safari/537.36" 275 **0/275462**
94.103.88.24 - - [30/Sep/2025:05:47:02 -0700] "GET /?fileloc=/home/ykk9qst4f1zf/public_html/wp-blog-header.php&path=/home/ykk9qst4f1zf/public_html HTTP/1.1" 200 2689 "-" "Mozilla/5.0 (Macintosh; Intel Mac OS X 10_15_7) AppleWebKit/537.36 (KHTML, like Gecko) Chrome/133.0.0.0 Safari/537.36" 636 **0/636941**
66.249.79.68 - - [30/Sep/2025:05:47:02 -0700] "GET /?n=82201138630400&channel=42f9cd&from=shared.php?shop/customer/entry.aspx HTTP/1.1" 200 23374 "-" "Mozilla/5.0 (Linux; Android 6.0.1; Nexus 5X Build/MMB29P) AppleWebKit/537.36 (KHTML, like Gecko) Chrome/140.0.7339.207 Mobile Safari/537.36 (compatible; GoogleOther)" 865 **0/865935**
216.73.216.161 - - [30/Sep/2025:05:47:02 -0700] "GET /special862636768?path=%2Fhome%2Fykk9qst4f1zf%2Fpublic_html%2F.hcc.thumbs HTTP/2.0" 200 4632 "-" "Mozilla/5.0 AppleWebKit/537.36 (KHTML, like Gecko; compatible; ClaudeBot/1.0; +claudebot@anthropic.com)" 245 **0/245342**
94.103.88.24 - - [30/Sep/2025:05:47:03 -0700] "GET /?fileloc=/home/ykk9qst4f1zf/public_html/wp-comments-post.php&path=/home/ykk9qst4f1zf/public_html HTTP/1.1" 200 3562 "-" "Mozilla/5.0 (Macintosh; Intel Mac OS X 10_15_7) AppleWebKit/537.36 (KHTML, like Gecko) Chrome/133.0.0.0 Safari/537.36" 271 **0/271006**
66.249.79.69 - - [30/Sep/2025:05:47:03 -0700] "GET /special1957595536?kg=1955073637 HTTP/1.1" 200 22902 "-" "Mozilla/5.0 (Linux; Android 6.0.1; Nexus 5X Build/MMB29P) AppleWebKit/537.36 (KHTML, like Gecko) Chrome/140.0.7339.207 Mobile Safari/537.36 (compatible; GoogleOther)" 367 **0/367352**
94.103.88.24 - - [30/Sep/2025:05:47:04 -0700] "GET /?fileloc=/home/ykk9qst4f1zf/public_html/wp-login.php&path=/home/ykk9qst4f1zf/public_html HTTP/1.1" 200 15781 "-" "Mozilla/5.0 (Macintosh; Intel Mac OS X 10_15_7) AppleWebKit/537.36 (KHTML, like Gecko) Chrome/133.0.0.0 Safari/537.36" 281 **0/281886**
66.249.79.225 - - [30/Sep/2025:05:47:05 -0700] "GET /?n=5285091196000&channel=5a3a5e&from=shared.php?shop/pg/1AvailableInfo HTTP/1.1" 200 22531 "-" "Mozilla/5.0 (Linux; Android 6.0.1; Nexus 5X Build/MMB29P) AppleWebKit/537.36 (KHTML, like Gecko) Chrome/140.0.7339.207 Mobile Safari/537.36 (compatible; GoogleOther)" 307 **0/307365**
216.73.216.161 - - [30/Sep/2025:05:47:05 -0700] "GET /special2064285184?path=%2Fhome%2Fykk9qst4f1zf%2Fpublic_html HTTP/2.0" 200 4171 "-" "Mozilla/5.0 AppleWebKit/537.36 (KHTML, like Gecko; compatible; ClaudeBot/1.0; +claudebot@anthropic.com)" 235 **0/235413**
94.103.88.24 - - [30/Sep/2025:05:47:06 -0700] "GET /?fileloc=/home/ykk9qst4f1zf/public_html/wp-signup.php&path=/home/ykk9qst4f1zf/public_html HTTP/1.1" 200 10725 "-" "Mozilla/5.0 (Macintosh; Intel Mac OS X 10_15_7) AppleWebKit/537.36 (KHTML, like Gecko) Chrome/133.0.0.0 Safari/537.36" 157 **0/157737**
66.249.79.68 - - [30/Sep/2025:05:47:07 -0700] "GET /?n=24986135313508&channel=880199&from=category-info.php?shop/pg/1sancyoku/ HTTP/1.1" 200 22537 "-" "Mozilla/5.0 (Linux; Android 6.0.1; Nexus 5X Build/MMB29P) AppleWebKit/537.36 (KHTML, like Gecko) Chrome/140.0.7339.207 Mobile Safari/537.36 (compatible; GoogleOther)" 295 **0/295737**
66.249.79.224 - - [30/Sep/2025:05:47:08 -0700] "GET /?n=12003124663701&channel=b42d9f&from=article.php?shop/pg/1AvailableInfo/ HTTP/1.1" 200 21868 "-" "Mozilla/5.0 (Linux; Android 6.0.1; Nexus 5X Build/MMB29P) AppleWebKit/537.36 (KHTML, like Gecko) Chrome/140.0.7339.207 Mobile Safari/537.36 (compatible; GoogleOther)" 351 **0/351393**
216.73.216.161 - - [30/Sep/2025:05:47:08 -0700] "GET /special1704717824?path=%2Fhome%2Fykk9qst4f1zf%2Fpublic_html%2F.hcc.thumbs HTTP/2.0" 200 4632 "-" "Mozilla/5.0 AppleWebKit/537.36 (KHTML, like Gecko; compatible; ClaudeBot/1.0; +claudebot@anthropic.com)" 230 **0/230772**
66.249.79.67 - - [30/Sep/2025:05:47:10 -0700] "GET /?n=2260834341305&channel=a718dd&from=shared.php?shop/e/e009001044001/ HTTP/1.1" 200 22637 "-" "Mozilla/5.0 (Linux; Android 6.0.1; Nexus 5X Build/MMB29P) AppleWebKit/537.36 (KHTML, like Gecko) Chrome/140.0.7339.207 Mobile Safari/537.36 (compatible; GoogleOther)" 314 **0/314398**
66.249.79.67 - - [30/Sep/2025:05:47:11 -0700] "GET /?n=00692120339604&channel=79951e&from=article.php?toyu/top/CKmSpSfTop.jsp HTTP/1.1" 200 21975 "-" "Mozilla/5.0 (Linux; Android 6.0.1; Nexus 5X Build/MMB29P) AppleWebKit/537.36 (KHTML, like Gecko) Chrome/140.0.7339.207 Mobile Safari/537.36 (compatible; GoogleOther)" 320 **0/320991**
216.73.216.161 - - [30/Sep/2025:05:47:11 -0700] "GET /special862667560?path=%2Fhome%2Fykk9qst4f1zf%2Fpublic_html%2F.hcc.thumbs HTTP/2.0" 200 4632 "-" "Mozilla/5.0 AppleWebKit/537.36 (KHTML, like Gecko; compatible; ClaudeBot/1.0; +claudebot@anthropic.com)" 145 **0/145555**
66.249.79.67 - - [30/Sep/2025:05:47:12 -0700] "GET /?n=7867283162701&channel=5a564c&from=goods.php?shop/pg/1005024010/ HTTP/1.1" 200 22564 "-" "Mozilla/5.0 (Linux; Android 6.0.1; Nexus 5X Build/MMB29P) AppleWebKit/537.36 (KHTML, like Gecko) Chrome/140.0.7339.207 Mobile Safari/537.36 (compatible; GoogleOther)" 355 **0/355360**
66.249.79.224 - - [30/Sep/2025:05:47:14 -0700] "GET /?n=24710169696803&channel=3c3f21&from=article.php?shop/pg/1005024086/ HTTP/1.1" 200 22563 "-" "Mozilla/5.0 (Linux; Android 6.0.1; Nexus 5X Build/MMB29P) AppleWebKit/537.36 (KHTML, like Gecko) Chrome/140.0.7339.207 Mobile Safari/537.36 (compatible; GoogleOther)" 384 **0/384994**
216.73.216.161 - - [30/Sep/2025:05:47:14 -0700] "GET /special1704245504?path=%2Fhome%2Fykk9qst4f1zf%2Fpublic_html HTTP/2.0" 200 4171 "-" "Mozilla/5.0 AppleWebKit/537.36 (KHTML, like Gecko; compatible; ClaudeBot/1.0; +claudebot@anthropic.com)" 226 **0/226531**
66.249.79.224 - - [30/Sep/2025:05:47:15 -0700] "GET /?n=0001264864806&channel=16f6c4&from=info.php?shop/pg/1005024240/ HTTP/1.1" 200 22567 "-" "Mozilla/5.0 (Linux; Android 6.0.1; Nexus 5X Build/MMB29P) AppleWebKit/537.36 (KHTML, like Gecko) Chrome/140.0.7339.207 Mobile Safari/537.36 (compatible; GoogleOther)" 382 **0/382261**
66.249.79.224 - - [30/Sep/2025:05:47:17 -0700] "GET /?n=2785610438701&channel=0903a1&from=news.php?shop/pg/1005022001/ HTTP/1.1" 200 22204 "-" "Mozilla/5.0 (Linux; Android 6.0.1; Nexus 5X Build/MMB29P) AppleWebKit/537.36 (KHTML, like Gecko) Chrome/140.0.7339.207 Mobile Safari/537.36 (compatible; GoogleOther)" 308 **0/308735**
216.73.216.161 - - [30/Sep/2025:05:47:17 -0700] "GET /special1704310440?path=%2Fhome%2Fykk9qst4f1zf%2Fpublic_html%2F.hcc.thumbs HTTP/2.0" 200 4632 "-" "Mozilla/5.0 AppleWebKit/537.36 (KHTML, like Gecko; compatible; ClaudeBot/1.0; +claudebot@anthropic.com)" 230 **0/230376**
66.249.79.224 - - [30/Sep/2025:05:47:18 -0700] "GET /?n=756802575504&channel=eb1e3b&from=info.php?shop/pg/1005024010/ HTTP/1.1" 200 22575 "-" "Mozilla/5.0 (Linux; Android 6.0.1; Nexus 5X Build/MMB29P) AppleWebKit/537.36 (KHTML, like Gecko) Chrome/140.0.7339.207 Mobile Safari/537.36 (compatible; GoogleOther)" 296 **0/296455**
84.17.46.208 - - [30/Sep/2025:05:47:19 -0700] "GET /wp-json/wp/v2/pages HTTP/1.1" 200 4913 "-" "python-requests/2.32.3" 281 **0/281791**
66.249.79.67 - - [30/Sep/2025:05:47:20 -0700] "GET /special1959920184?kg=1957395290 HTTP/1.1" 200 21889 "-" "Mozilla/5.0 (Linux; Android 6.0.1; Nexus 5X Build/MMB29P) AppleWebKit/537.36 (KHTML, like Gecko) Chrome/140.0.7339.207 Mobile Safari/537.36 (compatible; GoogleOther)" 346 **0/346952**
84.17.46.208 - - [30/Sep/2025:05:47:20 -0700] "GET /wp-json/wp/v2/settings HTTP/1.1" 200 4913 "-" "python-requests/2.32.3" 297 **0/297128**
216.73.216.161 - - [30/Sep/2025:05:47:20 -0700] "GET /special1704248080?path=%2Fhome%2Fykk9qst4f1zf%2Fpublic_html HTTP/2.0" 200 4171 "-" "Mozilla/5.0 AppleWebKit/537.36 (KHTML, like Gecko; compatible; ClaudeBot/1.0; +claudebot@anthropic.com)" 224 **0/224600**
66.249.79.224 - - [30/Sep/2025:05:47:21 -0700] "GET /?n=10529152506406&channel=47922f&from=form.php?contents/renga/ HTTP/1.1" 200 22697 "-" "Mozilla/5.0 (Linux; Android 6.0.1; Nexus 5X Build/MMB29P) AppleWebKit/537.36 (KHTML, like Gecko) Chrome/140.0.7339.207 Mobile Safari/537.36 (compatible; GoogleOther)" 349 **0/349023**
84.17.46.208 - - [30/Sep/2025:05:47:21 -0700] "GET /wp-json/wp/v2/pages HTTP/1.1" 200 4913 "-" "python-requests/2.32.3" 295 **0/295054**
84.17.46.208 - - [30/Sep/2025:05:47:22 -0700] "GET /wp-json/wp/v2/settings HTTP/1.1" 200 4913 "-" "python-requests/2.32.3" 186 **0/186538**
66.249.79.67 - - [30/Sep/2025:05:47:22 -0700] "GET /?n=8848370953700&channel=d8cfb9&from=shared.php?shop/pg/1AgreementInfo/ HTTP/1.1" 200 22538 "-" "Mozilla/5.0 (Linux; Android 6.0.1; Nexus 5X Build/MMB29P) AppleWebKit/537.36 (KHTML, like Gecko) Chrome/140.0.7339.207 Mobile Safari/537.36 (compatible; GoogleOther)" 344 **0/344536**
66.249.79.67 - - [30/Sep/2025:05:47:23 -0700] "GET /?n=7192548805700&channel=ff4981&from=news.php?shop/pg/1005022001/ HTTP/1.1" 200 22857 "-" "Mozilla/5.0 (Linux; Android 6.0.1; Nexus 5X Build/MMB29P) AppleWebKit/537.36 (KHTML, like Gecko) Chrome/140.0.7339.207 Mobile Safari/537.36 (compatible; Googlebot/2.1; +http://www.google.com/bot.html)" 303 **0/303087**
65.108.78.33 - - [30/Sep/2025:05:47:23 -0700] "GET /robots.txt HTTP/1.1" 200 79 "-" "Mozilla/5.0 (compatible; MJ12bot/v1.4.8; http://mj12bot.com/)" 6 **0/6866**
66.249.79.67 - - [30/Sep/2025:05:47:23 -0700] "GET /?n=0341467213905&channel=59a83c&from=goods.php?shop/pg/1SiteUse HTTP/1.1" 200 22538 "-" "Mozilla/5.0 (Linux; Android 6.0.1; Nexus 5X Build/MMB29P) AppleWebKit/537.36 (KHTML, like Gecko) Chrome/140.0.7339.207 Mobile Safari/537.36 (compatible; Googlebot/2.1; +http://www.google.com/bot.html)" 321 **0/321103**
216.73.216.161 - - [30/Sep/2025:05:47:24 -0700] "GET /special862691880?path=%2Fhome%2Fykk9qst4f1zf%2Fpublic_html%2F.hcc.thumbs HTTP/2.0" 200 4632 "-" "Mozilla/5.0 AppleWebKit/537.36 (KHTML, like Gecko; compatible; ClaudeBot/1.0; +claudebot@anthropic.com)" 162 **0/162937**
66.249.79.224 - - [30/Sep/2025:05:47:23 -0700] "GET /special1461089288?kg=1459207216 HTTP/1.1" 200 22723 "-" "Mozilla/5.0 (Linux; Android 6.0.1; Nexus 5X Build/MMB29P) AppleWebKit/537.36 (KHTML, like Gecko) Chrome/140.0.7339.207 Mobile Safari/537.36 (compatible; Googlebot/2.1; +http://www.google.com/bot.html)" 283 **0/283970**
66.249.79.224 - - [30/Sep/2025:05:47:23 -0700] "GET /?n=99707171867305&channel=dab66c&from=brands.php?shop/pg/1howto/ HTTP/1.1" 200 22543 "-" "Mozilla/5.0 (Linux; Android 6.0.1; Nexus 5X Build/MMB29P) AppleWebKit/537.36 (KHTML, like Gecko) Chrome/140.0.7339.207 Mobile Safari/537.36 (compatible; GoogleOther)" 327 **0/327843**
66.249.79.68 - - [30/Sep/2025:05:47:25 -0700] "GET /special1960018208?kg=1957493187 HTTP/1.1" 200 22824 "-" "Mozilla/5.0 (Linux; Android 6.0.1; Nexus 5X Build/MMB29P) AppleWebKit/537.36 (KHTML, like Gecko) Chrome/140.0.7339.207 Mobile Safari/537.36 (compatible; GoogleOther)" 392 **0/392924**
66.249.79.224 - - [30/Sep/2025:05:47:26 -0700] "GET /?n=44701129528104&channel=d5da6b&from=product.php?pw/ HTTP/1.1" 200 22283 "-" "Mozilla/5.0 (Linux; Android 6.0.1; Nexus 5X Build/MMB29P) AppleWebKit/537.36 (KHTML, like Gecko) Chrome/140.0.7339.207 Mobile Safari/537.36 (compatible; GoogleOther)" 314 **0/314038**
216.73.216.161 - - [30/Sep/2025:05:47:27 -0700] "GET /special863075984?path=%2Fhome%2Fykk9qst4f1zf%2Fpublic_html%2F.hcc.thumbs HTTP/2.0" 200 4632 "-" "Mozilla/5.0 AppleWebKit/537.36 (KHTML, like Gecko; compatible; ClaudeBot/1.0; +claudebot@anthropic.com)" 229 **0/229329**
65.108.78.33 - - [30/Sep/2025:05:47:27 -0700] "GET /%D0%BE%D0%B1%D0%B7%D0%BE%D1%80-%D0%B8%D0%B3%D1%80%D0%BE%D0%B2%D1%8B%D1%85-%D1%81%D0%B0%D0%B9%D1%82%D0%BE%D0%B2-%D0%BD%D0%B0-%D0%B4%D0%B5%D0%BD%D1%8C%D0%B3%D0%B8-%D0%B2-%D0%BA%D0%B0%D0%B7%D0%B0%D1%85/ HTTP/1.1" 200 4171 "-" "Mozilla/5.0 (compatible; MJ12bot/v1.4.8; http://mj12bot.com/)" 293 **0/293081**
66.249.79.225 - - [30/Sep/2025:05:47:28 -0700] "GET /?n=18575146673005&channel=075f42&from=shared.php?shop/pg/1sancyoku/ HTTP/1.1" 200 21879 "-" "Mozilla/5.0 (Linux; Android 6.0.1; Nexus 5X Build/MMB29P) AppleWebKit/537.36 (KHTML, like Gecko) Chrome/140.0.7339.207 Mobile Safari/537.36 (compatible; GoogleOther)" 368 **0/368020**
66.249.79.225 - - [30/Sep/2025:05:47:29 -0700] "GET /?n=5582259535002&channel=46563b&from=product.php?shop/pg/1sancyoku/ HTTP/1.1" 200 21874 "-" "Mozilla/5.0 (Linux; Android 6.0.1; Nexus 5X Build/MMB29P) AppleWebKit/537.36 (KHTML, like Gecko) Chrome/140.0.7339.207 Mobile Safari/537.36 (compatible; GoogleOther)" 269 **0/269795**
216.73.216.161 - - [30/Sep/2025:05:47:30 -0700] "GET /special2077382000?path=%2Fhome%2Fykk9qst4f1zf%2Fpublic_html%2F.hcc.thumbs HTTP/2.0" 200 4632 "-" "Mozilla/5.0 AppleWebKit/537.36 (KHTML, like Gecko; compatible; ClaudeBot/1.0; +claudebot@anthropic.com)" 221 **0/221475**
66.249.79.225 - - [30/Sep/2025:05:47:30 -0700] "GET /?n=42589151903500&channel=aef0e1&from=news.php?toyu/top/CKmSpSfTop.jsp HTTP/1.1" 200 22671 "-" "Mozilla/5.0 (Linux; Android 6.0.1; Nexus 5X Build/MMB29P) AppleWebKit/537.36 (KHTML, like Gecko) Chrome/140.0.7339.207 Mobile Safari/537.36 (compatible; GoogleOther)" 263 **0/263152**
66.249.79.224 - - [30/Sep/2025:05:47:31 -0700] "GET /special1428596600?kg=1426756402 HTTP/1.1" 200 22453 "-" "Mozilla/5.0 (Linux; Android 6.0.1; Nexus 5X Build/MMB29P) AppleWebKit/537.36 (KHTML, like Gecko) Chrome/140.0.7339.207 Mobile Safari/537.36 (compatible; Googlebot/2.1; +http://www.google.com/bot.html)" 311 **0/311388**
65.108.78.33 - - [30/Sep/2025:05:47:31 -0700] "GET /category/hell-spin-promo-code-580/feed/ HTTP/1.1" 200 4171 "-" "Mozilla/5.0 (compatible; MJ12bot/v1.4.8; http://mj12bot.com/)" 219 **0/219644**
66.249.79.67 - - [30/Sep/2025:05:47:32 -0700] "GET /?n=31760147799900&channel=b42228&from=article.php?shop/pg/1AvailableInfo/ HTTP/1.1" 200 21868 "-" "Mozilla/5.0 (Linux; Android 6.0.1; Nexus 5X Build/MMB29P) AppleWebKit/537.36 (KHTML, like Gecko) Chrome/140.0.7339.207 Mobile Safari/537.36 (compatible; GoogleOther)" 377 **0/377145**
216.73.216.161 - - [30/Sep/2025:05:47:33 -0700] "GET /special2064436256?path=%2Fhome%2Fykk9qst4f1zf%2Fpublic_html HTTP/2.0" 200 4171 "-" "Mozilla/5.0 AppleWebKit/537.36 (KHTML, like Gecko; compatible; ClaudeBot/1.0; +claudebot@anthropic.com)" 249 **0/249588**
143.105.99.253 - - [30/Sep/2025:05:47:33 -0700] "POST /autodiscover/autodiscover.xml HTTP/2.0" 200 1220 "-" "Microsoft Office/16.0 (Windows NT 10.0; Microsoft Outlook 16.0.19127; Pro)" 386 **0/386141**
143.105.99.253 - - [30/Sep/2025:05:47:33 -0700] "POST /autodiscover/autodiscover.xml HTTP/2.0" 200 1241 "-" "Microsoft Office/16.0 (Windows NT 10.0; Microsoft Outlook 16.0.19127; Pro)" 556 **0/556428**
66.249.79.224 - - [30/Sep/2025:05:47:33 -0700] "GET /?n=5897958225303&channel=e6d0bd&from=category-info.php?shop/pg/1005024086/ HTTP/1.1" 200 22571 "-" "Mozilla/5.0 (Linux; Android 6.0.1; Nexus 5X Build/MMB29P) AppleWebKit/537.36 (KHTML, like Gecko) Chrome/140.0.7339.207 Mobile Safari/537.36 (compatible; GoogleOther)" 307 **0/307874**
66.249.79.68 - - [30/Sep/2025:05:47:35 -0700] "GET /?n=6020343447201&channel=ec70d0&from=brands.php?shop/pg/1sancyoku/ HTTP/1.1" 200 22534 "-" "Mozilla/5.0 (Linux; Android 6.0.1; Nexus 5X Build/MMB29P) AppleWebKit/537.36 (KHTML, like Gecko) Chrome/140.0.7339.207 Mobile Safari/537.36 (compatible; GoogleOther)" 287 **0/287784**
65.108.78.33 - - [30/Sep/2025:05:47:35 -0700] "GET /pinco-az%C9%99rbaycan-r%C9%99smi-sayti-m%C9%99rc-etm%C9%99k-v%C9%99-kazinoda-oynamaq-ucun-giris/ HTTP/1.1" 200 4171 "-" "Mozilla/5.0 (compatible; MJ12bot/v1.4.8; http://mj12bot.com/)" 141 **0/141327**
216.73.216.161 - - [30/Sep/2025:05:47:36 -0700] "GET /special1651079432?path=%2Fhome%2Fykk9qst4f1zf%2Fpublic_html HTTP/2.0" 200 4171 "-" "Mozilla/5.0 AppleWebKit/537.36 (KHTML, like Gecko; compatible; ClaudeBot/1.0; +claudebot@anthropic.com)" 161 **0/161558**
66.249.79.67 - - [30/Sep/2025:05:47:36 -0700] "GET /?n=7511732208712&channel=d6d3cd&from=news.php?shop/pg/1SiteUse HTTP/1.1" 200 21870 "-" "Mozilla/5.0 (Linux; Android 6.0.1; Nexus 5X Build/MMB29P) AppleWebKit/537.36 (KHTML, like Gecko) Chrome/140.0.7339.207 Mobile Safari/537.36 (compatible; GoogleOther)" 264 **0/264640**
66.249.79.224 - - [30/Sep/2025:05:47:37 -0700] "GET /?n=2106169939900&channel=e114d6&from=category-info.php?shop/pg/1AvailableInfo/ HTTP/1.1" 200 22540 "-" "Mozilla/5.0 (Linux; Android 6.0.1; Nexus 5X Build/MMB29P) AppleWebKit/537.36 (KHTML, like Gecko) Chrome/140.0.7339.207 Mobile Safari/537.36 (compatible; GoogleOther)" 343 **0/343264**
216.73.216.161 - - [30/Sep/2025:05:47:39 -0700] "GET /special863060976?path=%2Fhome%2Fykk9qst4f1zf%2Fpublic_html%2F.hcc.thumbs HTTP/2.0" 200 4632 "-" "Mozilla/5.0 AppleWebKit/537.36 (KHTML, like Gecko; compatible; ClaudeBot/1.0; +claudebot@anthropic.com)" 217 **0/217586**
66.249.79.68 - - [30/Sep/2025:05:47:39 -0700] "GET /?n=6417653850502&channel=eee315&from=pin.php?shop/pg/1005024240/ HTTP/1.1" 200 22564 "-" "Mozilla/5.0 (Linux; Android 6.0.1; Nexus 5X Build/MMB29P) AppleWebKit/537.36 (KHTML, like Gecko) Chrome/140.0.7339.207 Mobile Safari/537.36 (compatible; GoogleOther)" 387 **0/387653**
65.108.78.33 - - [30/Sep/2025:05:47:39 -0700] "GET /pinco-az%C9%99rbaycan-r%C9%99smi-sayti-m%C9%99rc-etm%C9%99k-v%C9%99-kazinoda-oynamaq-ucun-giris/feed/ HTTP/1.1" 200 4171 "-" "Mozilla/5.0 (compatible; MJ12bot/v1.4.8; http://mj12bot.com/)" 233 **0/233719**
66.249.79.68 - - [30/Sep/2025:05:47:40 -0700] "GET /?n=92119155660600&channel=8649a3&from=category-info.php?shop/storeSearch/CriteriaInput.aspx HTTP/1.1" 200 21541 "-" "Mozilla/5.0 (Linux; Android 6.0.1; Nexus 5X Build/MMB29P) AppleWebKit/537.36 (KHTML, like Gecko) Chrome/140.0.7339.207 Mobile Safari/537.36 (compatible; GoogleOther)" 613 **0/613939**
66.249.79.224 - - [30/Sep/2025:05:47:41 -0700] "GET /?n=50805161729100&channel=844973&from=brands.php?shop/pg/1Sitemap/ HTTP/1.1" 200 21881 "-" "Mozilla/5.0 (Linux; Android 6.0.1; Nexus 5X Build/MMB29P) AppleWebKit/537.36 (KHTML, like Gecko) Chrome/140.0.7339.207 Mobile Safari/537.36 (compatible; GoogleOther)" 456 **0/456130**
216.73.216.161 - - [30/Sep/2025:05:47:42 -0700] "GET /special862771792?path=%2Fhome%2Fykk9qst4f1zf%2Fpublic_html%2F.hcc.thumbs HTTP/2.0" 200 4632 "-" "Mozilla/5.0 AppleWebKit/537.36 (KHTML, like Gecko; compatible; ClaudeBot/1.0; +claudebot@anthropic.com)" 341 **0/341121**
66.249.79.224 - - [30/Sep/2025:05:47:43 -0700] "GET /?n=76278192859301&channel=e1fa28&from=goods.php?pw/ HTTP/1.1" 200 22283 "-" "Mozilla/5.0 (Linux; Android 6.0.1; Nexus 5X Build/MMB29P) AppleWebKit/537.36 (KHTML, like Gecko) Chrome/140.0.7339.207 Mobile Safari/537.36 (compatible; GoogleOther)" 294 **0/294375**
65.108.78.33 - - [30/Sep/2025:05:47:44 -0700] "GET /spin-casino-canada-640/feed/?fileloc=/home/ykk9qst4f1zf/public_html/wp-signup.php&path=/home/ykk9qst4f1zf/public_html HTTP/1.1" 200 10259 "-" "Mozilla/5.0 (compatible; MJ12bot/v1.4.8; http://mj12bot.com/)" 249 **0/249408**
66.249.79.224 - - [30/Sep/2025:05:47:44 -0700] "GET /?n=801101536610&channel=fbf304&from=shared.php?shop/pg/1SiteUse/ HTTP/1.1" 200 22538 "-" "Mozilla/5.0 (Linux; Android 6.0.1; Nexus 5X Build/MMB29P) AppleWebKit/537.36 (KHTML, like Gecko) Chrome/140.0.7339.207 Mobile Safari/537.36 (compatible; GoogleOther)" 310 **0/310735**
216.73.216.161 - - [30/Sep/2025:05:47:45 -0700] "GET /special1651319200?path=%2Fhome%2Fykk9qst4f1zf%2Fpublic_html HTTP/2.0" 200 4171 "-" "Mozilla/5.0 AppleWebKit/537.36 (KHTML, like Gecko; compatible; ClaudeBot/1.0; +claudebot@anthropic.com)" 152 **0/152007**
66.249.79.68 - - [30/Sep/2025:05:47:46 -0700] "GET /?n=9859116878602&channel=d67581&from=jp.php?hg/ HTTP/1.1" 200 22505 "-" "Mozilla/5.0 (Linux; Android 6.0.1; Nexus 5X Build/MMB29P) AppleWebKit/537.36 (KHTML, like Gecko) Chrome/140.0.7339.207 Mobile Safari/537.36 (compatible; GoogleOther)" 303 **0/303300**
66.249.79.67 - - [30/Sep/2025:05:47:46 -0700] "GET /?n=54717128224202&channel=702818&from=blog.php?shop/pg/1SiteUse HTTP/1.1" 200 22537 "-" "Mozilla/5.0 (Linux; Android 6.0.1; Nexus 5X Build/MMB29P) AppleWebKit/537.36 (KHTML, like Gecko) Chrome/140.0.7339.207 Mobile Safari/537.36 (compatible; Googlebot/2.1; +http://www.google.com/bot.html)" 259 **0/259127**
66.249.79.67 - - [30/Sep/2025:05:47:47 -0700] "GET /?n=6280113946100&channel=1bdc8d&from=shared.php?contents/event/kansyasai/ HTTP/1.1" 200 22788 "-" "Mozilla/5.0 (Linux; Android 6.0.1; Nexus 5X Build/MMB29P) AppleWebKit/537.36 (KHTML, like Gecko) Chrome/140.0.7339.207 Mobile Safari/537.36 (compatible; GoogleOther)" 330 **0/330897**
216.73.216.161 - - [30/Sep/2025:05:47:48 -0700] "GET /special2064292696?path=%2Fhome%2Fykk9qst4f1zf%2Fpublic_html HTTP/2.0" 200 4171 "-" "Mozilla/5.0 AppleWebKit/537.36 (KHTML, like Gecko; compatible; ClaudeBot/1.0; +claudebot@anthropic.com)" 215 **0/215820**
65.108.78.33 - - [30/Sep/2025:05:47:48 -0700] "GET /spin-casino-canada-640/feed/?fileloc=/home/ykk9qst4f1zf/public_html/wp-trackback.php&path=/home/ykk9qst4f1zf/public_html HTTP/1.1" 200 4084 "-" "Mozilla/5.0 (compatible; MJ12bot/v1.4.8; http://mj12bot.com/)" 139 **0/139906**
66.249.79.225 - - [30/Sep/2025:05:47:48 -0700] "GET /?n=8289029519705&channel=ebdcbc&from=news.php?toyu/top/CSfTop.jsp HTTP/1.1" 200 22395 "-" "Mozilla/5.0 (Linux; Android 6.0.1; Nexus 5X Build/MMB29P) AppleWebKit/537.36 (KHTML, like Gecko) Chrome/140.0.7339.207 Mobile Safari/537.36 (compatible; GoogleOther)" 293 **0/293071**
66.249.79.69 - - [30/Sep/2025:05:47:50 -0700] "GET /?n=8848370953700&channel=d8cfb9&from=shared.php?shop/customer/menu.aspx HTTP/1.1" 200 21625 "-" "Mozilla/5.0 (Linux; Android 6.0.1; Nexus 5X Build/MMB29P) AppleWebKit/537.36 (KHTML, like Gecko) Chrome/140.0.7339.207 Mobile Safari/537.36 (compatible; GoogleOther)" 316 **0/316971**
216.73.216.161 - - [30/Sep/2025:05:47:51 -0700] "GET /special391517856?path=%2Fhome%2Fykk9qst4f1zf%2Fpublic_html%2F.hcc.thumbs HTTP/2.0" 200 4632 "-" "Mozilla/5.0 AppleWebKit/537.36 (KHTML, like Gecko; compatible; ClaudeBot/1.0; +claudebot@anthropic.com)" 209 **0/209881**
66.249.79.226 - - [30/Sep/2025:05:47:51 -0700] "GET /?n=80418194724500&channel=dc9e3d&from=form.php?contents/renga HTTP/1.1" 200 22704 "-" "Mozilla/5.0 (Linux; Android 6.0.1; Nexus 5X Build/MMB29P) AppleWebKit/537.36 (KHTML, like Gecko) Chrome/140.0.7339.207 Mobile Safari/537.36 (compatible; GoogleOther)" 338 **0/338588**
65.108.78.33 - - [30/Sep/2025:05:47:52 -0700] "GET /spin-casino-canada-640/feed/?path=/ HTTP/1.1" 200 2905 "-" "Mozilla/5.0 (compatible; MJ12bot/v1.4.8; http://mj12bot.com/)" 142 **0/142792**
66.249.79.224 - - [30/Sep/2025:05:47:53 -0700] "GET /?n=1525924689204&channel=cac24c&from=brands.php?shop/pg/1005022001/ HTTP/1.1" 200 22207 "-" "Mozilla/5.0 (Linux; Android 6.0.1; Nexus 5X Build/MMB29P) AppleWebKit/537.36 (KHTML, like Gecko) Chrome/140.0.7339.207 Mobile Safari/537.36 (compatible; GoogleOther)" 387 **0/387219**
216.73.216.161 - - [30/Sep/2025:05:47:54 -0700] "GET /special862862336?path=%2Fhome%2Fykk9qst4f1zf%2Fpublic_html%2F.hcc.thumbs HTTP/2.0" 200 4632 "-" "Mozilla/5.0 AppleWebKit/537.36 (KHTML, like Gecko; compatible; ClaudeBot/1.0; +claudebot@anthropic.com)" 176 **0/176177**
66.249.79.225 - - [30/Sep/2025:05:47:54 -0700] "GET /?n=99900178867001&channel=57bfef&from=form.php?shop/pg/1005022001/ HTTP/1.1" 200 22210 "-" "Mozilla/5.0 (Linux; Android 6.0.1; Nexus 5X Build/MMB29P) AppleWebKit/537.36 (KHTML, like Gecko) Chrome/140.0.7339.207 Mobile Safari/537.36 (compatible; GoogleOther)" 312 **0/312912**
66.249.79.226 - - [30/Sep/2025:05:47:56 -0700] "GET /?n=0009549780812&channel=13bd5f&from=news.php?shop/pg/1005022001/ HTTP/1.1" 200 22204 "-" "Mozilla/5.0 (Linux; Android 6.0.1; Nexus 5X Build/MMB29P) AppleWebKit/537.36 (KHTML, like Gecko) Chrome/140.0.7339.207 Mobile Safari/537.36 (compatible; GoogleOther)" 259 **0/259301**
65.108.78.33 - - [30/Sep/2025:05:47:56 -0700] "GET /spin-casino-online-347/feed/?fileloc=/home/ykk9qst4f1zf/public_html/.ht35hvrbjv27eogc4w0ko04s004.meta&path=/home/ykk9qst4f1zf/public_html HTTP/1.1" 200 3348 "-" "Mozilla/5.0 (compatible; MJ12bot/v1.4.8; http://mj12bot.com/)" 158 **0/158044**
216.73.216.161 - - [30/Sep/2025:05:47:57 -0700] "GET /special862631864?path=%2Fhome%2Fykk9qst4f1zf%2Fpublic_html%2F.hcc.thumbs HTTP/2.0" 200 4632 "-" "Mozilla/5.0 AppleWebKit/537.36 (KHTML, like Gecko; compatible; ClaudeBot/1.0; +claudebot@anthropic.com)" 142 **0/142824**
66.249.79.224 - - [30/Sep/2025:05:47:58 -0700] "GET /?n=50783145035000&channel=f0f077&from=goods.php?shop/pg/1AvailableInfo/ HTTP/1.1" 200 22536 "-" "Mozilla/5.0 (Linux; Android 6.0.1; Nexus 5X Build/MMB29P) AppleWebKit/537.36 (KHTML, like Gecko) Chrome/140.0.7339.207 Mobile Safari/537.36 (compatible; GoogleOther)" 261 **0/261098**
66.249.79.226 - - [30/Sep/2025:05:47:59 -0700] "GET /?n=06727163113404&channel=79f66c&from=blog.php?shop/pg/1005024086/ HTTP/1.1" 200 22568 "-" "Mozilla/5.0 (Linux; Android 6.0.1; Nexus 5X Build/MMB29P) AppleWebKit/537.36 (KHTML, like Gecko) Chrome/140.0.7339.207 Mobile Safari/537.36 (compatible; GoogleOther)" 279 **0/279384**
216.73.216.161 - - [30/Sep/2025:05:48:00 -0700] "GET /special862794840?path=%2Fhome%2Fykk9qst4f1zf%2Fpublic_html%2F.hcc.thumbs HTTP/2.0" 200 4632 "-" "Mozilla/5.0 AppleWebKit/537.36 (KHTML, like Gecko; compatible; ClaudeBot/1.0; +claudebot@anthropic.com)" 229 **0/229111**
65.108.78.33 - - [30/Sep/2025:05:48:01 -0700] "GET /spin-casino-online-347/feed/?fileloc=/home/ykk9qst4f1zf/public_html/.htaccess&path=/home/ykk9qst4f1zf/public_html HTTP/1.1" 200 3030 "-" "Mozilla/5.0 (compatible; MJ12bot/v1.4.8; http://mj12bot.com/)" 299 **0/299197**
66.249.79.224 - - [30/Sep/2025:05:48:01 -0700] "GET /?n=03965131873600&channel=0c4a7f&from=article.php?shop/pg/1005022001/ HTTP/1.1" 200 22863 "-" "Mozilla/5.0 (Linux; Android 6.0.1; Nexus 5X Build/MMB29P) AppleWebKit/537.36 (KHTML, like Gecko) Chrome/140.0.7339.207 Mobile Safari/537.36 (compatible; GoogleOther)" 321 **0/321875**
66.249.79.69 - - [30/Sep/2025:05:48:02 -0700] "GET /?n=70260196643705&channel=667bd2&from=shared.php?shop/e/e009001036001 HTTP/1.1" 200 22926 "-" "Mozilla/5.0 (Linux; Android 6.0.1; Nexus 5X Build/MMB29P) AppleWebKit/537.36 (KHTML, like Gecko) Chrome/140.0.7339.207 Mobile Safari/537.36 (compatible; GoogleOther)" 500 **0/500379**
216.73.216.161 - - [30/Sep/2025:05:48:03 -0700] "GET /special2077830528?path=%2Fhome%2Fykk9qst4f1zf%2Fpublic_html%2F.hcc.thumbs HTTP/2.0" 200 4632 "-" "Mozilla/5.0 AppleWebKit/537.36 (KHTML, like Gecko; compatible; ClaudeBot/1.0; +claudebot@anthropic.com)" 218 **0/218430**
66.249.79.69 - - [30/Sep/2025:05:48:03 -0700] "GET /?n=91271193212904&channel=817376&from=pin.php%3Fid%3D1932129-6253%26name%3D%E3%83%88%E3%83%AC%E3%83%BC%E3%83%A9%E3%83%BC+%E7%89%BD%E5%BC%95+%E3%83%AC%E3%82%B7%E3%83%BC%E3%83%90%E3%83%BC%E3%83%81%E3%83%A5%E3%83%BC%E3%83%96%E3%81%AB%E6%88%90%E5%BD%A2%E3%81%95%E3%82%8C%E3%81%9F%E3%82%B9%E3%83%81%E3%83%BC%E3%83%AB%E8%A3%BD%E3%83%88%E3%83%AC%E3%83%BC%E3%83%A9%E3%83%BC%E3%83%92%E3%83%83%E3%83%81%E3%83%AC%E3%82%B7%E3%83%BC%E3%83%90%E3%83%BC%E3%82%A2%E3%83%80%E3%83%97%E3%82%BF%E3%83%BC%E9%AB%98%E7%A1%AC%E5%BA%A6%E3%83%A6%E3%83%8B%E3%83%90%E3%83%BC%E3%82%B5%E3%83%AB%E3%83%94%E3%83%83%E3%82%AF%E3%82%A2%E3%83%83%E3%83%97%E3%83%88%E3%83%A9%E3%83%83%E3%82%AF HTTP/1.1" 200 22725 "-" "Mozilla/5.0 (Linux; Android 6.0.1; Nexus 5X Build/MMB29P) AppleWebKit/537.36 (KHTML, like Gecko) Chrome/140.0.7339.207 Mobile Safari/537.36 (compatible; Googlebot/2.1; +http://www.google.com/bot.html)" 474 **0/474627**
66.249.79.224 - - [30/Sep/2025:05:48:04 -0700] "GET /?n=9749985652300&channel=43cc02&from=goods.php?reserve/tool/ HTTP/1.1" 200 22490 "-" "Mozilla/5.0 (Linux; Android 6.0.1; Nexus 5X Build/MMB29P) AppleWebKit/537.36 (KHTML, like Gecko) Chrome/140.0.7339.207 Mobile Safari/537.36 (compatible; GoogleOther)" 538 **0/538108**
65.108.78.33 - - [30/Sep/2025:05:48:05 -0700] "GET /spin-casino-online-347/feed/?fileloc=/home/ykk9qst4f1zf/public_html/deleteme.wp93ed07a24a534cdfac6242279061f081.php&path=/home/ykk9qst4f1zf/public_html HTTP/1.1" 200 6077 "-" "Mozilla/5.0 (compatible; MJ12bot/v1.4.8; http://mj12bot.com/)" 216 **0/216062**
66.249.79.67 - - [30/Sep/2025:05:48:05 -0700] "GET /?n=75199112292302&channel=5da41a&from=news.php?contents/renga/ HTTP/1.1" 200 21999 "-" "Mozilla/5.0 (Linux; Android 6.0.1; Nexus 5X Build/MMB29P) AppleWebKit/537.36 (KHTML, like Gecko) Chrome/140.0.7339.207 Mobile Safari/537.36 (compatible; GoogleOther)" 338 **0/338341**
216.73.216.161 - - [30/Sep/2025:05:48:06 -0700] "GET /special863082192?path=%2Fhome%2Fykk9qst4f1zf%2Fpublic_html%2F.hcc.thumbs HTTP/2.0" 403 4171 "-" "Mozilla/5.0 AppleWebKit/537.36 (KHTML, like Gecko; compatible; ClaudeBot/1.0; +claudebot@anthropic.com)" 507 **0/507882**
66.249.79.225 - - [30/Sep/2025:05:48:07 -0700] "GET /?special998756232?kg=0997469952 HTTP/1.1" 200 21916 "-" "Mozilla/5.0 (Linux; Android 6.0.1; Nexus 5X Build/MMB29P) AppleWebKit/537.36 (KHTML, like Gecko) Chrome/140.0.7339.207 Mobile Safari/537.36 (compatible; GoogleOther)" 474 **0/474116**
66.249.79.224 - - [30/Sep/2025:05:48:08 -0700] "GET /?n=16154144768002&channel=eb1705&from=blog.php?shop/pg/1recruit/ HTTP/1.1" 200 22539 "-" "Mozilla/5.0 (Linux; Android 6.0.1; Nexus 5X Build/MMB29P) AppleWebKit/537.36 (KHTML, like Gecko) Chrome/140.0.7339.207 Mobile Safari/537.36 (compatible; GoogleOther)" 266 **0/266005**
216.73.216.161 - - [30/Sep/2025:05:48:09 -0700] "GET /special862854840?path=%2Fhome%2Fykk9qst4f1zf%2Fpublic_html%2F.hcc.thumbs HTTP/2.0" 403 4171 "-" "Mozilla/5.0 AppleWebKit/537.36 (KHTML, like Gecko; compatible; ClaudeBot/1.0; +claudebot@anthropic.com)" 229 **0/229866**
65.108.78.33 - - [30/Sep/2025:05:48:09 -0700] "GET /spin-casino-online-347/feed/?fileloc=/home/ykk9qst4f1zf/public_html/deleteme.wp940b88783a2e469198fd5e5a4a6eecba.php&path=/home/ykk9qst4f1zf/public_html HTTP/1.1" 200 6076 "-" "Mozilla/5.0 (compatible; MJ12bot/v1.4.8; http://mj12bot.com/)" 226 **0/226910**
66.249.79.67 - - [30/Sep/2025:05:48:10 -0700] "GET /?n=60601142353903&channel=09d588&from=article.php?shop/pg/1AvailableInfo HTTP/1.1" 200 21869 "-" "Mozilla/5.0 (Linux; Android 6.0.1; Nexus 5X Build/MMB29P) AppleWebKit/537.36 (KHTML, like Gecko) Chrome/140.0.7339.207 Mobile Safari/537.36 (compatible; GoogleOther)" 332 **0/332463**
84.17.46.208 - - [30/Sep/2025:05:48:10 -0700] "GET /wp-json/wp/v2/pages HTTP/1.1" 200 4913 "-" "python-requests/2.32.3" 272 **0/272436**
84.17.46.208 - - [30/Sep/2025:05:48:11 -0700] "GET /wp-json/wp/v2/settings HTTP/1.1" 200 4913 "-" "python-requests/2.32.3" 302 **0/302889**
66.249.79.224 - - [30/Sep/2025:05:48:11 -0700] "GET /?n=16949199609400&channel=778809&from=jp.php?shop/pg/1Sitemap/ HTTP/1.1" 200 22547 "-" "Mozilla/5.0 (Linux; Android 6.0.1; Nexus 5X Build/MMB29P) AppleWebKit/537.36 (KHTML, like Gecko) Chrome/140.0.7339.207 Mobile Safari/537.36 (compatible; GoogleOther)" 373 **0/373867**
216.73.216.161 - - [30/Sep/2025:05:48:12 -0700] "GET /special2064625584?path=%2Fhome%2Fykk9qst4f1zf%2Fpublic_html HTTP/2.0" 403 4171 "-" "Mozilla/5.0 AppleWebKit/537.36 (KHTML, like Gecko; compatible; ClaudeBot/1.0; +claudebot@anthropic.com)" 301 **0/301801**
66.249.79.67 - - [30/Sep/2025:05:48:13 -0700] "GET /?n=9156829638804&channel=1ab23a&from=goods.php?shop/pg/1AgreementInfo/ HTTP/1.1" 200 21874 "-" "Mozilla/5.0 (Linux; Android 6.0.1; Nexus 5X Build/MMB29P) AppleWebKit/537.36 (KHTML, like Gecko) Chrome/140.0.7339.207 Mobile Safari/537.36 (compatible; GoogleOther)" 550 **0/550480**
65.108.78.33 - - [30/Sep/2025:05:48:13 -0700] "GET /spin-casino-online-347/feed/?path=/home/ykk9qst4f1zf HTTP/1.1" 200 3626 "-" "Mozilla/5.0 (compatible; MJ12bot/v1.4.8; http://mj12bot.com/)" 250 **0/250106**
216.73.216.161 - - [30/Sep/2025:05:48:15 -0700] "GET /special1651494840?path=%2Fhome%2Fykk9qst4f1zf%2Fpublic_html%2F.hcc.thumbs HTTP/2.0" 403 4171 "-" "Mozilla/5.0 AppleWebKit/537.36 (KHTML, like Gecko; compatible; ClaudeBot/1.0; +claudebot@anthropic.com)" 424 **0/424096**
66.249.79.224 - - [30/Sep/2025:05:48:14 -0700] "GET /?n=69668198325402&channel=778e22&from=blog.php?shop/pg/1SiteUse/ HTTP/1.1" 200 22543 "-" "Mozilla/5.0 (Linux; Android 6.0.1; Nexus 5X Build/MMB29P) AppleWebKit/537.36 (KHTML, like Gecko) Chrome/140.0.7339.207 Mobile Safari/537.36 (compatible; GoogleOther)" 831 **0/831720**
114.119.153.50 - - [30/Sep/2025:05:48:16 -0700] "GET /hellspin-bonus-bez-depozytu-819/?fileloc=/home/ykk9qst4f1zf/public_html/deleteme.wp94574db226c5438a9bea28fda3031d79.php&path=/home/ykk9qst4f1zf/public_html HTTP/1.1" 200 6513 "https://ingecolsas.com/hellspin-bonus-bez-depozytu-819/" "Mozilla/5.0 (Linux; Android 7.0;) AppleWebKit/537.36 (KHTML, like Gecko) Mobile Safari/537.36 (compatible; PetalBot;+https://webmaster.petalsearch.com/site/petalbot)" 310 **0/310027**
66.249.79.67 - - [30/Sep/2025:05:48:16 -0700] "GET /?n=9068048583200&channel=b27879&from=jp.php?contents/renga/ HTTP/1.1" 200 21992 "-" "Mozilla/5.0 (Linux; Android 6.0.1; Nexus 5X Build/MMB29P) AppleWebKit/537.36 (KHTML, like Gecko) Chrome/140.0.7339.207 Mobile Safari/537.36 (compatible; GoogleOther)" 381 **0/381438**
65.108.78.33 - - [30/Sep/2025:05:48:17 -0700] "GET /spin-casino-online-347/feed/?path=/home/ykk9qst4f1zf/public_html HTTP/1.1" 200 4171 "-" "Mozilla/5.0 (compatible; MJ12bot/v1.4.8; http://mj12bot.com/)" 500 **0/500458**
66.249.79.224 - - [30/Sep/2025:05:48:17 -0700] "GET /?n=78659134114800&channel=9ee7da&from=article.php?toyu/top/CKmSpSfTop.jsp HTTP/1.1" 200 21977 "-" "Mozilla/5.0 (Linux; Android 6.0.1; Nexus 5X Build/MMB29P) AppleWebKit/537.36 (KHTML, like Gecko) Chrome/140.0.7339.207 Mobile Safari/537.36 (compatible; GoogleOther)" 498 **0/498236**
216.73.216.161 - - [30/Sep/2025:05:48:18 -0700] "GET /special1704273704?path=%2Fhome%2Fykk9qst4f1zf%2Fpublic_html HTTP/2.0" 403 4171 "-" "Mozilla/5.0 AppleWebKit/537.36 (KHTML, like Gecko; compatible; ClaudeBot/1.0; +claudebot@anthropic.com)" 407 **0/407052**
66.249.79.224 - - [30/Sep/2025:05:48:19 -0700] "GET /?n=9296118450614&channel=8f5ab8&from=news.php?shop/pg/1005022001/ HTTP/1.1" 200 22206 "-" "Mozilla/5.0 (Linux; Android 6.0.1; Nexus 5X Build/MMB29P) AppleWebKit/537.36 (KHTML, like Gecko) Chrome/140.0.7339.207 Mobile Safari/537.36 (compatible; GoogleOther)" 297 **0/297942**
216.73.216.161 - - [30/Sep/2025:05:48:21 -0700] "GET /special391434840?path=%2Fhome%2Fykk9qst4f1zf%2Fpublic_html%2F.hcc.thumbs HTTP/2.0" 403 4171 "-" "Mozilla/5.0 AppleWebKit/537.36 (KHTML, like Gecko; compatible; ClaudeBot/1.0; +claudebot@anthropic.com)" 196 **0/196565**
66.249.79.67 - - [30/Sep/2025:05:48:21 -0700] "GET /?n=28036138436901&channel=601140&from=brands.php?shop/pg/1SiteUse/ HTTP/1.1" 200 22540 "-" "Mozilla/5.0 (Linux; Android 6.0.1; Nexus 5X Build/MMB29P) AppleWebKit/537.36 (KHTML, like Gecko) Chrome/140.0.7339.207 Mobile Safari/537.36 (compatible; GoogleOther)" 336 **0/336667**
65.108.78.33 - - [30/Sep/2025:05:48:22 -0700] "GET /spin-casino-online-347/feed/?path=/home/ykk9qst4f1zf/public_html/.errordocs HTTP/1.1" 200 2834 "-" "Mozilla/5.0 (compatible; MJ12bot/v1.4.8; http://mj12bot.com/)" 273 **0/273162**
66.249.79.224 - - [30/Sep/2025:05:48:22 -0700] "GET /special1125312008?kg=1123862640 HTTP/1.1" 200 21815 "-" "Mozilla/5.0 (Linux; Android 6.0.1; Nexus 5X Build/MMB29P) AppleWebKit/537.36 (KHTML, like Gecko) Chrome/140.0.7339.207 Mobile Safari/537.36 (compatible; Googlebot/2.1; +http://www.google.com/bot.html)" 454 **0/454608**
66.249.79.224 - - [30/Sep/2025:05:48:22 -0700] "GET /?n=052827576800&channel=3d8308&from=product.php?jukyuban/ HTTP/1.1" 200 22014 "-" "Mozilla/5.0 (Linux; Android 6.0.1; Nexus 5X Build/MMB29P) AppleWebKit/537.36 (KHTML, like Gecko) Chrome/140.0.7339.207 Mobile Safari/537.36 (compatible; GoogleOther)" 489 **0/489082**
66.249.79.67 - - [30/Sep/2025:05:48:24 -0700] "GET /?n=78872130332400&channel=eeb8d8&from=jp.php?shop/pg/1005024086/ HTTP/1.1" 200 22563 "-" "Mozilla/5.0 (Linux; Android 6.0.1; Nexus 5X Build/MMB29P) AppleWebKit/537.36 (KHTML, like Gecko) Chrome/140.0.7339.207 Mobile Safari/537.36 (compatible; GoogleOther)" 374 **0/374165**
66.249.79.67 - - [30/Sep/2025:05:48:25 -0700] "GET /?n=5769912363604&channel=55b264&from=shared.php?information/privacy_policy.html HTTP/1.1" 200 22729 "-" "Mozilla/5.0 (Linux; Android 6.0.1; Nexus 5X Build/MMB29P) AppleWebKit/537.36 (KHTML, like Gecko) Chrome/140.0.7339.207 Mobile Safari/537.36 (compatible; GoogleOther)" 400 **0/400654**
65.108.78.33 - - [30/Sep/2025:05:48:26 -0700] "GET /spin-casino-online-347/feed/?path=/home/ykk9qst4f1zf/public_html/.hcc.thumbs HTTP/1.1" 200 4632 "-" "Mozilla/5.0 (compatible; MJ12bot/v1.4.8; http://mj12bot.com/)" 231 **0/231966**
66.249.79.225 - - [30/Sep/2025:05:48:27 -0700] "GET /?n=485127924803&channel=ace810&from=article.php?shop/pg/1AgreementInfo/ HTTP/1.1" 200 22541 "-" "Mozilla/5.0 (Linux; Android 6.0.1; Nexus 5X Build/MMB29P) AppleWebKit/537.36 (KHTML, like Gecko) Chrome/140.0.7339.207 Mobile Safari/537.36 (compatible; GoogleOther)" 432 **0/432840**
66.249.79.67 - - [30/Sep/2025:05:48:28 -0700] "GET /?n=70366122606101&channel=4096b0&from=info.php?shop/pg/1AgreementInfo/ HTTP/1.1" 200 21875 "-" "Mozilla/5.0 (Linux; Android 6.0.1; Nexus 5X Build/MMB29P) AppleWebKit/537.36 (KHTML, like Gecko) Chrome/140.0.7339.207 Mobile Safari/537.36 (compatible; GoogleOther)" 330 **0/330981**
66.249.79.224 - - [30/Sep/2025:05:48:29 -0700] "GET /?n=15021166672002&channel=e040c1&from=goods.php?shop/pg/1005024086/ HTTP/1.1" 200 22575 "-" "Mozilla/5.0 (Linux; Android 6.0.1; Nexus 5X Build/MMB29P) AppleWebKit/537.36 (KHTML, like Gecko) Chrome/140.0.7339.207 Mobile Safari/537.36 (compatible; GoogleOther)" 372 **0/372193**
65.108.78.33 - - [30/Sep/2025:05:48:30 -0700] "GET /spin-casino-online-347/feed/?path=/home/ykk9qst4f1zf/public_html/.tmb HTTP/1.1" 200 2571 "-" "Mozilla/5.0 (compatible; MJ12bot/v1.4.8; http://mj12bot.com/)" 307 **0/307339**
66.249.79.224 - - [30/Sep/2025:05:48:31 -0700] "GET /?n=3213122041900&channel=fc5eb3&from=product.php?shop/pg/1SiteUse/ HTTP/1.1" 200 21879 "-" "Mozilla/5.0 (Linux; Android 6.0.1; Nexus 5X Build/MMB29P) AppleWebKit/537.36 (KHTML, like Gecko) Chrome/140.0.7339.207 Mobile Safari/537.36 (compatible; GoogleOther)" 260 **0/260847**
66.249.79.68 - - [30/Sep/2025:05:48:32 -0700] "GET /?n=9156829638804&channel=1ab23a&from=goods.php?shop/userreview/write.aspx HTTP/1.1" 200 21856 "-" "Mozilla/5.0 (Linux; Android 6.0.1; Nexus 5X Build/MMB29P) AppleWebKit/537.36 (KHTML, like Gecko) Chrome/140.0.7339.207 Mobile Safari/537.36 (compatible; GoogleOther)" 318 **0/318339**
66.249.79.224 - - [30/Sep/2025:05:48:34 -0700] "GET /?n=87077112128603&channel=da3159&from=brands.php?shop/pg/1Sitemap/ HTTP/1.1" 200 21883 "-" "Mozilla/5.0 (Linux; Android 6.0.1; Nexus 5X Build/MMB29P) AppleWebKit/537.36 (KHTML, like Gecko) Chrome/140.0.7339.207 Mobile Safari/537.36 (compatible; GoogleOther)" 472 **0/472227**
65.108.78.33 - - [30/Sep/2025:05:48:34 -0700] "GET /spin-casino-online-347/feed/?path=/home/ykk9qst4f1zf/public_html/dev HTTP/1.1" 200 2737 "-" "Mozilla/5.0 (compatible; MJ12bot/v1.4.8; http://mj12bot.com/)" 257 **0/257389**
66.249.79.225 - - [30/Sep/2025:05:48:35 -0700] "GET /?n=71172168025903&channel=c23fe1&from=category-info.php?shop/pg/1005024010/ HTTP/1.1" 200 22577 "-" "Mozilla/5.0 (Linux; Android 6.0.1; Nexus 5X Build/MMB29P) AppleWebKit/537.36 (KHTML, like Gecko) Chrome/140.0.7339.207 Mobile Safari/537.36 (compatible; GoogleOther)" 324 **0/324365**
66.249.79.224 - - [30/Sep/2025:05:48:36 -0700] "GET /?special1130599392?kg=1129143211 HTTP/1.1" 200 21809 "-" "Mozilla/5.0 (Linux; Android 6.0.1; Nexus 5X Build/MMB29P) AppleWebKit/537.36 (KHTML, like Gecko) Chrome/140.0.7339.207 Mobile Safari/537.36 (compatible; GoogleOther)" 364 **0/364997**
66.249.65.96 - - [30/Sep/2025:05:48:38 -0700] "GET /?n=22960196254801&channel=1c217e&from=product.php?shop/pg/1005024010/ HTTP/1.1" 200 22568 "-" "Mozilla/5.0 (Linux; Android 6.0.1; Nexus 5X Build/MMB29P) AppleWebKit/537.36 (KHTML, like Gecko) Chrome/140.0.7339.207 Mobile Safari/537.36 (compatible; GoogleOther)" 373 **0/373332**
65.108.78.33 - - [30/Sep/2025:05:48:39 -0700] "GET /spin-casino-online-347/feed/?path=/home/ykk9qst4f1zf/public_html/images HTTP/1.1" 200 2775 "-" "Mozilla/5.0 (compatible; MJ12bot/v1.4.8; http://mj12bot.com/)" 216 **0/216257**
66.249.79.68 - - [30/Sep/2025:05:48:39 -0700] "GET /?n=59051186584403&channel=cb0c14&from=jp.php?contents/renga/ HTTP/1.1" 200 22011 "-" "Mozilla/5.0 (Linux; Android 6.0.1; Nexus 5X Build/MMB29P) AppleWebKit/537.36 (KHTML, like Gecko) Chrome/140.0.7339.207 Mobile Safari/537.36 (compatible; GoogleOther)" 396 **0/396218**
66.249.79.67 - - [30/Sep/2025:05:48:41 -0700] "GET /?n=11269144232806&channel=b92754&from=shared.php?hg/ HTTP/1.1" 200 22509 "-" "Mozilla/5.0 (Linux; Android 6.0.1; Nexus 5X Build/MMB29P) AppleWebKit/537.36 (KHTML, like Gecko) Chrome/140.0.7339.207 Mobile Safari/537.36 (compatible; GoogleOther)" 429 **0/429326**
66.249.79.68 - - [30/Sep/2025:05:48:42 -0700] "GET /?n=7922634642500&channel=828b88&from=form.php?shop/pg/1howto/ HTTP/1.1" 200 21879 "-" "Mozilla/5.0 (Linux; Android 6.0.1; Nexus 5X Build/MMB29P) AppleWebKit/537.36 (KHTML, like Gecko) Chrome/140.0.7339.207 Mobile Safari/537.36 (compatible; GoogleOther)" 255 **0/255794**
65.108.78.33 - - [30/Sep/2025:05:48:43 -0700] "GET /spin-casino-online-347/feed/?path=/home/ykk9qst4f1zf/public_html/ingecolsas.com HTTP/1.1" 200 2808 "-" "Mozilla/5.0 (compatible; MJ12bot/v1.4.8; http://mj12bot.com/)" 287 **0/287831**
66.249.79.68 - - [30/Sep/2025:05:48:44 -0700] "GET /?n=24178159006500&channel=478a70&from=jp.php?shop/pg/1SiteUse HTTP/1.1" 200 21874 "-" "Mozilla/5.0 (Linux; Android 6.0.1; Nexus 5X Build/MMB29P) AppleWebKit/537.36 (KHTML, like Gecko) Chrome/140.0.7339.207 Mobile Safari/537.36 (compatible; GoogleOther)" 384 **0/384664**
66.249.79.225 - - [30/Sep/2025:05:48:45 -0700] "GET /?n=08107111055302&channel=49d786&from=product.php?contents/renga HTTP/1.1" 200 21993 "-" "Mozilla/5.0 (Linux; Android 6.0.1; Nexus 5X Build/MMB29P) AppleWebKit/537.36 (KHTML, like Gecko) Chrome/140.0.7339.207 Mobile Safari/537.36 (compatible; GoogleOther)" 397 **0/397931**
66.249.79.68 - - [30/Sep/2025:05:48:46 -0700] "GET /?n=7378610617602&channel=2410a1&from=shop.php?toyu/top/CSfTop.jsp HTTP/1.1" 200 22409 "-" "Mozilla/5.0 (Linux; Android 6.0.1; Nexus 5X Build/MMB29P) AppleWebKit/537.36 (KHTML, like Gecko) Chrome/140.0.7339.207 Mobile Safari/537.36 (compatible; Googlebot/2.1; +http://www.google.com/bot.html)" 606 **0/606474**
66.249.79.224 - - [30/Sep/2025:05:48:47 -0700] "GET /?n=3694591454400&channel=99967a&from=shop.php?hg/ HTTP/1.1" 200 23219 "-" "Mozilla/5.0 (Linux; Android 6.0.1; Nexus 5X Build/MMB29P) AppleWebKit/537.36 (KHTML, like Gecko) Chrome/140.0.7339.207 Mobile Safari/537.36 (compatible; GoogleOther)" 600 **0/600611**
65.108.78.33 - - [30/Sep/2025:05:48:47 -0700] "GET /spin-casino-online-347/feed/?path=/home/ykk9qst4f1zf/public_html/limpio HTTP/1.1" 200 2316 "-" "Mozilla/5.0 (compatible; MJ12bot/v1.4.8; http://mj12bot.com/)" 654 **0/654887**
66.249.79.67 - - [30/Sep/2025:05:48:47 -0700] "GET /?n=5709379732201&channel=108b60&from=shop.php?shop/pg/1AvailableInfo/ HTTP/1.1" 200 21870 "-" "Mozilla/5.0 (Linux; Android 6.0.1; Nexus 5X Build/MMB29P) AppleWebKit/537.36 (KHTML, like Gecko) Chrome/140.0.7339.207 Mobile Safari/537.36 (compatible; Googlebot/2.1; +http://www.google.com/bot.html)" 387 **0/387951**
66.249.79.224 - - [30/Sep/2025:05:48:48 -0700] "GET /?n=203209630104&channel=0ed699&from=form.php?shop/pg/1AgreementInfo/ HTTP/1.1" 200 22543 "-" "Mozilla/5.0 (Linux; Android 6.0.1; Nexus 5X Build/MMB29P) AppleWebKit/537.36 (KHTML, like Gecko) Chrome/140.0.7339.207 Mobile Safari/537.36 (compatible; GoogleOther)" 334 **0/334308**
84.17.46.208 - - [30/Sep/2025:05:48:48 -0700] "GET /wp-json/wp/v2/pages HTTP/1.1" 200 4913 "-" "python-requests/2.32.3" 239 **0/239814**
84.17.46.208 - - [30/Sep/2025:05:48:49 -0700] "GET /wp-json/wp/v2/settings HTTP/1.1" 200 4913 "-" "python-requests/2.32.3" 216 **0/216728**
66.249.79.224 - - [30/Sep/2025:05:48:50 -0700] "GET /?n=87023195994610&channel=1b6500&from=news.php?shop/pg/1sancyoku/ HTTP/1.1" 200 22538 "-" "Mozilla/5.0 (Linux; Android 6.0.1; Nexus 5X Build/MMB29P) AppleWebKit/537.36 (KHTML, like Gecko) Chrome/140.0.7339.207 Mobile Safari/537.36 (compatible; GoogleOther)" 368 **0/368930**
66.249.79.67 - - [30/Sep/2025:05:48:51 -0700] "GET /special1959913184?kg=1957388299 HTTP/1.1" 200 22785 "-" "Mozilla/5.0 (Linux; Android 6.0.1; Nexus 5X Build/MMB29P) AppleWebKit/537.36 (KHTML, like Gecko) Chrome/140.0.7339.207 Mobile Safari/537.36 (compatible; GoogleOther)" 278 **0/278742**
65.108.78.33 - - [30/Sep/2025:05:48:52 -0700] "GET /spin-casino-online-347/feed/?path=/home/ykk9qst4f1zf/public_html/wp-admin HTTP/1.1" 200 5357 "-" "Mozilla/5.0 (compatible; MJ12bot/v1.4.8; http://mj12bot.com/)" 177 **0/177961**
66.249.79.68 - - [30/Sep/2025:05:48:53 -0700] "GET /?n=35291113100302&channel=188257&from=goods.php?shop/customer/menu.aspx HTTP/1.1" 200 21632 "-" "Mozilla/5.0 (Linux; Android 6.0.1; Nexus 5X Build/MMB29P) AppleWebKit/537.36 (KHTML, like Gecko) Chrome/140.0.7339.207 Mobile Safari/537.36 (compatible; GoogleOther)" 329 **0/329359**
66.249.79.226 - - [30/Sep/2025:05:48:54 -0700] "GET /?n=9429715308202&channel=db04c3&from=jp.php?shop/pg/1005022001/ HTTP/1.1" 200 22206 "-" "Mozilla/5.0 (Linux; Android 6.0.1; Nexus 5X Build/MMB29P) AppleWebKit/537.36 (KHTML, like Gecko) Chrome/140.0.7339.207 Mobile Safari/537.36 (compatible; GoogleOther)" 279 **0/279805**
66.249.79.226 - - [30/Sep/2025:05:48:55 -0700] "GET /special2193803200?kg=2190976911 HTTP/1.1" 200 21870 "-" "Mozilla/5.0 (Linux; Android 6.0.1; Nexus 5X Build/MMB29P) AppleWebKit/537.36 (KHTML, like Gecko) Chrome/140.0.7339.207 Mobile Safari/537.36 (compatible; Googlebot/2.1; +http://www.google.com/bot.html)" 428 **0/428746**
66.249.79.67 - - [30/Sep/2025:05:48:55 -0700] "GET /?n=93937181656005&channel=dfe9e9&from=shared.php?shop/customer/entry.aspx HTTP/1.1" 200 23380 "-" "Mozilla/5.0 (Linux; Android 6.0.1; Nexus 5X Build/MMB29P) AppleWebKit/537.36 (KHTML, like Gecko) Chrome/140.0.7339.207 Mobile Safari/537.36 (compatible; GoogleOther)" 310 **0/310050**
65.108.78.33 - - [30/Sep/2025:05:48:56 -0700] "GET /spin-casino-online-347/feed/?path=/home/ykk9qst4f1zf/public_html/wp-content HTTP/1.1" 200 2967 "-" "Mozilla/5.0 (compatible; MJ12bot/v1.4.8; http://mj12bot.com/)" 132 **0/132480**
66.249.79.69 - - [30/Sep/2025:05:48:57 -0700] "GET /?n=97000179124901&channel=334586&from=info.php?shop/pg/1AvailableInfo/ HTTP/1.1" 200 21867 "-" "Mozilla/5.0 (Linux; Android 6.0.1; Nexus 5X Build/MMB29P) AppleWebKit/537.36 (KHTML, like Gecko) Chrome/140.0.7339.207 Mobile Safari/537.36 (compatible; GoogleOther)" 274 **0/274434**
66.249.79.225 - - [30/Sep/2025:05:48:58 -0700] "GET /?n=9185553315200&channel=cfdb79&from=jp.php?shop/pg/1AgreementInfo/ HTTP/1.1" 200 22535 "-" "Mozilla/5.0 (Linux; Android 6.0.1; Nexus 5X Build/MMB29P) AppleWebKit/537.36 (KHTML, like Gecko) Chrome/140.0.7339.207 Mobile Safari/537.36 (compatible; GoogleOther)" 351 **0/351501**
65.108.78.33 - - [30/Sep/2025:05:49:00 -0700] "GET /spin-casino-ontario-5/feed/?fileloc=/home/ykk9qst4f1zf/public_html/.ht35hvrbjv27eogc4w0ko04s004.data&path=/home/ykk9qst4f1zf/public_html HTTP/1.1" 200 1602 "-" "Mozilla/5.0 (compatible; MJ12bot/v1.4.8; http://mj12bot.com/)" 384 **0/384878**
